{"id":1133,"date":"2021-01-07T07:00:44","date_gmt":"2021-01-07T07:00:44","guid":{"rendered":"https:\/\/thucphamtienloi.com\/?post_type=product&#038;p=1133"},"modified":"2025-10-19T16:14:49","modified_gmt":"2025-10-19T16:14:49","slug":"ga-choi-lam-sach","status":"publish","type":"product","link":"https:\/\/thucphamtienloi.com\/?product=ga-choi-lam-sach","title":{"rendered":"G\u00e0 Ch\u1ecdi L\u00e0m S\u1ea1ch"},"content":{"rendered":"<div><b>G\u00e0 ch\u1ecdi l\u00e0m s\u1ea1ch<\/b> l\u00e0 m\u1ed9t s\u1ea3n ph\u1ea9m m\u1edbi t\u1ea1i c\u1eeda h\u00e0ng <strong><a href=\"https:\/\/thucphamtienloi.com\/\" target=\"_blank\" rel=\"noopener noreferrer\">Th\u1ef1c Ph\u1ea9m Ti\u1ec7n L\u1ee3<\/a><\/strong>i. Ch\u00fang t\u00f4i ph\u1ee5c v\u1ee5 theo \u0111\u01a1n \u0111\u1eb7t h\u00e0ng v\u00e0 giao t\u1eadn nh\u00e0 trong n\u1ed9i th\u00e0nh H\u00e0 N\u1ed9i v\u00e0 S\u00e0i G\u00f2n theo y\u00eau c\u1ea7u c\u1ee7a qu\u00fd kh\u00e1ch. Hotline \u0111\u1eb7t h\u00e0ng <strong class=\"uppercase\">0987.506.349<\/strong><\/div>\n<p>Ch\u1ecdi g\u00e0\u00a0t\u1eeb l\u00e2u \u0111\u00e3 l\u00e0 th\u00fa vui ti\u00eau khi\u1ec3n v\u00e0 tr\u1edf th\u00e0nh m\u1ed9t n\u00e9t v\u0103n h\u00f3a c\u1ee7a ng\u01b0\u1eddi Vi\u1ec7t. Nu\u00f4i g\u00e0 ch\u1ecdi c\u0169ng l\u1eafm c\u00f4ng phu, t\u1eeb vi\u1ec7c ch\u1ecdn gi\u1ed1ng \u0111\u1ebfn d\u01b0\u1ee1ng, t\u1eadp th\u1ec3 d\u1ee5c, xoa b\u00f3p cho g\u00e0 h\u00e0ng ng\u00e0y\u2026 \u0111\u1ec1u ph\u1ea3i ch\u00fa tr\u1ecdng. Do \u0111\u00f3, th\u1ecbt c\u1ee7a g\u00e0 c\u0169ng s\u0103n ch\u1eafc, gi\u00f2n r\u1ee5m, to\u00e0n c\u01a1 m\u00e0 hi\u1ebfm c\u00f3 m\u1ee1. G\u00e0 n\u00e0y \u0111em h\u1ea7m v\u1edbi s\u1ea3 l\u00e0m m\u00f3n l\u1ea9u \u0103n k\u00e8m b\u00fan v\u00e0 nhi\u1ec1u lo\u1ea1i rau t\u01b0\u01a1i th\u00ec cam \u0111oan, ch\u1ec9 c\u00f3 \u201cng\u1ea5t\u201d v\u00ec ngon.<\/p>\n<h2><strong><img loading=\"lazy\" decoding=\"async\" class=\"alignundefined wp-image-1135 aligncenter\" src=\"https:\/\/thucphamtienloi.com\/wp-content\/uploads\/2021\/01\/ga-choi.jpg\" alt=\"ga-choi\" width=\"800\" height=\"533\" srcset=\"https:\/\/thucphamtienloi.com\/wp-content\/uploads\/2021\/01\/ga-choi.jpg 512w, https:\/\/thucphamtienloi.com\/wp-content\/uploads\/2021\/01\/ga-choi-510x340.jpg 510w\" sizes=\"auto, (max-width: 800px) 100vw, 800px\" \/><\/strong><\/h2>\n<p>Tr\u1ecdng l\u01b0\u1ee3ng m\u1ed7i ch\u00fa g\u00e0 ch\u1ecdi kho\u1ea3ng 2.5 -3kg tr\u1edf l\u00ean, \u0111\u1ea3m b\u1ea3o 100% kh\u00f4ng nu\u00f4i b\u1eb1ng c\u00e1c lo\u1ea1i c\u00e1m t\u0103ng tr\u1ecdng n\u00ean th\u1ecbt r\u1ea5t th\u01a1m ngon v\u00e0 ng\u1ecdt.C\u00e1c b\u1ea1n c\u00f3 th\u1ec3 ho\u00e0n to\u00e0n y\u00ean t\u00e2m v\u1ec1 ch\u1ea5t l\u01b0\u1ee3ng.<\/p>\n<h2><strong>H\u01b0\u1edbng d\u1eabn ch\u1ebf bi\u1ebfn g\u00e0 ch\u1ecdi<\/strong><\/h2>\n<p>Nh\u01b0 \u0111\u00e3 n\u00f3i \u1edf tr\u00ean ngon nh\u1ea5t l\u00e0 l\u00e0m m\u00f3n\u00a0<strong>g\u00e0 ch\u1ecdi h\u1ea7m s\u1ea3<\/strong>!N\u1ebfu \u0111em g\u00e0 ch\u1ecdi \u0111i n\u1ea5u ch\u00e1o, x\u00e9 phay tr\u1ed9n g\u1ecfi, r\u00f4ti, n\u1ea5u c\u00e0 ri hay kho g\u1eebng&#8230; nh\u01b0 g\u00e0 th\u1ea3 v\u01b0\u1eddn th\u00ec s\u1ebd r\u1ea5t ph\u00ed.\u00a0<\/p>\n<p>Nh\u1eefng con g\u00e0 ch\u1ecdi sau khi b\u1ecb lo\u1ea1i kh\u1ecfi c\u00e1c s\u1edbi g\u00e0 \u0111\u01b0\u1ee3c nh\u1ed5 l\u00f4ng l\u00e0m s\u1ea1ch. Kh\u00e9o tay ch\u1eb7t g\u00e0 ra t\u1eebng mi\u1ebfng c\u1ee1 ba ng\u00f3n tay sao cho \u0111\u1ee7 ba th\u00e0nh ph\u1ea7n l\u00e0 da, th\u1ecbt v\u00e0 x\u01b0\u01a1ng, sau \u0111\u00f3 \u0111\u1ec3 trong r\u1ed5 th\u01b0a cho r\u00e1o n\u01b0\u1edbc.<\/p>\n<p>Cho ch\u1eebng m\u1ed9t mu\u1ed7ng canh m\u1ee1 heo v\u00e0o ch\u1ea3o, kh\u1eed s\u1ea3 v\u00e0 t\u1ecfi cho th\u01a1m. \u0110\u1ed5 th\u1ecbt g\u00e0 v\u00e0o, x\u00e0o ch\u1eebng 10 ph\u00fat v\u1eeba r\u00e1o ch\u1ea3o. Cho n\u01b0\u1edbc d\u1eeba t\u01b0\u01a1i v\u00e0o sao cho ng\u1eadp th\u1ecbt \u0111\u1ed9 15cm, k\u1ebf \u0111\u1ebfn \u0111un l\u1eeda th\u1eadt l\u1edbn \u0111\u1ec3 s\u00f4i gi\u00e0 n\u01b0\u1edbc, sau \u0111\u00f3 chuy\u1ec3n sang \u0111un l\u1eeda nh\u1ecf \u0111\u1ec3 h\u1ea7m.<\/p>\n<h2><strong><img loading=\"lazy\" decoding=\"async\" class=\"aligncenter wp-image-1136\" src=\"https:\/\/thucphamtienloi.com\/wp-content\/uploads\/2021\/01\/ga_choi_ham_sa-683x400.jpg\" alt=\"ga-choi-ham-sa-ot\" width=\"800\" height=\"469\" srcset=\"https:\/\/thucphamtienloi.com\/wp-content\/uploads\/2021\/01\/ga_choi_ham_sa-683x400.jpg 683w, https:\/\/thucphamtienloi.com\/wp-content\/uploads\/2021\/01\/ga_choi_ham_sa-510x299.jpg 510w, https:\/\/thucphamtienloi.com\/wp-content\/uploads\/2021\/01\/ga_choi_ham_sa-1365x800.jpg 1365w, https:\/\/thucphamtienloi.com\/wp-content\/uploads\/2021\/01\/ga_choi_ham_sa-768x450.jpg 768w, https:\/\/thucphamtienloi.com\/wp-content\/uploads\/2021\/01\/ga_choi_ham_sa-600x352.jpg 600w, https:\/\/thucphamtienloi.com\/wp-content\/uploads\/2021\/01\/ga_choi_ham_sa.jpg 1536w\" sizes=\"auto, (max-width: 800px) 100vw, 800px\" \/><\/strong><\/h2>\n<p>L\u00fac g\u1ea7n ch\u00edn cho th\u00eam m\u1ed9t \u00edt \u0111\u1eadu ph\u1ed9ng s\u1ed1ng, c\u1ee7 c\u1ea3i tr\u1eafng x\u1eaft khoanh, k\u00e8m theo v\u00e0i g\u1ed1c s\u1ea3 \u0111\u1eadp gi\u1eadp v\u00e0 v\u00e0i mu\u1ed7ng canh s\u1ea3 b\u1eb1m nhuy\u1ec5n. Sau c\u00f9ng n\u00eam n\u1ebfm mu\u1ed1i, n\u01b0\u1edbc m\u1eafm, b\u1ed9t ng\u1ecdt, \u0111\u01b0\u1eddng v\u00e0 m\u1ed9t \u00edt ti\u00eau.<\/p>\n<p>H\u01b0\u01a1ng th\u01a1m ng\u00e0o ng\u1ea1t c\u1ee7a s\u1ea3 t\u1eeb n\u1ed3i l\u1ea9u b\u1ed1c l\u00ean l\u00e0m cho b\u1ea1n ng\u1ea5t ng\u00e2y v\u00e0 \u0111\u00f3i b\u1ee5ng c\u1ed3n c\u00e0o.<\/p>\n<p>C\u00f3 th\u1ec3 \u0103n l\u1ea9u g\u00e0 \u0111\u00e1 h\u1ea7m s\u1ea3 v\u1edbi b\u00fan, m\u00ec t\u01b0\u01a1i, c\u00f9ng c\u00e1c lo\u1ea1i rau v\u01b0\u1eddn nh\u01b0 m\u1ed3ng t\u01a1i, c\u00f9 n\u00e8o, c\u1ea3i xanh, t\u1ea7n \u00f4&#8230; Th\u1ecbt g\u00e0 \u0111\u00e1 h\u1ea7m s\u1ea3 s\u1ebd r\u1ea5t tuy\u1ec7t v\u1eddi khi \u0111\u01b0\u1ee3c ch\u1ea5m mu\u1ed1i \u1edbt ho\u1eb7c n\u01b0\u1edbc m\u1eafm y v\u1edbi s\u1ea3 b\u1eb1m.<\/p>\n<h2><strong>\u0110\u1ecba ch\u1ec9 mua G\u00e0 Ch\u1ecdi t\u1ea1i H\u00e0 N\u1ed9i v\u00e0 Tp HCM<\/strong><\/h2>\n<p>N\u1ebfu mu\u1ed1n mua\u00a0<strong>g\u00e0 ch\u1ecdi l\u00e0m s\u1ea1ch\u00a0<\/strong>c\u00e1c b\u1ea1n n\u00ean t\u1edbi c\u1eeda h\u00e0ng uy t\u00edn \u0111\u1ec3 tr\u00e1nh mua ph\u1ea3i h\u00e0ng k\u00e9m ch\u1ea5t l\u01b0\u1ee3ng,kh\u00f4ng \u0111\u1ea3m b\u1ea3o v\u1ec7 sinh an to\u00e0n. <strong>Th\u1ef1c Ph\u1ea9m Ti\u1ec7n L\u1ee3i<\/strong>\u00a0b\u00e1n\u00a0<strong>g\u00e0 ch\u1ecdi l\u00e0m s\u1ea1ch<\/strong>\u00a0chu\u1ea9n nh\u1ea5t.<\/p>\n<p><strong>Hotline\/Zalo:<\/strong>\u00a0<strong>0987.506.349<\/strong><\/p>\n<p><strong>\u0110\u1ecba ch\u1ec9 c\u1eeda h\u00e0ng :\u00a0<\/strong><\/p>\n<p><strong>T\u1ea1i S\u00e0i G\u00f2n:<\/strong>\u00a0184\/17 Nguy\u1ec5n Ph\u00fac Chu, P15, Q. T\u00e2n B\u00ecnh , TP HCM (vui l\u00f2ng g\u1ecdi tr\u01b0\u1edbc khi \u0111\u1ebfn)<br \/>\n<strong>T\u1ea1i H\u00e0 N\u1ed9i : <\/strong>Chung c\u01b0 349, V\u0169 T\u00f4ng Phan, Thanh Xu\u00e2n, H\u00e0 N\u1ed9i (vui l\u00f2ng g\u1ecdi tr\u01b0\u1edbc khi \u0111\u1ebfn)<\/p>\n<p><strong>Facebook:\u00a0<a href=\"https:\/\/www.facebook.com\/thucphamtienloiFB\">TH\u1ef0C PH\u1ea8M TI\u1ec6N L\u1ee2I<\/a><\/strong><\/p>\n","protected":false},"excerpt":{"rendered":"<p><b>G\u00e0 ch\u1ecdi l\u00e0m s\u1ea1ch<\/b> l\u00e0 m\u1ed9t s\u1ea3n ph\u1ea9m m\u1edbi t\u1ea1i c\u1eeda h\u00e0ng <strong><a href=\"https:\/\/thucphamtienloi.com\/\" target=\"_blank\" rel=\"noopener noreferrer\">Th\u1ef1c Ph\u1ea9m Ti\u1ec7n L\u1ee3<\/a><\/strong>i. Ch\u00fang t\u00f4i ph\u1ee5c v\u1ee5 theo \u0111\u01a1n \u0111\u1eb7t h\u00e0ng v\u00e0 giao t\u1eadn nh\u00e0 trong n\u1ed9i th\u00e0nh H\u00e0 N\u1ed9i v\u00e0 S\u00e0i G\u00f2n theo y\u00eau c\u1ea7u c\u1ee7a qu\u00fd kh\u00e1ch. Hotline \u0111\u1eb7t h\u00e0ng <strong class=\"uppercase\">0987.506.349<\/strong><\/p>\n","protected":false},"featured_media":1137,"comment_status":"closed","ping_status":"closed","template":"","meta":[],"product_brand":[],"product_cat":[70,71],"product_tag":[383,384,385,386,387],"class_list":{"0":"post-1133","1":"product","2":"type-product","3":"status-publish","4":"has-post-thumbnail","6":"product_cat-dac-san-mien-nam","7":"product_cat-thuc-pham-tuoi-song","8":"product_tag-ga-choi-lam-sach","9":"product_tag-ga-da-lam-sach","10":"product_tag-ban-ga-choi-tai-ha-noi","11":"product_tag-ban-ga-da-thit-tai-sai-gon","12":"product_tag-ga-da-thit-tai-tphcm","14":"first","15":"instock","16":"shipping-taxable","17":"purchasable","18":"product-type-simple"},"yoast_head":"<!-- This site is optimized with the Yoast SEO plugin v27.4 - https:\/\/yoast.com\/product\/yoast-seo-wordpress\/ -->\n<title>G\u00e0 Ch\u1ecdi L\u00e0m S\u1ea1ch - 250k<\/title>\n<meta name=\"description\" content=\"G\u00e0 ch\u1ecdi l\u00e0m s\u1ea1ch l\u00e0 m\u1ed9t s\u1ea3n ph\u1ea9m m\u1edbi t\u1ea1i c\u1eeda h\u00e0ng Th\u1ef1c Ph\u1ea9m Ti\u1ec7n L\u1ee3i. Ch\u00fang t\u00f4i ph\u1ee5c v\u1ee5 giao t\u1eadn nh\u00e0 Hotline \u0111\u1eb7t h\u00e0ng 0987.506.349\" \/>\n<meta name=\"robots\" content=\"index, follow, max-snippet:-1, max-image-preview:large, max-video-preview:-1\" \/>\n<link rel=\"canonical\" href=\"https:\/\/thucphamtienloi.com\/?product=ga-choi-lam-sach\" \/>\n<meta property=\"og:locale\" content=\"vi_VN\" \/>\n<meta property=\"og:type\" content=\"article\" \/>\n<meta property=\"og:title\" content=\"G\u00e0 Ch\u1ecdi L\u00e0m S\u1ea1ch - 250k\" \/>\n<meta property=\"og:description\" content=\"G\u00e0 ch\u1ecdi l\u00e0m s\u1ea1ch l\u00e0 m\u1ed9t s\u1ea3n ph\u1ea9m m\u1edbi t\u1ea1i c\u1eeda h\u00e0ng Th\u1ef1c Ph\u1ea9m Ti\u1ec7n L\u1ee3i. Ch\u00fang t\u00f4i ph\u1ee5c v\u1ee5 giao t\u1eadn nh\u00e0 Hotline \u0111\u1eb7t h\u00e0ng 0987.506.349\" \/>\n<meta property=\"og:url\" content=\"https:\/\/thucphamtienloi.com\/?product=ga-choi-lam-sach\" \/>\n<meta property=\"og:site_name\" content=\"\u1ea8M TH\u1ef0C BA MI\u1ec0N\" \/>\n<meta property=\"article:modified_time\" content=\"2025-10-19T16:14:49+00:00\" \/>\n<meta property=\"og:image\" content=\"https:\/\/thucphamtienloi.com\/wp-content\/uploads\/2021\/01\/ga_choi_lam_sach.png\" \/>\n\t<meta property=\"og:image:width\" content=\"623\" \/>\n\t<meta property=\"og:image:height\" content=\"414\" \/>\n\t<meta property=\"og:image:type\" content=\"image\/png\" \/>\n<meta name=\"twitter:card\" content=\"summary_large_image\" \/>\n<meta name=\"twitter:label1\" content=\"\u01af\u1edbc t\u00ednh th\u1eddi gian \u0111\u1ecdc\" \/>\n\t<meta name=\"twitter:data1\" content=\"4 ph\u00fat\" \/>\n<script type=\"application\/ld+json\" class=\"yoast-schema-graph\">{\"@context\":\"https:\\\/\\\/schema.org\",\"@graph\":[{\"@type\":[\"WebPage\",\"ItemPage\"],\"@id\":\"https:\\\/\\\/thucphamtienloi.com\\\/?product=ga-choi-lam-sach\",\"url\":\"https:\\\/\\\/thucphamtienloi.com\\\/?product=ga-choi-lam-sach\",\"name\":\"G\u00e0 Ch\u1ecdi L\u00e0m S\u1ea1ch - 250k\",\"isPartOf\":{\"@id\":\"https:\\\/\\\/thucphamtienloi.com\\\/#website\"},\"primaryImageOfPage\":{\"@id\":\"https:\\\/\\\/thucphamtienloi.com\\\/?product=ga-choi-lam-sach#primaryimage\"},\"image\":{\"@id\":\"https:\\\/\\\/thucphamtienloi.com\\\/?product=ga-choi-lam-sach#primaryimage\"},\"thumbnailUrl\":\"https:\\\/\\\/thucphamtienloi.com\\\/wp-content\\\/uploads\\\/2021\\\/01\\\/ga_choi_lam_sach.png\",\"datePublished\":\"2021-01-07T07:00:44+00:00\",\"dateModified\":\"2025-10-19T16:14:49+00:00\",\"description\":\"G\u00e0 ch\u1ecdi l\u00e0m s\u1ea1ch l\u00e0 m\u1ed9t s\u1ea3n ph\u1ea9m m\u1edbi t\u1ea1i c\u1eeda h\u00e0ng Th\u1ef1c Ph\u1ea9m Ti\u1ec7n L\u1ee3i. Ch\u00fang t\u00f4i ph\u1ee5c v\u1ee5 giao t\u1eadn nh\u00e0 Hotline \u0111\u1eb7t h\u00e0ng 0987.506.349\",\"breadcrumb\":{\"@id\":\"https:\\\/\\\/thucphamtienloi.com\\\/?product=ga-choi-lam-sach#breadcrumb\"},\"inLanguage\":\"vi\",\"potentialAction\":[{\"@type\":\"ReadAction\",\"target\":[\"https:\\\/\\\/thucphamtienloi.com\\\/?product=ga-choi-lam-sach\"]}]},{\"@type\":\"ImageObject\",\"inLanguage\":\"vi\",\"@id\":\"https:\\\/\\\/thucphamtienloi.com\\\/?product=ga-choi-lam-sach#primaryimage\",\"url\":\"https:\\\/\\\/thucphamtienloi.com\\\/wp-content\\\/uploads\\\/2021\\\/01\\\/ga_choi_lam_sach.png\",\"contentUrl\":\"https:\\\/\\\/thucphamtienloi.com\\\/wp-content\\\/uploads\\\/2021\\\/01\\\/ga_choi_lam_sach.png\",\"width\":623,\"height\":414,\"caption\":\"G\u00e0 Ch\u1ecdi L\u00e0m S\u1ea1ch\"},{\"@type\":\"BreadcrumbList\",\"@id\":\"https:\\\/\\\/thucphamtienloi.com\\\/?product=ga-choi-lam-sach#breadcrumb\",\"itemListElement\":[{\"@type\":\"ListItem\",\"position\":1,\"name\":\"Trang ch\u1ee7\",\"item\":\"https:\\\/\\\/thucphamtienloi.com\\\/\"},{\"@type\":\"ListItem\",\"position\":2,\"name\":\"C\u1eeda H\u00e0ng\",\"item\":\"https:\\\/\\\/thucphamtienloi.com\\\/?page_id=3334\"},{\"@type\":\"ListItem\",\"position\":3,\"name\":\"Th\u1ef1c Ph\u1ea9m T\u01b0\u01a1i S\u1ed1ng\",\"item\":\"https:\\\/\\\/thucphamtienloi.com\\\/danh-muc-san-pham\\\/thuc-pham-tuoi-song\\\/\"},{\"@type\":\"ListItem\",\"position\":4,\"name\":\"G\u00e0 Ch\u1ecdi L\u00e0m S\u1ea1ch\"}]},{\"@type\":\"WebSite\",\"@id\":\"https:\\\/\\\/thucphamtienloi.com\\\/#website\",\"url\":\"https:\\\/\\\/thucphamtienloi.com\\\/\",\"name\":\"Th\u1ef1c ph\u1ea9m ti\u1ec7n l\u1ee3i\",\"description\":\"\u1ea8m Th\u1ef1c Qu\u00ea H\u01b0\u01a1ng\",\"publisher\":{\"@id\":\"https:\\\/\\\/thucphamtienloi.com\\\/#organization\"},\"potentialAction\":[{\"@type\":\"SearchAction\",\"target\":{\"@type\":\"EntryPoint\",\"urlTemplate\":\"https:\\\/\\\/thucphamtienloi.com\\\/?s={search_term_string}\"},\"query-input\":{\"@type\":\"PropertyValueSpecification\",\"valueRequired\":true,\"valueName\":\"search_term_string\"}}],\"inLanguage\":\"vi\"},{\"@type\":\"Organization\",\"@id\":\"https:\\\/\\\/thucphamtienloi.com\\\/#organization\",\"name\":\"Th\u1ef1c ph\u1ea9m ti\u1ec7n l\u1ee3i\",\"url\":\"https:\\\/\\\/thucphamtienloi.com\\\/\",\"logo\":{\"@type\":\"ImageObject\",\"inLanguage\":\"vi\",\"@id\":\"https:\\\/\\\/thucphamtienloi.com\\\/#\\\/schema\\\/logo\\\/image\\\/\",\"url\":\"https:\\\/\\\/thucphamtienloi.com\\\/wp-content\\\/uploads\\\/2022\\\/07\\\/THU\u031b\u0323C-PHA\u0302\u0309M-TIE\u0323\u0302N-LO\u031b\u0323I.png\",\"contentUrl\":\"https:\\\/\\\/thucphamtienloi.com\\\/wp-content\\\/uploads\\\/2022\\\/07\\\/THU\u031b\u0323C-PHA\u0302\u0309M-TIE\u0323\u0302N-LO\u031b\u0323I.png\",\"width\":1920,\"height\":1080,\"caption\":\"Th\u1ef1c ph\u1ea9m ti\u1ec7n l\u1ee3i\"},\"image\":{\"@id\":\"https:\\\/\\\/thucphamtienloi.com\\\/#\\\/schema\\\/logo\\\/image\\\/\"}}]}<\/script>\n<!-- \/ Yoast SEO plugin. -->","yoast_head_json":{"title":"G\u00e0 Ch\u1ecdi L\u00e0m S\u1ea1ch - 250k","description":"G\u00e0 ch\u1ecdi l\u00e0m s\u1ea1ch l\u00e0 m\u1ed9t s\u1ea3n ph\u1ea9m m\u1edbi t\u1ea1i c\u1eeda h\u00e0ng Th\u1ef1c Ph\u1ea9m Ti\u1ec7n L\u1ee3i. Ch\u00fang t\u00f4i ph\u1ee5c v\u1ee5 giao t\u1eadn nh\u00e0 Hotline \u0111\u1eb7t h\u00e0ng 0987.506.349","robots":{"index":"index","follow":"follow","max-snippet":"max-snippet:-1","max-image-preview":"max-image-preview:large","max-video-preview":"max-video-preview:-1"},"canonical":"https:\/\/thucphamtienloi.com\/?product=ga-choi-lam-sach","og_locale":"vi_VN","og_type":"article","og_title":"G\u00e0 Ch\u1ecdi L\u00e0m S\u1ea1ch - 250k","og_description":"G\u00e0 ch\u1ecdi l\u00e0m s\u1ea1ch l\u00e0 m\u1ed9t s\u1ea3n ph\u1ea9m m\u1edbi t\u1ea1i c\u1eeda h\u00e0ng Th\u1ef1c Ph\u1ea9m Ti\u1ec7n L\u1ee3i. Ch\u00fang t\u00f4i ph\u1ee5c v\u1ee5 giao t\u1eadn nh\u00e0 Hotline \u0111\u1eb7t h\u00e0ng 0987.506.349","og_url":"https:\/\/thucphamtienloi.com\/?product=ga-choi-lam-sach","og_site_name":"\u1ea8M TH\u1ef0C BA MI\u1ec0N","article_modified_time":"2025-10-19T16:14:49+00:00","og_image":[{"width":623,"height":414,"url":"https:\/\/thucphamtienloi.com\/wp-content\/uploads\/2021\/01\/ga_choi_lam_sach.png","type":"image\/png"}],"twitter_card":"summary_large_image","twitter_misc":{"\u01af\u1edbc t\u00ednh th\u1eddi gian \u0111\u1ecdc":"4 ph\u00fat"},"schema":{"@context":"https:\/\/schema.org","@graph":[{"@type":["WebPage","ItemPage"],"@id":"https:\/\/thucphamtienloi.com\/?product=ga-choi-lam-sach","url":"https:\/\/thucphamtienloi.com\/?product=ga-choi-lam-sach","name":"G\u00e0 Ch\u1ecdi L\u00e0m S\u1ea1ch - 250k","isPartOf":{"@id":"https:\/\/thucphamtienloi.com\/#website"},"primaryImageOfPage":{"@id":"https:\/\/thucphamtienloi.com\/?product=ga-choi-lam-sach#primaryimage"},"image":{"@id":"https:\/\/thucphamtienloi.com\/?product=ga-choi-lam-sach#primaryimage"},"thumbnailUrl":"https:\/\/thucphamtienloi.com\/wp-content\/uploads\/2021\/01\/ga_choi_lam_sach.png","datePublished":"2021-01-07T07:00:44+00:00","dateModified":"2025-10-19T16:14:49+00:00","description":"G\u00e0 ch\u1ecdi l\u00e0m s\u1ea1ch l\u00e0 m\u1ed9t s\u1ea3n ph\u1ea9m m\u1edbi t\u1ea1i c\u1eeda h\u00e0ng Th\u1ef1c Ph\u1ea9m Ti\u1ec7n L\u1ee3i. Ch\u00fang t\u00f4i ph\u1ee5c v\u1ee5 giao t\u1eadn nh\u00e0 Hotline \u0111\u1eb7t h\u00e0ng 0987.506.349","breadcrumb":{"@id":"https:\/\/thucphamtienloi.com\/?product=ga-choi-lam-sach#breadcrumb"},"inLanguage":"vi","potentialAction":[{"@type":"ReadAction","target":["https:\/\/thucphamtienloi.com\/?product=ga-choi-lam-sach"]}]},{"@type":"ImageObject","inLanguage":"vi","@id":"https:\/\/thucphamtienloi.com\/?product=ga-choi-lam-sach#primaryimage","url":"https:\/\/thucphamtienloi.com\/wp-content\/uploads\/2021\/01\/ga_choi_lam_sach.png","contentUrl":"https:\/\/thucphamtienloi.com\/wp-content\/uploads\/2021\/01\/ga_choi_lam_sach.png","width":623,"height":414,"caption":"G\u00e0 Ch\u1ecdi L\u00e0m S\u1ea1ch"},{"@type":"BreadcrumbList","@id":"https:\/\/thucphamtienloi.com\/?product=ga-choi-lam-sach#breadcrumb","itemListElement":[{"@type":"ListItem","position":1,"name":"Trang ch\u1ee7","item":"https:\/\/thucphamtienloi.com\/"},{"@type":"ListItem","position":2,"name":"C\u1eeda H\u00e0ng","item":"https:\/\/thucphamtienloi.com\/?page_id=3334"},{"@type":"ListItem","position":3,"name":"Th\u1ef1c Ph\u1ea9m T\u01b0\u01a1i S\u1ed1ng","item":"https:\/\/thucphamtienloi.com\/danh-muc-san-pham\/thuc-pham-tuoi-song\/"},{"@type":"ListItem","position":4,"name":"G\u00e0 Ch\u1ecdi L\u00e0m S\u1ea1ch"}]},{"@type":"WebSite","@id":"https:\/\/thucphamtienloi.com\/#website","url":"https:\/\/thucphamtienloi.com\/","name":"Th\u1ef1c ph\u1ea9m ti\u1ec7n l\u1ee3i","description":"\u1ea8m Th\u1ef1c Qu\u00ea H\u01b0\u01a1ng","publisher":{"@id":"https:\/\/thucphamtienloi.com\/#organization"},"potentialAction":[{"@type":"SearchAction","target":{"@type":"EntryPoint","urlTemplate":"https:\/\/thucphamtienloi.com\/?s={search_term_string}"},"query-input":{"@type":"PropertyValueSpecification","valueRequired":true,"valueName":"search_term_string"}}],"inLanguage":"vi"},{"@type":"Organization","@id":"https:\/\/thucphamtienloi.com\/#organization","name":"Th\u1ef1c ph\u1ea9m ti\u1ec7n l\u1ee3i","url":"https:\/\/thucphamtienloi.com\/","logo":{"@type":"ImageObject","inLanguage":"vi","@id":"https:\/\/thucphamtienloi.com\/#\/schema\/logo\/image\/","url":"https:\/\/thucphamtienloi.com\/wp-content\/uploads\/2022\/07\/THU\u031b\u0323C-PHA\u0302\u0309M-TIE\u0323\u0302N-LO\u031b\u0323I.png","contentUrl":"https:\/\/thucphamtienloi.com\/wp-content\/uploads\/2022\/07\/THU\u031b\u0323C-PHA\u0302\u0309M-TIE\u0323\u0302N-LO\u031b\u0323I.png","width":1920,"height":1080,"caption":"Th\u1ef1c ph\u1ea9m ti\u1ec7n l\u1ee3i"},"image":{"@id":"https:\/\/thucphamtienloi.com\/#\/schema\/logo\/image\/"}}]}},"_links":{"self":[{"href":"https:\/\/thucphamtienloi.com\/index.php?rest_route=\/wp\/v2\/product\/1133","targetHints":{"allow":["GET"]}}],"collection":[{"href":"https:\/\/thucphamtienloi.com\/index.php?rest_route=\/wp\/v2\/product"}],"about":[{"href":"https:\/\/thucphamtienloi.com\/index.php?rest_route=\/wp\/v2\/types\/product"}],"replies":[{"embeddable":true,"href":"https:\/\/thucphamtienloi.com\/index.php?rest_route=%2Fwp%2Fv2%2Fcomments&post=1133"}],"wp:featuredmedia":[{"embeddable":true,"href":"https:\/\/thucphamtienloi.com\/index.php?rest_route=\/wp\/v2\/media\/1137"}],"wp:attachment":[{"href":"https:\/\/thucphamtienloi.com\/index.php?rest_route=%2Fwp%2Fv2%2Fmedia&parent=1133"}],"wp:term":[{"taxonomy":"product_brand","embeddable":true,"href":"https:\/\/thucphamtienloi.com\/index.php?rest_route=%2Fwp%2Fv2%2Fproduct_brand&post=1133"},{"taxonomy":"product_cat","embeddable":true,"href":"https:\/\/thucphamtienloi.com\/index.php?rest_route=%2Fwp%2Fv2%2Fproduct_cat&post=1133"},{"taxonomy":"product_tag","embeddable":true,"href":"https:\/\/thucphamtienloi.com\/index.php?rest_route=%2Fwp%2Fv2%2Fproduct_tag&post=1133"}],"curies":[{"name":"wp","href":"https:\/\/api.w.org\/{rel}","templated":true}]}}