{"id":1171,"date":"2021-02-07T01:18:31","date_gmt":"2021-02-07T01:18:31","guid":{"rendered":"https:\/\/thucphamtienloi.com\/?post_type=product&#038;p=1171"},"modified":"2025-10-19T16:14:46","modified_gmt":"2025-10-19T16:14:46","slug":"thit-nai-kho","status":"publish","type":"product","link":"https:\/\/thucphamtienloi.com\/?product=thit-nai-kho","title":{"rendered":"\u0110\u1eb7c S\u1ea3n Th\u1ecbt Nai Kh\u00f4"},"content":{"rendered":"<p><b>Th\u1ecbt Nai Kh\u00f4 <\/b>l\u00e0 m\u00f3n \u0103n n\u1ed5i ti\u1ebfng c\u1ee7a v\u00f9ng T\u00e2y Nguy\u00ean v\u00e0 T\u00e2y B\u1eafc. C\u1eeda h\u00e0ng<a href=\"https:\/\/thucphamtienloi.com\/\" target=\"_blank\" rel=\"noopener noreferrer\"><strong> Th\u1ef1c Ph\u1ea9m Ti\u1ec7n L\u1ee3i<\/strong> <\/a>\u0111ang ph\u00e2n ph\u1ed1i s\u1ea3n ph\u1ea9m n\u00e0y v\u1edbi gi\u00e1 1200k\/kg. B\u1ea1n c\u00f3 th\u1ec3 g\u1ecdi \u0111i\u1ec7n tr\u1ef1c ti\u1ebfp t\u1edbi Hotline : <strong class=\"uppercase\">0987.506.349 <\/strong>\u0111\u1ec3 \u0111\u1eb7t h\u00e0ng<strong class=\"uppercase\">.\u00a0<\/strong>Ho\u1eb7c b\u1ea1n \u0111\u1ebfn c\u1eeda h\u00e0ng t\u1ea1i \u0111\u1ecba ch\u1ec9 184\/17 Nguy\u1ec5n Ph\u00fac Chu &#8211; T\u00e2n B\u00ecnh &#8211; Tp HCM \u0111\u1ec3 mua h\u00e0ng tr\u1ef1c ti\u1ebfp.<\/p>\n<h2><strong>Gi\u1edbi thi\u1ec7u v\u1ec1 kh\u00f4 nai<\/strong><\/h2>\n<p>Kh\u00f4 nai l\u1ea1i \u0111\u01b0\u1ee3c l\u00e0m t\u1eeb nh\u1eefng ngu\u1ed3n nguy\u00ean li\u1ec7u t\u1eeb thi\u00ean nhi\u00ean. Ng\u01b0\u1eddi d\u00e2n ch\u1ebf bi\u1ebfn c\u00e1ch k\u1ef9 l\u01b0\u1ee1ng, v\u00e0 ch\u1ea5t l\u01b0\u1ee3ng. Th\u1ecbt nai kh\u00f4 l\u00e0 m\u00f3n \u0111\u01b0\u1ee3c nhi\u1ec1u ng\u01b0\u1eddi y\u00eau th\u00edch, \u0111\u01b0\u1ee3c l\u00e0m t\u1eeb th\u1ecbt b\u00f2 ngon, ch\u1ebf bi\u1ebfn theo c\u00f4ng ngh\u1ec7 hi\u1ec7n \u0111\u1ea1i mang \u0111\u1ebfn h\u01b0\u01a1ng v\u1ecb \u0111\u1eadm \u0111\u00e0 v\u00e0 h\u1ee3p kh\u1ea9u v\u1ecb nhi\u1ec1u ng\u01b0\u1eddi.<strong>\u00a0<\/strong>Kh\u00f4 nai ch\u1ee9a r\u1ea5t nhi\u1ec1u ch\u1ea5t dinh d\u01b0\u1ee1ng t\u1ed1t cho s\u1ee9c kh\u1ecfe c\u1ee7a t\u1ea5t c\u1ea3 c\u00e1c th\u00e0nh vi\u00ean trong gia \u0111\u00ecnh.<\/p>\n<p><b><img loading=\"lazy\" decoding=\"async\" class=\"aligncenter wp-image-1174\" src=\"https:\/\/thucphamtienloi.com\/wp-content\/uploads\/2021\/02\/kho-nai-300x400.jpg\" alt=\"thit-nai-kho\" width=\"800\" height=\"1067\" srcset=\"https:\/\/thucphamtienloi.com\/wp-content\/uploads\/2021\/02\/kho-nai-300x400.jpg 300w, https:\/\/thucphamtienloi.com\/wp-content\/uploads\/2021\/02\/kho-nai-510x680.jpg 510w, https:\/\/thucphamtienloi.com\/wp-content\/uploads\/2021\/02\/kho-nai-600x800.jpg 600w, https:\/\/thucphamtienloi.com\/wp-content\/uploads\/2021\/02\/kho-nai.jpg 720w\" sizes=\"auto, (max-width: 800px) 100vw, 800px\" \/><\/b><\/p>\n<h2><strong>Quy tr\u00ecnh ch\u1ebf bi\u1ebfn th\u1ecbt nai kh\u00f4<\/strong><\/h2>\n<ul>\n<li>\n<div>Nai kh\u00f4 l\u00e0 m\u00f3n \u0103n lai rai c\u1ef1c k\u1ef3 h\u1ea5p d\u1eabn trong nh\u1eefng ng\u00e0y T\u1ebft c\u1ee7a ng\u01b0\u1eddi vi\u1ec7t, v\u1eeba ngon mi\u1ec7ng, ti\u1ec7n l\u1ee3i, l\u1ea1i ph\u00f9 h\u1ee3p v\u1edbi t\u1ea5t c\u1ea3 m\u1ecdi ng\u01b0\u1eddi<\/div>\n<\/li>\n<li>Mang th\u1ecbt v\u1ec1 r\u1eeda s\u1ea1ch c\u1eaft l\u00e1t m\u1ecfng theo chi\u1ec1u d\u00e0i c\u1ee7a th\u1edb th\u1ecbt, sau \u0111\u00f3 \u01b0\u1edbp th\u1ecbt v\u1edbi c\u00e1c gia v\u1ecb cho v\u1eeba d\u00f9ng, \u0111\u1ee3i m\u1ed9t th\u1eddi gian cho th\u1ecbt th\u1ea5m gia v\u1ecb r\u1ed3i b\u1eaft th\u1ecbt l\u00ean n\u1ed3i \u0111un v\u1edbi ng\u1ecdn l\u1eeda nh\u1ecf, khi \u0111un kh\u00f4ng c\u1ea7n ph\u1ea3i cho th\u00eam n\u01b0\u1edbc v\u00ec th\u1ecbt nai t\u1ef1 ra n\u01b0\u1edbc. Khi th\u1ecbt chuy\u1ec3n sang m\u00e0u n\u00e2u v\u00e0 c\u1ea1n n\u01b0\u1edbc th\u00ec b\u1eaft xu\u1ed1ng, \u0111\u1ec3 ngu\u1ed9i t\u00ed r\u1ed3i d\u00f9ng ch\u00e0y ho\u1eb7c c\u1ed1i gi\u00e3 t\u1eebng mi\u1ebfng th\u1ecbt nai cho m\u1ec1m c\u00f3 th\u1ec3 d\u00f9ng tay x\u00e9 th\u1ecbt \u0111\u01b0\u1ee3c. cu\u1ed1i c\u00f9ng cho th\u1ecbt v\u00e0o ch\u1ea3o \u0111un v\u1edbi l\u1eeda th\u1eadt nh\u1ecf s\u1ea5y cho kh\u00f4 th\u1ecbt l\u00e0 \u0111\u01b0\u1ee3c.\u0110\u1ec3 ngu\u1ed9i l\u00e0 c\u00f3 th\u1ec3 d\u00f9ng \u0111\u01b0\u1ee3c.<\/li>\n<li>\n<div>Nai kh\u00f4 l\u00e0 m\u00f3n \u0103n r\u1ea5t \u0111\u01b0\u1ee3c \u01b0a ch\u1ecdn, t\u01b0\u01a1i ngon, b\u1ed7 d\u01b0\u1ee1ng, kh\u00f4 nai kh\u00f4ng b\u00e9o v\u00ec v\u1eady c\u00e1c ch\u1ecb em c\u1ee9 th\u1ecfa s\u1ee9c \u0103n m\u00e0 kh\u00f4ng c\u1ea7n suy ngh\u0129.<\/div>\n<\/li>\n<\/ul>\n<h2><strong>H\u01b0\u1edbng d\u1eabn s\u1eed d\u1ee5ng th\u1ecbt nai kh\u00f4<\/strong><\/h2>\n<p>Sau \u0111\u00e2y <strong>Th\u1ef1c Ph\u1ea9m Ti\u1ec7n L\u1ee3i<\/strong> s\u1ebd h\u01b0\u1edbng d\u1eabn c\u00e1c b\u1ea1n <strong>c\u00e1ch s\u1eed d\u1ee5ng kh\u00f4 nai<\/strong>\u00a0t\u1ed1t nh\u1ea5t, l\u00e0m sao \u0111\u1ec3\u00a0<em>s\u1eed d\u1ee5ng\u00a0<\/em>kh\u00f4 nai\u00a0\u0111\u00fang c\u00e1ch nh\u1ea5t, kh\u00f4ng s\u1eed d\u1ee5ng c\u00e1c ph\u01b0\u01a1ng ph\u00e1p thi\u1ebfu hi\u1ec7u qu\u1ea3, v\u1eeba t\u1ed1n ti\u1ec1n l\u1ea1i c\u00f2n kh\u00f4ng hi\u1ec7u qu\u1ea3.<\/p>\n<p><b><img loading=\"lazy\" decoding=\"async\" class=\"aligncenter wp-image-1175\" src=\"https:\/\/thucphamtienloi.com\/wp-content\/uploads\/2021\/02\/mon-an-thit-nai-kho-711x400.jpg\" alt=\"su-dung-thit-nai-kho\" width=\"800\" height=\"450\" srcset=\"https:\/\/thucphamtienloi.com\/wp-content\/uploads\/2021\/02\/mon-an-thit-nai-kho-711x400.jpg 711w, https:\/\/thucphamtienloi.com\/wp-content\/uploads\/2021\/02\/mon-an-thit-nai-kho-510x287.jpg 510w, https:\/\/thucphamtienloi.com\/wp-content\/uploads\/2021\/02\/mon-an-thit-nai-kho-600x338.jpg 600w, https:\/\/thucphamtienloi.com\/wp-content\/uploads\/2021\/02\/mon-an-thit-nai-kho.jpg 720w\" sizes=\"auto, (max-width: 800px) 100vw, 800px\" \/><\/b><\/p>\n<p>\u0110\u1ec3\u00a0<strong>\u0103n kh\u00f4 nai \u0111\u00fang c\u00e1ch<\/strong>\u00a0 kh\u00f4 nai l\u00e0 m\u00f3n \u00a0d\u00f9ng \u0111\u1ec3 \u0103n v\u1eb7t hay l\u00e0m m\u1ed3i nh\u1eadu, b\u1ea1n c\u0169ng c\u00f3 th\u1ec3 s\u1eed d\u1ee5ng nai kh\u00f4 d\u00f9ng \u0111\u1ec3 ch\u1ebf bi\u1ebfn l\u00e0m c\u00e1c m\u00f3n g\u1ecfi, n\u1ed9m kh\u00f4 nai trong b\u1eefa \u0103n h\u00e0ng ng\u00e0y n\u1eefa \u0111\u1ea5y. Khi \u0103n, nhai k\u1ef9 b\u1ea1n s\u1ebd nh\u1eadn ra m\u00f9i v\u1ecb v\u00f4 c\u00f9ng \u0111\u1eb7c bi\u1ec7t m\u00e0 ch\u1ec9 c\u00f3 th\u1ecbt kh\u00f4 nai v\u00f9ng T\u00e2y Nguy\u00ean m\u1edbi c\u00f3 \u0111\u01b0\u1ee3c.\u00a0<\/p>\n<h2><strong>\u0110\u1ecba ch\u1ec9 mua kh\u00f4 nai t\u1ea1i Tp HCM v\u00e0 H\u00e0 N\u1ed9i<\/strong><\/h2>\n<p>Qu\u00fd kh\u00e1ch c\u00f3 th\u1ec3 mua s\u1ea3n ph\u1ea9m t\u1ea1i H\u00e0 N\u1ed9i v\u00e0 S\u00e0i G\u00f2n t\u1ea1i \u0111\u1ecba ch\u1ec9 sau \u0111\u00e2y :\u00a0<\/p>\n<p><strong>Hotline\/Zalo:<\/strong>\u00a0<strong>0987.506.349<\/strong><\/p>\n<p><strong>\u0110\u1ecba ch\u1ec9 c\u1eeda h\u00e0ng :\u00a0<\/strong><\/p>\n<p><strong>T\u1ea1i S\u00e0i G\u00f2n:<\/strong>\u00a0184\/17 Nguy\u1ec5n Ph\u00fac Chu, P15, Q. T\u00e2n B\u00ecnh , TP HCM (vui l\u00f2ng g\u1ecdi tr\u01b0\u1edbc khi \u0111\u1ebfn)<\/p>\n<p><strong>T\u1ea1i H\u00e0 N\u1ed9i\u00a0:\u00a0<\/strong>Chung c\u01b0 349, V\u0169 T\u00f4ng Phan, Thanh Xu\u00e2n, H\u00e0 N\u1ed9i (vui l\u00f2ng g\u1ecdi tr\u01b0\u1edbc khi \u0111\u1ebfn)<br \/>\n<strong>Facebook:\u00a0<a href=\"https:\/\/www.facebook.com\/thucphamtienloiFB\">TH\u1ef0C PH\u1ea8M TI\u1ec6N L\u1ee2I<\/a><\/strong><\/p>\n","protected":false},"excerpt":{"rendered":"<p><b>Th\u1ecbt Nai Kh\u00f4 <\/b>l\u00e0 m\u00f3n \u0103n n\u1ed5i ti\u1ebfng c\u1ee7a v\u00f9ng T\u00e2y Nguy\u00ean v\u00e0 T\u00e2y B\u1eafc. C\u1eeda h\u00e0ng<a href=\"https:\/\/thucphamtienloi.com\/\" target=\"_blank\" rel=\"noopener noreferrer\"><strong> Th\u1ef1c Ph\u1ea9m Ti\u1ec7n L\u1ee3i<\/strong> <\/a>\u0111ang ph\u00e2n ph\u1ed1i s\u1ea3n ph\u1ea9m n\u00e0y v\u1edbi gi\u00e1 1200k\/kg. B\u1ea1n c\u00f3 th\u1ec3 g\u1ecdi \u0111i\u1ec7n tr\u1ef1c ti\u1ebfp t\u1edbi Hotline : <strong class=\"uppercase\">0987.506.349 <\/strong>\u0111\u1ec3 \u0111\u1eb7t h\u00e0ng<strong class=\"uppercase\">.\u00a0<\/strong>Ho\u1eb7c b\u1ea1n \u0111\u1ebfn c\u1eeda h\u00e0ng t\u1ea1i \u0111\u1ecba ch\u1ec9 184\/17 Nguy\u1ec5n Ph\u00fac Chu &#8211; T\u00e2n B\u00ecnh &#8211; Tp HCM \u0111\u1ec3 mua h\u00e0ng tr\u1ef1c ti\u1ebfp.<\/p>\n","protected":false},"featured_media":1174,"comment_status":"closed","ping_status":"closed","template":"","meta":[],"product_brand":[],"product_cat":[68,69],"product_tag":[415,410,411,412,413,414],"class_list":{"0":"post-1171","1":"product","2":"type-product","3":"status-publish","4":"has-post-thumbnail","6":"product_cat-dac-san-mien-bac","7":"product_cat-dac-san-mien-trung","8":"product_tag-kho-nai-go-vap","9":"product_tag-thit-nai-kho","10":"product_tag-kho-nai","11":"product_tag-cua-hang-ban-thit-nai-kho-tai-ha-noi","12":"product_tag-cua-hang-ban-thit-nai-kho-tai-sai-gon","13":"product_tag-kho-nai-sai-gon","15":"first","16":"instock","17":"shipping-taxable","18":"purchasable","19":"product-type-simple"},"yoast_head":"<!-- This site is optimized with the Yoast SEO plugin v27.4 - https:\/\/yoast.com\/product\/yoast-seo-wordpress\/ -->\n<title>\u0110\u1eb7c S\u1ea3n Th\u1ecbt Nai Kh\u00f4 - 375k<\/title>\n<meta name=\"description\" content=\"Th\u1ecbt Nai Kh\u00f4 l\u00e0 m\u00f3n \u0103n n\u1ed5i ti\u1ebfng c\u1ee7a v\u00f9ng T\u00e2y Nguy\u00ean v\u00e0 T\u00e2y B\u1eafc. C\u1eeda h\u00e0ng Th\u1ef1c Ph\u1ea9m Ti\u1ec7n L\u1ee3i \u0111ang ph\u00e2n ph\u1ed1i s\u1ea3n ph\u1ea9m n\u00e0y v\u1edbi gi\u00e1 1200k\/kg.\" \/>\n<meta name=\"robots\" content=\"index, follow, max-snippet:-1, max-image-preview:large, max-video-preview:-1\" \/>\n<link rel=\"canonical\" href=\"https:\/\/thucphamtienloi.com\/?product=thit-nai-kho\" \/>\n<meta property=\"og:locale\" content=\"vi_VN\" \/>\n<meta property=\"og:type\" content=\"article\" \/>\n<meta property=\"og:title\" content=\"\u0110\u1eb7c S\u1ea3n Th\u1ecbt Nai Kh\u00f4 - 375k\" \/>\n<meta property=\"og:description\" content=\"Th\u1ecbt Nai Kh\u00f4 l\u00e0 m\u00f3n \u0103n n\u1ed5i ti\u1ebfng c\u1ee7a v\u00f9ng T\u00e2y Nguy\u00ean v\u00e0 T\u00e2y B\u1eafc. C\u1eeda h\u00e0ng Th\u1ef1c Ph\u1ea9m Ti\u1ec7n L\u1ee3i \u0111ang ph\u00e2n ph\u1ed1i s\u1ea3n ph\u1ea9m n\u00e0y v\u1edbi gi\u00e1 1200k\/kg.\" \/>\n<meta property=\"og:url\" content=\"https:\/\/thucphamtienloi.com\/?product=thit-nai-kho\" \/>\n<meta property=\"og:site_name\" content=\"\u1ea8M TH\u1ef0C BA MI\u1ec0N\" \/>\n<meta property=\"article:modified_time\" content=\"2025-10-19T16:14:46+00:00\" \/>\n<meta property=\"og:image\" content=\"https:\/\/thucphamtienloi.com\/wp-content\/uploads\/2021\/02\/kho-nai.jpg\" \/>\n\t<meta property=\"og:image:width\" content=\"720\" \/>\n\t<meta property=\"og:image:height\" content=\"960\" \/>\n\t<meta property=\"og:image:type\" content=\"image\/jpeg\" \/>\n<meta name=\"twitter:card\" content=\"summary_large_image\" \/>\n<meta name=\"twitter:label1\" content=\"\u01af\u1edbc t\u00ednh th\u1eddi gian \u0111\u1ecdc\" \/>\n\t<meta name=\"twitter:data1\" content=\"4 ph\u00fat\" \/>\n<script type=\"application\/ld+json\" class=\"yoast-schema-graph\">{\"@context\":\"https:\\\/\\\/schema.org\",\"@graph\":[{\"@type\":[\"WebPage\",\"ItemPage\"],\"@id\":\"https:\\\/\\\/thucphamtienloi.com\\\/?product=thit-nai-kho\",\"url\":\"https:\\\/\\\/thucphamtienloi.com\\\/?product=thit-nai-kho\",\"name\":\"\u0110\u1eb7c S\u1ea3n Th\u1ecbt Nai Kh\u00f4 - 375k\",\"isPartOf\":{\"@id\":\"https:\\\/\\\/thucphamtienloi.com\\\/#website\"},\"primaryImageOfPage\":{\"@id\":\"https:\\\/\\\/thucphamtienloi.com\\\/?product=thit-nai-kho#primaryimage\"},\"image\":{\"@id\":\"https:\\\/\\\/thucphamtienloi.com\\\/?product=thit-nai-kho#primaryimage\"},\"thumbnailUrl\":\"https:\\\/\\\/thucphamtienloi.com\\\/wp-content\\\/uploads\\\/2021\\\/02\\\/kho-nai.jpg\",\"datePublished\":\"2021-02-07T01:18:31+00:00\",\"dateModified\":\"2025-10-19T16:14:46+00:00\",\"description\":\"Th\u1ecbt Nai Kh\u00f4 l\u00e0 m\u00f3n \u0103n n\u1ed5i ti\u1ebfng c\u1ee7a v\u00f9ng T\u00e2y Nguy\u00ean v\u00e0 T\u00e2y B\u1eafc. C\u1eeda h\u00e0ng Th\u1ef1c Ph\u1ea9m Ti\u1ec7n L\u1ee3i \u0111ang ph\u00e2n ph\u1ed1i s\u1ea3n ph\u1ea9m n\u00e0y v\u1edbi gi\u00e1 1200k\\\/kg.\",\"breadcrumb\":{\"@id\":\"https:\\\/\\\/thucphamtienloi.com\\\/?product=thit-nai-kho#breadcrumb\"},\"inLanguage\":\"vi\",\"potentialAction\":[{\"@type\":\"ReadAction\",\"target\":[\"https:\\\/\\\/thucphamtienloi.com\\\/?product=thit-nai-kho\"]}]},{\"@type\":\"ImageObject\",\"inLanguage\":\"vi\",\"@id\":\"https:\\\/\\\/thucphamtienloi.com\\\/?product=thit-nai-kho#primaryimage\",\"url\":\"https:\\\/\\\/thucphamtienloi.com\\\/wp-content\\\/uploads\\\/2021\\\/02\\\/kho-nai.jpg\",\"contentUrl\":\"https:\\\/\\\/thucphamtienloi.com\\\/wp-content\\\/uploads\\\/2021\\\/02\\\/kho-nai.jpg\",\"width\":720,\"height\":960,\"caption\":\"\u0110\u1eb7c S\u1ea3n Th\u1ecbt Nai Kh\u00f4\"},{\"@type\":\"BreadcrumbList\",\"@id\":\"https:\\\/\\\/thucphamtienloi.com\\\/?product=thit-nai-kho#breadcrumb\",\"itemListElement\":[{\"@type\":\"ListItem\",\"position\":1,\"name\":\"Trang ch\u1ee7\",\"item\":\"https:\\\/\\\/thucphamtienloi.com\\\/\"},{\"@type\":\"ListItem\",\"position\":2,\"name\":\"C\u1eeda H\u00e0ng\",\"item\":\"https:\\\/\\\/thucphamtienloi.com\\\/?page_id=3334\"},{\"@type\":\"ListItem\",\"position\":3,\"name\":\"\u0110\u1eb7c S\u1ea3n Mi\u1ec1n B\u1eafc\",\"item\":\"https:\\\/\\\/thucphamtienloi.com\\\/danh-muc-san-pham\\\/dac-san-mien-bac\\\/\"},{\"@type\":\"ListItem\",\"position\":4,\"name\":\"\u0110\u1eb7c S\u1ea3n Th\u1ecbt Nai Kh\u00f4\"}]},{\"@type\":\"WebSite\",\"@id\":\"https:\\\/\\\/thucphamtienloi.com\\\/#website\",\"url\":\"https:\\\/\\\/thucphamtienloi.com\\\/\",\"name\":\"Th\u1ef1c ph\u1ea9m ti\u1ec7n l\u1ee3i\",\"description\":\"\u1ea8m Th\u1ef1c Qu\u00ea H\u01b0\u01a1ng\",\"publisher\":{\"@id\":\"https:\\\/\\\/thucphamtienloi.com\\\/#organization\"},\"potentialAction\":[{\"@type\":\"SearchAction\",\"target\":{\"@type\":\"EntryPoint\",\"urlTemplate\":\"https:\\\/\\\/thucphamtienloi.com\\\/?s={search_term_string}\"},\"query-input\":{\"@type\":\"PropertyValueSpecification\",\"valueRequired\":true,\"valueName\":\"search_term_string\"}}],\"inLanguage\":\"vi\"},{\"@type\":\"Organization\",\"@id\":\"https:\\\/\\\/thucphamtienloi.com\\\/#organization\",\"name\":\"Th\u1ef1c ph\u1ea9m ti\u1ec7n l\u1ee3i\",\"url\":\"https:\\\/\\\/thucphamtienloi.com\\\/\",\"logo\":{\"@type\":\"ImageObject\",\"inLanguage\":\"vi\",\"@id\":\"https:\\\/\\\/thucphamtienloi.com\\\/#\\\/schema\\\/logo\\\/image\\\/\",\"url\":\"https:\\\/\\\/thucphamtienloi.com\\\/wp-content\\\/uploads\\\/2022\\\/07\\\/THU\u031b\u0323C-PHA\u0302\u0309M-TIE\u0323\u0302N-LO\u031b\u0323I.png\",\"contentUrl\":\"https:\\\/\\\/thucphamtienloi.com\\\/wp-content\\\/uploads\\\/2022\\\/07\\\/THU\u031b\u0323C-PHA\u0302\u0309M-TIE\u0323\u0302N-LO\u031b\u0323I.png\",\"width\":1920,\"height\":1080,\"caption\":\"Th\u1ef1c ph\u1ea9m ti\u1ec7n l\u1ee3i\"},\"image\":{\"@id\":\"https:\\\/\\\/thucphamtienloi.com\\\/#\\\/schema\\\/logo\\\/image\\\/\"}}]}<\/script>\n<!-- \/ Yoast SEO plugin. -->","yoast_head_json":{"title":"\u0110\u1eb7c S\u1ea3n Th\u1ecbt Nai Kh\u00f4 - 375k","description":"Th\u1ecbt Nai Kh\u00f4 l\u00e0 m\u00f3n \u0103n n\u1ed5i ti\u1ebfng c\u1ee7a v\u00f9ng T\u00e2y Nguy\u00ean v\u00e0 T\u00e2y B\u1eafc. C\u1eeda h\u00e0ng Th\u1ef1c Ph\u1ea9m Ti\u1ec7n L\u1ee3i \u0111ang ph\u00e2n ph\u1ed1i s\u1ea3n ph\u1ea9m n\u00e0y v\u1edbi gi\u00e1 1200k\/kg.","robots":{"index":"index","follow":"follow","max-snippet":"max-snippet:-1","max-image-preview":"max-image-preview:large","max-video-preview":"max-video-preview:-1"},"canonical":"https:\/\/thucphamtienloi.com\/?product=thit-nai-kho","og_locale":"vi_VN","og_type":"article","og_title":"\u0110\u1eb7c S\u1ea3n Th\u1ecbt Nai Kh\u00f4 - 375k","og_description":"Th\u1ecbt Nai Kh\u00f4 l\u00e0 m\u00f3n \u0103n n\u1ed5i ti\u1ebfng c\u1ee7a v\u00f9ng T\u00e2y Nguy\u00ean v\u00e0 T\u00e2y B\u1eafc. C\u1eeda h\u00e0ng Th\u1ef1c Ph\u1ea9m Ti\u1ec7n L\u1ee3i \u0111ang ph\u00e2n ph\u1ed1i s\u1ea3n ph\u1ea9m n\u00e0y v\u1edbi gi\u00e1 1200k\/kg.","og_url":"https:\/\/thucphamtienloi.com\/?product=thit-nai-kho","og_site_name":"\u1ea8M TH\u1ef0C BA MI\u1ec0N","article_modified_time":"2025-10-19T16:14:46+00:00","og_image":[{"width":720,"height":960,"url":"https:\/\/thucphamtienloi.com\/wp-content\/uploads\/2021\/02\/kho-nai.jpg","type":"image\/jpeg"}],"twitter_card":"summary_large_image","twitter_misc":{"\u01af\u1edbc t\u00ednh th\u1eddi gian \u0111\u1ecdc":"4 ph\u00fat"},"schema":{"@context":"https:\/\/schema.org","@graph":[{"@type":["WebPage","ItemPage"],"@id":"https:\/\/thucphamtienloi.com\/?product=thit-nai-kho","url":"https:\/\/thucphamtienloi.com\/?product=thit-nai-kho","name":"\u0110\u1eb7c S\u1ea3n Th\u1ecbt Nai Kh\u00f4 - 375k","isPartOf":{"@id":"https:\/\/thucphamtienloi.com\/#website"},"primaryImageOfPage":{"@id":"https:\/\/thucphamtienloi.com\/?product=thit-nai-kho#primaryimage"},"image":{"@id":"https:\/\/thucphamtienloi.com\/?product=thit-nai-kho#primaryimage"},"thumbnailUrl":"https:\/\/thucphamtienloi.com\/wp-content\/uploads\/2021\/02\/kho-nai.jpg","datePublished":"2021-02-07T01:18:31+00:00","dateModified":"2025-10-19T16:14:46+00:00","description":"Th\u1ecbt Nai Kh\u00f4 l\u00e0 m\u00f3n \u0103n n\u1ed5i ti\u1ebfng c\u1ee7a v\u00f9ng T\u00e2y Nguy\u00ean v\u00e0 T\u00e2y B\u1eafc. C\u1eeda h\u00e0ng Th\u1ef1c Ph\u1ea9m Ti\u1ec7n L\u1ee3i \u0111ang ph\u00e2n ph\u1ed1i s\u1ea3n ph\u1ea9m n\u00e0y v\u1edbi gi\u00e1 1200k\/kg.","breadcrumb":{"@id":"https:\/\/thucphamtienloi.com\/?product=thit-nai-kho#breadcrumb"},"inLanguage":"vi","potentialAction":[{"@type":"ReadAction","target":["https:\/\/thucphamtienloi.com\/?product=thit-nai-kho"]}]},{"@type":"ImageObject","inLanguage":"vi","@id":"https:\/\/thucphamtienloi.com\/?product=thit-nai-kho#primaryimage","url":"https:\/\/thucphamtienloi.com\/wp-content\/uploads\/2021\/02\/kho-nai.jpg","contentUrl":"https:\/\/thucphamtienloi.com\/wp-content\/uploads\/2021\/02\/kho-nai.jpg","width":720,"height":960,"caption":"\u0110\u1eb7c S\u1ea3n Th\u1ecbt Nai Kh\u00f4"},{"@type":"BreadcrumbList","@id":"https:\/\/thucphamtienloi.com\/?product=thit-nai-kho#breadcrumb","itemListElement":[{"@type":"ListItem","position":1,"name":"Trang ch\u1ee7","item":"https:\/\/thucphamtienloi.com\/"},{"@type":"ListItem","position":2,"name":"C\u1eeda H\u00e0ng","item":"https:\/\/thucphamtienloi.com\/?page_id=3334"},{"@type":"ListItem","position":3,"name":"\u0110\u1eb7c S\u1ea3n Mi\u1ec1n B\u1eafc","item":"https:\/\/thucphamtienloi.com\/danh-muc-san-pham\/dac-san-mien-bac\/"},{"@type":"ListItem","position":4,"name":"\u0110\u1eb7c S\u1ea3n Th\u1ecbt Nai Kh\u00f4"}]},{"@type":"WebSite","@id":"https:\/\/thucphamtienloi.com\/#website","url":"https:\/\/thucphamtienloi.com\/","name":"Th\u1ef1c ph\u1ea9m ti\u1ec7n l\u1ee3i","description":"\u1ea8m Th\u1ef1c Qu\u00ea H\u01b0\u01a1ng","publisher":{"@id":"https:\/\/thucphamtienloi.com\/#organization"},"potentialAction":[{"@type":"SearchAction","target":{"@type":"EntryPoint","urlTemplate":"https:\/\/thucphamtienloi.com\/?s={search_term_string}"},"query-input":{"@type":"PropertyValueSpecification","valueRequired":true,"valueName":"search_term_string"}}],"inLanguage":"vi"},{"@type":"Organization","@id":"https:\/\/thucphamtienloi.com\/#organization","name":"Th\u1ef1c ph\u1ea9m ti\u1ec7n l\u1ee3i","url":"https:\/\/thucphamtienloi.com\/","logo":{"@type":"ImageObject","inLanguage":"vi","@id":"https:\/\/thucphamtienloi.com\/#\/schema\/logo\/image\/","url":"https:\/\/thucphamtienloi.com\/wp-content\/uploads\/2022\/07\/THU\u031b\u0323C-PHA\u0302\u0309M-TIE\u0323\u0302N-LO\u031b\u0323I.png","contentUrl":"https:\/\/thucphamtienloi.com\/wp-content\/uploads\/2022\/07\/THU\u031b\u0323C-PHA\u0302\u0309M-TIE\u0323\u0302N-LO\u031b\u0323I.png","width":1920,"height":1080,"caption":"Th\u1ef1c ph\u1ea9m ti\u1ec7n l\u1ee3i"},"image":{"@id":"https:\/\/thucphamtienloi.com\/#\/schema\/logo\/image\/"}}]}},"_links":{"self":[{"href":"https:\/\/thucphamtienloi.com\/index.php?rest_route=\/wp\/v2\/product\/1171","targetHints":{"allow":["GET"]}}],"collection":[{"href":"https:\/\/thucphamtienloi.com\/index.php?rest_route=\/wp\/v2\/product"}],"about":[{"href":"https:\/\/thucphamtienloi.com\/index.php?rest_route=\/wp\/v2\/types\/product"}],"replies":[{"embeddable":true,"href":"https:\/\/thucphamtienloi.com\/index.php?rest_route=%2Fwp%2Fv2%2Fcomments&post=1171"}],"wp:featuredmedia":[{"embeddable":true,"href":"https:\/\/thucphamtienloi.com\/index.php?rest_route=\/wp\/v2\/media\/1174"}],"wp:attachment":[{"href":"https:\/\/thucphamtienloi.com\/index.php?rest_route=%2Fwp%2Fv2%2Fmedia&parent=1171"}],"wp:term":[{"taxonomy":"product_brand","embeddable":true,"href":"https:\/\/thucphamtienloi.com\/index.php?rest_route=%2Fwp%2Fv2%2Fproduct_brand&post=1171"},{"taxonomy":"product_cat","embeddable":true,"href":"https:\/\/thucphamtienloi.com\/index.php?rest_route=%2Fwp%2Fv2%2Fproduct_cat&post=1171"},{"taxonomy":"product_tag","embeddable":true,"href":"https:\/\/thucphamtienloi.com\/index.php?rest_route=%2Fwp%2Fv2%2Fproduct_tag&post=1171"}],"curies":[{"name":"wp","href":"https:\/\/api.w.org\/{rel}","templated":true}]}}