{"id":331,"date":"2020-05-16T03:29:04","date_gmt":"2020-05-16T03:29:04","guid":{"rendered":"http:\/\/ruousinchai.com\/?post_type=product&#038;p=331"},"modified":"2026-04-15T05:37:57","modified_gmt":"2026-04-15T05:37:57","slug":"ca-kho-lang-vu-dai","status":"publish","type":"product","link":"https:\/\/thucphamtienloi.com\/?product=ca-kho-lang-vu-dai","title":{"rendered":"C\u00e1 Kho L\u00e0ng V\u0169 \u0110\u1ea1i ch\u00ednh g\u1ed1c &#8211; C\u00e1 Tr\u1eafm \u0110en"},"content":{"rendered":"<p><strong>C\u00e1 kho l\u00e0ng V\u0169 \u0110\u1ea1i<\/strong> \u0111\u01b0\u1ee3c bi\u1ebft \u0111\u1ebfn l\u00e0 m\u00f3n c\u00e1 kho ngon nh\u1ea5t Vi\u1ec7t Nam. C\u00e1 tr\u1eafm \u0111en &#8211; lo\u1ea1i c\u00e1 n\u01b0\u1edbc ng\u1ecdt ngon nh\u1ea5t k\u1ebft h\u1ee3p c\u00f9ng v\u1edbi c\u00f4ng th\u1ee9c kho c\u00e1 ri\u00eang c\u1ee7a ng\u01b0\u1eddi V\u0169 \u0110\u1ea1i. T\u1ea5t c\u1ea3 \u0111\u00e3 t\u1ea1o ra m\u1ed9t m\u00f3n \u0103n m\u00e0 ch\u1eafc ch\u1eafn b\u1ea1n kh\u00f4ng t\u00ecm \u0111\u01b0\u1ee3c \u1edf \u0111\u00e2u ngo\u00e0i n\u01a1i \u0111\u00e2y. \u0110\u1eebng b\u1ecf qua m\u00f3n \u0103n nay nh\u00e9 !<\/p>\n<p><span style=\"color: #ed1c24;\"><strong>Hotline \u0111\u1eb7t h\u00e0ng 24\/7: 0987.506.349<\/strong><\/span><\/p>\n<h2><strong>Gi\u1edbi thi\u1ec7u v\u1ec1 c\u00e1 kho l\u00e0ng V\u0169 \u0110\u1ea1i<\/strong><\/h2>\n<p>M\u00f3n<strong>\u00a0c\u00e1 kho l\u00e0ng V\u0169 \u0110\u1ea1i<\/strong>\u00a0hay c\u00f2n g\u1ecdi l\u00e0\u00a0<strong>C\u00e1 kho \u0110\u1ea1i Ho\u00e0ng\u00a0<\/strong>l\u00e0 \u0111\u1eb7c s\u1ea3n n\u1ed5i ti\u1ebfng c\u1ee7a l\u00e0ng Nh\u00e2n H\u1eadu, x\u00e3 H\u00f2a H\u1eadu, huy\u1ec7n L\u00fd Nh\u00e2n, t\u1ec9nh H\u00e0 Nam. Nguy\u00ean li\u1ec7u l\u00e0 nh\u1eefng con c\u00e1 tr\u1eafm \u0111en to , ngon, ch\u1eafc th\u1ecbt kho theo c\u00f4ng th\u1ee9c gia truy\u1ec1n c\u00f9ng v\u1edbi gia v\u1ecb 100% t\u1ef1 nhi\u00ean nh\u01b0 :\u00a0 g\u1eebng, gi\u1ec1ng, h\u00e0nh, \u1edbt,\u00a0 n\u01b0\u1edbc c\u1ed1t chanh, n\u01b0\u1edbc c\u1ed1t cua \u0111\u1ed3ng&#8230;.<\/p>\n<figure id=\"attachment_3249\" aria-describedby=\"caption-attachment-3249\" style=\"width: 400px\" class=\"wp-caption alignnone\"><img loading=\"lazy\" decoding=\"async\" class=\"wp-image-3249 size-medium\" src=\"https:\/\/thucphamtienloi.com\/wp-content\/uploads\/2020\/05\/ca-kho-vu-dai-400x400.jpg\" alt=\"\" width=\"400\" height=\"400\" srcset=\"https:\/\/thucphamtienloi.com\/wp-content\/uploads\/2020\/05\/ca-kho-vu-dai-400x400.jpg 400w, https:\/\/thucphamtienloi.com\/wp-content\/uploads\/2020\/05\/ca-kho-vu-dai-247x247.jpg 247w, https:\/\/thucphamtienloi.com\/wp-content\/uploads\/2020\/05\/ca-kho-vu-dai-100x100.jpg 100w, https:\/\/thucphamtienloi.com\/wp-content\/uploads\/2020\/05\/ca-kho-vu-dai-510x510.jpg 510w, https:\/\/thucphamtienloi.com\/wp-content\/uploads\/2020\/05\/ca-kho-vu-dai-280x280.jpg 280w, https:\/\/thucphamtienloi.com\/wp-content\/uploads\/2020\/05\/ca-kho-vu-dai.jpg 650w\" sizes=\"auto, (max-width: 400px) 100vw, 400px\" \/><figcaption id=\"caption-attachment-3249\" class=\"wp-caption-text\">Ni\u00eau c\u00e1 kho l\u00e0ng V\u0169 \u0110\u1ea1i &#8211; Tr\u1ea7n Lu\u1eadn<\/figcaption><\/figure>\n<p>\n\u0110\u1eb7c bi\u1ec7t l\u00e0 <strong>c\u00e1 \u0111\u01b0\u1ee3c kho trong ni\u00eau \u0111\u1ea5t, tr\u00ean b\u1ebfp l\u1eeda trong th\u1eddi gian 16 \u0111\u1ebfn 20 ti\u1ebfng<\/strong> n\u00ean v\u1eeba c\u00f3 v\u1ecb th\u01a1m c\u1ee7a l\u1eeda, v\u1eeba ph\u1ea3ng ph\u1ea5t nh\u1eefng h\u01b0\u01a1ng v\u1ecb \u0111\u1ed3ng qu\u00ea, \u0103n r\u1ea5t t\u1ed1n c\u01a1m. Ng\u01b0\u1eddi gi\u00e0 tr\u1ebb nh\u1ecf kh\u00f4ng lo h\u00f3c x\u01b0\u01a1ng, ai ai c\u0169ng th\u00edch.<\/p>\n<h3><strong>Ngu\u1ed3n g\u1ed1c l\u1ecbch s\u1eed ph\u00e1t tri\u1ec3n<\/strong><\/h3>\n<p>Ngu\u1ed3n g\u1ed1c c\u1ee7a m\u00f3n c\u00e1 kho \u0111\u01b0\u1ee3c cho l\u00e0 c\u00f3 t\u1eeb h\u00e0ng tr\u0103m n\u0103m tr\u01b0\u1edbc. Tuy nhi\u00ean ng\u01b0\u1eddi d\u00e2n L\u00e0ng V\u0169 \u0110\u1ea1i \u0111\u01b0a m\u00f3n c\u00e1 kho v\u00e0o kinh doang b\u1eaft \u0111\u1ea7u t\u1eeb n\u0103m 1981. Theo nh\u1eefng ngh\u1ec7 nh\u00e2n cao tu\u1ed5i k\u1ec3 l\u1ea1i th\u00ec ban \u0111\u1ea7u mu\u1ed1n mua m\u1ed9t ni\u00eau c\u00e1 ph\u1ea3i \u0111\u1eb7t tr\u01b0\u1edbc c\u1ea3 tu\u1ea7n v\u00e0 v\u1ec1 t\u1eadn l\u00e0ng l\u1ea5y. Ch\u00ednh v\u00ec l\u00ed do n\u00e0y m\u00e0 m\u00f3n c\u00e1 kho n\u01a1i \u0111\u00e2y ch\u01b0a ph\u00e1t tri\u1ec3n r\u1ed9ng kh\u1eafp \u0111\u01b0\u1ee3c, ch\u1ec9 c\u00f3 l\u1ebb t\u1ebb v\u00e0i nh\u00e0 kinh doanh c\u00f2n ch\u1ee7 y\u1ebfu l\u00e0 kho \u0103n trong gia \u0111\u00ecnh.<\/p>\n<p>M\u00e3i \u0111\u1ebfn n\u0103m 2009 khi gia \u0111\u00ecnh ngh\u1ec7 nh\u00e2n kho c\u00e1 Tr\u1ea7n B\u00e1 Lu\u1eadn \u0111\u00e3 m\u1ea1nh d\u1ea1n \u0111\u1ea7u t\u01b0, \u0111i \u0111\u1ea7u \u0111\u01b0a m\u00f3n c\u00e1 kho l\u00ean \u00a0Internet \u0111\u1ec3 qu\u1ea3ng b\u00e1o r\u1ed9ng d\u00e3i. \u0110\u1ed3ng th\u1eddi gia \u0111\u00ecnh \u00f4ng c\u0169ng thi\u1ebft l\u1eadp c\u00e1c k\u00eanh ph\u00e2n ph\u1ed1i, giao h\u00e0ng \u0111\u1ebfn t\u1eadn n\u01a1i. V\u1edbi b\u01b0\u1edbc \u0111\u1ed9t ph\u00e1 trong b\u00e1n h\u00e0ng n\u00e0y \u0111\u00e3 gi\u00fap m\u00f3n c\u00e1 kho ti\u1ebfp c\u1eadn v\u1edbi kh\u00e1ch h\u00e0ng nhi\u1ec1u h\u01a1n, nhi\u1ec1u ng\u01b0\u1eddi bi\u1ebft \u0111\u1ebfn \u0111\u1eb7c s\u1ea3n n\u00e0y h\u01a1n. T\u1eeb \u0111\u00f3 \u0111\u1ebfn nay c\u00e1 kho l\u00e0ng V\u0169 \u0110\u1ea1i \u0111\u01b0\u1ee3c ng\u01b0\u1eddi d\u00e2n c\u1ea3 n\u01b0\u1edbc bi\u1ebft \u0111\u1ebfn v\u00e0 lu\u00f4n ch\u00e1y h\u00e0ng m\u1ed7i d\u1ecbp T\u1ebft \u0111\u1ebfn xu\u00e2n v\u1ec1.<\/p>\n<h2><strong>C\u00e1ch ng\u01b0\u1eddi d\u00e2n l\u00e0ng V\u0169 \u0110\u1ea1i t\u1ea1o ra \u0111\u1eb7c s\u1ea3n : C\u00e1 Kho L\u00e0ng V\u0169 \u0110\u1ea1i<\/strong><\/h2>\n<h3><strong>Chu\u1ea9n b\u1ecb nguy\u00ean li\u1ec7u\u00a0<\/strong><\/h3>\n<figure id=\"attachment_835\" aria-describedby=\"caption-attachment-835\" style=\"width: 600px\" class=\"wp-caption aligncenter\"><img loading=\"lazy\" decoding=\"async\" class=\"wp-image-835\" src=\"https:\/\/thucphamtienloi.com\/wp-content\/uploads\/2020\/05\/ca-kho-lang-vu-dai-600x400.png\" alt=\"nguyen-lieu-kho-ca\" width=\"600\" height=\"400\" srcset=\"https:\/\/thucphamtienloi.com\/wp-content\/uploads\/2020\/05\/ca-kho-lang-vu-dai-600x400.png 600w, https:\/\/thucphamtienloi.com\/wp-content\/uploads\/2020\/05\/ca-kho-lang-vu-dai-510x340.png 510w, https:\/\/thucphamtienloi.com\/wp-content\/uploads\/2020\/05\/ca-kho-lang-vu-dai-768x512.png 768w, https:\/\/thucphamtienloi.com\/wp-content\/uploads\/2020\/05\/ca-kho-lang-vu-dai.png 920w\" sizes=\"auto, (max-width: 600px) 100vw, 600px\" \/><figcaption id=\"caption-attachment-835\" class=\"wp-caption-text\">Nguy\u00ean li\u1ec7u kho c\u00e1 c\u1ee7a ng\u01b0\u1eddi V\u0169 \u0110\u1ea1i<\/figcaption><\/figure>\n<p>Ni\u00eau \u0111\u1ea5t kho c\u00e1 ph\u1ea3i l\u1ea5y t\u1eeb Ngh\u1ec7 An v\u00ec ch\u1ea5t \u0111\u1ea5t \u1edf \u0111\u00e2y t\u1ed1t c\u00f3 th\u1ec3 \u0111\u1ea3m b\u1ea3o \u0111\u1ed9 b\u1ec1n trong qu\u00e1 tr\u00ecnh kho g\u1ea7n 24 ti\u1ebfng, vung c\u1ee7a ni\u00eau ph\u1ea3i l\u1ea5y t\u1eeb Thanh H\u00f3a v\u00ec lo\u1ea1i vung \u1edf \u0111\u00e2y \u0111\u01b0\u1ee3c thi\u1ebft k\u1ebf theo ki\u1ec3u v\u00f2m l\u00ean d\u1ec5 h\u01a1n trong vi\u1ec7c kho c\u00e1. Tr\u01b0\u1edbc khi kho ph\u1ea3i cho 1 n\u1eafm g\u1ea1o v\u00e0o ni\u00eau \u0111\u1ea5t \u0111\u1ec3 \u201ct\u00f4i\u201d sau \u0111\u00f3 ph\u01a1i n\u1eafng cho ni\u00eau th\u00eam ch\u1eafc ch\u1eafn.<\/p>\n<p>C\u00e1 kho b\u1eb1ng c\u1ee7i nh\u00e3n, v\u00ec theo ng\u01b0\u1eddi d\u00e2n \u1edf l\u00e0ng, n\u1ed3i \u0111\u1ea5t kho b\u1eb1ng c\u1ee7i nh\u00e3n s\u1ebd l\u00e0m m\u1ea5t m\u00f9i \u0111\u1ea5t nung v\u00e0 l\u00e0m cho m\u00f3n c\u00e1 c\u00f3 h\u01b0\u01a1ng th\u01a1m h\u1ea5p d\u1eabn h\u01a1n. Trong qu\u00e1 tr\u00ecnh kho c\u1ea7n ph\u1ea3i \u1ee7 tr\u1ea5u \u0111\u1ec3 gi\u1eef nhi\u1ec7t cho n\u1ed3i lu\u00f4n trong tr\u1ea1ng th\u00e1i s\u00f4i l\u1ee5c b\u1ee5c.<\/p>\n<p>Gia v\u1ecb t\u1ef1 nhi\u00ean: g\u1eebng, gi\u1ec1ng , chanh, n\u01b0\u1edbc c\u1ed1t cua \u0111\u1ed3ng, h\u00e0nh , ti\u00eau (ho\u1eb7c \u1edbt )&#8230;..<\/p>\n<h3><strong>Qu\u00e1 tr\u00ecnh kho c\u00e1<\/strong><\/h3>\n<p>Ni\u00eau \u0111\u1ea5t sau khi r\u1eeda s\u1ea1ch ph\u1ea3i l\u00f3t \u1edf b\u00ean d\u01b0\u1edbi m\u1ed9t l\u1edbp gi\u1ec1ng l\u00e1t \u0111\u1ec3 c\u00e1 kh\u00f4ng b\u1ecb ch\u00e1y<br \/>\nC\u00e1 \u0111\u01b0\u1ee3c ch\u1ecdn \u0111\u1ec3 kho ph\u1ea3i l\u00e0 lo\u1ea1i c\u00e1 t\u01b0\u01a1i, hi\u1ec7n t\u1ea1i c\u00f3 2 lo\u1ea1i c\u00e1 ng\u01b0\u1eddi d\u00e2n th\u01b0\u1eddng kho l\u00e0 c\u00e1 tr\u1eafm \u0111en v\u00e0 c\u00e1 r\u00f4 \u0111\u1ed3ng. Sau khi m\u1ed5 c\u00e1, b\u1ecf l\u1ea1i \u0111\u1ea7u v\u00e0 \u0111u\u00f4i, cho c\u00e1 lu\u00f4n v\u00e0o ni\u00eau \u0111\u1ea5t sau \u0111\u00f3 ph\u1ee7 m\u1ed9t l\u1edbp gi\u1ec1ng + g\u1eebng + h\u00e0nh kh\u00f4 gi\u00e3 l\u00ean tr\u00ean, cho m\u1eafm , mu\u1ed1i, gia v\u1ecb v\u00e0o v\u00e0 b\u1eaft \u0111\u1ea7u kho.<\/p>\n<p>Trong qu\u00e1 tr\u00ecnh kho, khi c\u1ea1n n\u01b0\u1edbc, c\u1ea7n h\u00f2a n\u01b0\u1edbc d\u00f9ng ( k\u1eb9o \u0111\u1eafng ) v\u00e0o n\u01b0\u1edbc c\u1ed1t chanh, n\u01b0\u1edbc c\u1ed1t c\u1ee7a v\u00e0 m\u1ed9t s\u1ed1 gia v\u1ecb c\u1ed5 truy\u1ec1n kh\u00e1c c\u00f3 pha th\u00eam ch\u00fat n\u01b0\u1edbc \u0111\u1ec3 th\u01b0\u1eddng xuy\u00ean tra v\u00e0o l\u00e0m c\u00e1 kh\u00f4ng b\u1ecb ch\u00e1y, ph\u1ea3i cho n\u1ed3i c\u00e1 s\u00f4i s\u00f9ng s\u1ee5c trong su\u1ed1t 16 &#8211; 20 ti\u1ebfng \u0111\u1ed3ng h\u1ed3.<\/p>\n<figure id=\"attachment_834\" aria-describedby=\"caption-attachment-834\" style=\"width: 600px\" class=\"wp-caption aligncenter\"><img loading=\"lazy\" decoding=\"async\" class=\"wp-image-834\" src=\"https:\/\/thucphamtienloi.com\/wp-content\/uploads\/2020\/05\/ca-kho-lang-vu-dai-2-711x400.jpg\" alt=\"kho-ca-lang-vu-dai\" width=\"600\" height=\"338\" srcset=\"https:\/\/thucphamtienloi.com\/wp-content\/uploads\/2020\/05\/ca-kho-lang-vu-dai-2-711x400.jpg 711w, https:\/\/thucphamtienloi.com\/wp-content\/uploads\/2020\/05\/ca-kho-lang-vu-dai-2-510x287.jpg 510w, https:\/\/thucphamtienloi.com\/wp-content\/uploads\/2020\/05\/ca-kho-lang-vu-dai-2-768x432.jpg 768w, https:\/\/thucphamtienloi.com\/wp-content\/uploads\/2020\/05\/ca-kho-lang-vu-dai-2-600x338.jpg 600w, https:\/\/thucphamtienloi.com\/wp-content\/uploads\/2020\/05\/ca-kho-lang-vu-dai-2.jpg 1280w\" sizes=\"auto, (max-width: 600px) 100vw, 600px\" \/><figcaption id=\"caption-attachment-834\" class=\"wp-caption-text\">Kho c\u00e1 l\u00e0ng V\u0169 \u0110\u1ea1i<\/figcaption><\/figure>\n<p>Sau khi kho xong, c\u1ea7n d\u00f9ng qu\u1ea1t \u0111i\u1ec7n \u0111\u1ec3 qu\u1ea1t ngu\u1ed9i h\u1eb3n c\u00e1 tr\u01b0\u1edbc khi \u0111\u00f3ng h\u1ed9p nguy\u00ean n\u1ed3i v\u00e0 chuy\u1ec3n cho kh\u00e1ch h\u00e0ng<br \/>\nKh\u00fac c\u00e1 c\u00f3 m\u00e0u \u0111en n\u00e2u th\u1ecbt c\u1ee9ng , x\u01b0\u01a1ng m\u1ec1m, khi \u0103n kh\u00f4ng ph\u1ea3i b\u1ecf \u0111i m\u1ed9t ch\u00fat n\u00e0o th\u00ec m\u1edbi \u0111\u00fang ti\u00eau chu\u1ea9n ch\u1ea5t l\u01b0\u1ee3ng.<\/p>\n<h2><strong>\u0110\u1ecba ch\u1ec9 mua c\u00e1 kho l\u00e0ng V\u0169 \u0110\u1ea1i t\u1ea1i S\u00e0i G\u00f2n v\u00e0 Tp HCM?<\/strong><\/h2>\n<p>\u0110\u1ec3 ph\u1ee5c v\u1ee5 b\u00e0 con c\u00f4 b\u00e1c t\u1ea1i khu v\u1ef1c ph\u00eda Nam. Ch\u00fang t\u00f4i \u0111\u00e3 thi\u1ebft l\u1eadp \u0111\u01b0\u1ee3c h\u1ec7 th\u1ed1ng b\u00e1n h\u00e0ng trong ng\u00e0y t\u1ea1i S\u00e0i G\u00f2n v\u00e0 c\u00e1c t\u1ec9nh l\u00e2n c\u1eadn. C\u00e1 sau khi \u0111\u01b0\u1ee3c kho t\u1ea1i c\u01a1 s\u1edf t\u1ea1i H\u00e0 Nam s\u1ebd \u0111\u01b0\u1ee3c v\u1eadn chuy\u1ec3n ra th\u1eb3ng s\u00e2n bay N\u1ed9i B\u00e0i. <strong><a href=\"https:\/\/thucphamtienloi.com\/lien-he\/\" target=\"_blank\" rel=\"noopener noreferrer\">\u0110\u1ea1i l\u00fd trong S\u00e0i G\u00f2n<\/a><\/strong> s\u1ebd nh\u1eadn h\u00e0ng t\u1ea1i s\u00e2n bay \u0111\u1ec3 giao \u0111\u1ebfn t\u1eadn t\u1ea1y qu\u00fd kh\u00e1ch.<\/p>\n<p>M\u1ecdi th\u00f4ng tin chi ti\u1ebft v\u1ec1 s\u1ea3n ph\u1ea9m v\u00e0 \u0111\u1eb7t h\u00e0ng qu\u00fd kh\u00e1ch vui l\u00f2ng li\u00ean h\u1ec7\u00a0<\/p>\n<p><strong>Hotline\/Zalo:<\/strong>\u00a0<strong>0987.506.349<\/strong><\/p>\n<p><strong>\u0110\u1ecba ch\u1ec9 c\u1eeda h\u00e0ng:\u00a0<\/strong><\/p>\n<p><strong>T\u1ea1i S\u00e0i G\u00f2n:<\/strong>\u00a0184\/17 Nguy\u1ec5n Ph\u00fac Chu, P15, Q. T\u00e2n B\u00ecnh , TP HCM (vui l\u00f2ng g\u1ecdi tr\u01b0\u1edbc khi \u0111\u1ebfn)<br \/>\n<strong>T\u1ea1i H\u00e0 N\u1ed9i: <\/strong>Chung c\u01b0 349, V\u0169 T\u00f4ng Phan, Thanh Xu\u00e2n, H\u00e0 N\u1ed9i (vui l\u00f2ng g\u1ecdi tr\u01b0\u1edbc khi \u0111\u1ebfn)<\/p>\n<p><strong>Facebook:\u00a0<a href=\"https:\/\/www.facebook.com\/thucphamtienloiFB\">TH\u1ef0C PH\u1ea8M TI\u1ec6N L\u1ee2I<\/a><\/strong><\/p>\n","protected":false},"excerpt":{"rendered":"<p><strong>C\u00e1 kho l\u00e0ng V\u0169 \u0110\u1ea1i<\/strong> \u0111\u01b0\u1ee3c bi\u1ebft \u0111\u1ebfn l\u00e0 m\u00f3n c\u00e1 kho ngon nh\u1ea5t Vi\u1ec7t Nam. C\u00e1 tr\u1eafm \u0111en &#8211; lo\u1ea1i c\u00e1 n\u01b0\u1edbc ng\u1ecdt ngon nh\u1ea5t k\u1ebft h\u1ee3p c\u00f9ng v\u1edbi c\u00f4ng th\u1ee9c kho c\u00e1 ri\u00eang c\u1ee7a ng\u01b0\u1eddi V\u0169 \u0110\u1ea1i. T\u1ea5t c\u1ea3 \u0111\u00e3 t\u1ea1o ra m\u1ed9t m\u00f3n \u0103n m\u00e0 ch\u1eafc ch\u1eafn b\u1ea1n kh\u00f4ng t\u00ecm \u0111\u01b0\u1ee3c \u1edf \u0111\u00e2u ngo\u00e0i n\u01a1i \u0111\u00e2y. \u0110\u1eebng b\u1ecf qua m\u00f3n \u0103n nay nh\u00e9 !<\/p>\n","protected":false},"featured_media":3249,"comment_status":"closed","ping_status":"closed","template":"","meta":[],"product_brand":[],"product_cat":[1025,68],"product_tag":[1034,238,239,240,241,242,243,244],"class_list":{"0":"post-331","1":"product","2":"type-product","3":"status-publish","4":"has-post-thumbnail","6":"product_cat-mon-an-nau-chin","7":"product_cat-dac-san-mien-bac","8":"product_tag-ca-tram-kho","9":"product_tag-ca-kho-lang-vu-dai","10":"product_tag-ca-kho-vu-dai-tai-sai-gon","11":"product_tag-ca-kho-vu-dai","12":"product_tag-ca-kho-vu-dai-tai-tp-hcm","13":"product_tag-ca-kho-lang-vu-dai-tai-mien-nam","14":"product_tag-ca-kho-sai-gon","15":"product_tag-ca-kho-mien-nam","17":"first","18":"instock","19":"featured","20":"shipping-taxable","21":"purchasable","22":"product-type-simple"},"yoast_head":"<!-- This site is optimized with the Yoast SEO plugin v27.4 - https:\/\/yoast.com\/product\/yoast-seo-wordpress\/ -->\n<title>C\u00e1 Kho L\u00e0ng V\u0169 \u0110\u1ea1i ch\u00ednh g\u1ed1c - C\u00e1 Tr\u1eafm \u0110en<\/title>\n<meta name=\"description\" content=\"C\u00e1 tr\u1eafm \u0111en k\u1ebft h\u1ee3p v\u1edbi c\u00f4ng th\u1ee9c ri\u00eang \u0111\u00e3 t\u1ea1o ra m\u00f3n c\u00e1 kho l\u00e0ng V\u0169 \u0110\u1ea1i \u0111\u01b0\u1ee3c ng\u01b0\u1eddi ti\u00eau d\u00f9ng b\u00ecnh ch\u1ecdn l\u00e0 m\u00f3n c\u00e1 kho ngon nh\u1ea5t Vi\u1ec7t Nam.\" \/>\n<meta name=\"robots\" content=\"index, follow, max-snippet:-1, max-image-preview:large, max-video-preview:-1\" \/>\n<link rel=\"canonical\" href=\"https:\/\/thucphamtienloi.com\/?product=ca-kho-lang-vu-dai\" \/>\n<meta property=\"og:locale\" content=\"vi_VN\" \/>\n<meta property=\"og:type\" content=\"article\" \/>\n<meta property=\"og:title\" content=\"C\u00e1 Kho L\u00e0ng V\u0169 \u0110\u1ea1i ch\u00ednh g\u1ed1c - C\u00e1 Tr\u1eafm \u0110en\" \/>\n<meta property=\"og:description\" content=\"C\u00e1 tr\u1eafm \u0111en k\u1ebft h\u1ee3p v\u1edbi c\u00f4ng th\u1ee9c ri\u00eang \u0111\u00e3 t\u1ea1o ra m\u00f3n c\u00e1 kho l\u00e0ng V\u0169 \u0110\u1ea1i \u0111\u01b0\u1ee3c ng\u01b0\u1eddi ti\u00eau d\u00f9ng b\u00ecnh ch\u1ecdn l\u00e0 m\u00f3n c\u00e1 kho ngon nh\u1ea5t Vi\u1ec7t Nam.\" \/>\n<meta property=\"og:url\" content=\"https:\/\/thucphamtienloi.com\/?product=ca-kho-lang-vu-dai\" \/>\n<meta property=\"og:site_name\" content=\"\u1ea8M TH\u1ef0C BA MI\u1ec0N\" \/>\n<meta property=\"article:modified_time\" content=\"2026-04-15T05:37:57+00:00\" \/>\n<meta property=\"og:image\" content=\"https:\/\/thucphamtienloi.com\/wp-content\/uploads\/2020\/05\/ca-kho-vu-dai.jpg\" \/>\n\t<meta property=\"og:image:width\" content=\"650\" \/>\n\t<meta property=\"og:image:height\" content=\"650\" \/>\n\t<meta property=\"og:image:type\" content=\"image\/jpeg\" \/>\n<meta name=\"twitter:card\" content=\"summary_large_image\" \/>\n<meta name=\"twitter:label1\" content=\"\u01af\u1edbc t\u00ednh th\u1eddi gian \u0111\u1ecdc\" \/>\n\t<meta name=\"twitter:data1\" content=\"6 ph\u00fat\" \/>\n<script type=\"application\/ld+json\" class=\"yoast-schema-graph\">{\"@context\":\"https:\\\/\\\/schema.org\",\"@graph\":[{\"@type\":[\"WebPage\",\"ItemPage\"],\"@id\":\"https:\\\/\\\/thucphamtienloi.com\\\/?product=ca-kho-lang-vu-dai\",\"url\":\"https:\\\/\\\/thucphamtienloi.com\\\/?product=ca-kho-lang-vu-dai\",\"name\":\"C\u00e1 Kho L\u00e0ng V\u0169 \u0110\u1ea1i ch\u00ednh g\u1ed1c - C\u00e1 Tr\u1eafm \u0110en\",\"isPartOf\":{\"@id\":\"https:\\\/\\\/thucphamtienloi.com\\\/#website\"},\"primaryImageOfPage\":{\"@id\":\"https:\\\/\\\/thucphamtienloi.com\\\/?product=ca-kho-lang-vu-dai#primaryimage\"},\"image\":{\"@id\":\"https:\\\/\\\/thucphamtienloi.com\\\/?product=ca-kho-lang-vu-dai#primaryimage\"},\"thumbnailUrl\":\"https:\\\/\\\/thucphamtienloi.com\\\/wp-content\\\/uploads\\\/2020\\\/05\\\/ca-kho-vu-dai.jpg\",\"datePublished\":\"2020-05-16T03:29:04+00:00\",\"dateModified\":\"2026-04-15T05:37:57+00:00\",\"description\":\"C\u00e1 tr\u1eafm \u0111en k\u1ebft h\u1ee3p v\u1edbi c\u00f4ng th\u1ee9c ri\u00eang \u0111\u00e3 t\u1ea1o ra m\u00f3n c\u00e1 kho l\u00e0ng V\u0169 \u0110\u1ea1i \u0111\u01b0\u1ee3c ng\u01b0\u1eddi ti\u00eau d\u00f9ng b\u00ecnh ch\u1ecdn l\u00e0 m\u00f3n c\u00e1 kho ngon nh\u1ea5t Vi\u1ec7t Nam.\",\"breadcrumb\":{\"@id\":\"https:\\\/\\\/thucphamtienloi.com\\\/?product=ca-kho-lang-vu-dai#breadcrumb\"},\"inLanguage\":\"vi\",\"potentialAction\":[{\"@type\":\"ReadAction\",\"target\":[\"https:\\\/\\\/thucphamtienloi.com\\\/?product=ca-kho-lang-vu-dai\"]}]},{\"@type\":\"ImageObject\",\"inLanguage\":\"vi\",\"@id\":\"https:\\\/\\\/thucphamtienloi.com\\\/?product=ca-kho-lang-vu-dai#primaryimage\",\"url\":\"https:\\\/\\\/thucphamtienloi.com\\\/wp-content\\\/uploads\\\/2020\\\/05\\\/ca-kho-vu-dai.jpg\",\"contentUrl\":\"https:\\\/\\\/thucphamtienloi.com\\\/wp-content\\\/uploads\\\/2020\\\/05\\\/ca-kho-vu-dai.jpg\",\"width\":650,\"height\":650,\"caption\":\"Ni\u00eau c\u00e1 kho l\u00e0ng V\u0169 \u0110\u1ea1i - Tr\u1ea7n Lu\u1eadn\"},{\"@type\":\"BreadcrumbList\",\"@id\":\"https:\\\/\\\/thucphamtienloi.com\\\/?product=ca-kho-lang-vu-dai#breadcrumb\",\"itemListElement\":[{\"@type\":\"ListItem\",\"position\":1,\"name\":\"Trang ch\u1ee7\",\"item\":\"https:\\\/\\\/thucphamtienloi.com\\\/\"},{\"@type\":\"ListItem\",\"position\":2,\"name\":\"C\u1eeda H\u00e0ng\",\"item\":\"https:\\\/\\\/thucphamtienloi.com\\\/?page_id=3334\"},{\"@type\":\"ListItem\",\"position\":3,\"name\":\"M\u00f3n \u0102n N\u1ea5u Ch\u00edn\",\"item\":\"https:\\\/\\\/thucphamtienloi.com\\\/?product_cat=mon-an-nau-chin\"},{\"@type\":\"ListItem\",\"position\":4,\"name\":\"C\u00e1 Kho L\u00e0ng V\u0169 \u0110\u1ea1i ch\u00ednh g\u1ed1c &#8211; C\u00e1 Tr\u1eafm \u0110en\"}]},{\"@type\":\"WebSite\",\"@id\":\"https:\\\/\\\/thucphamtienloi.com\\\/#website\",\"url\":\"https:\\\/\\\/thucphamtienloi.com\\\/\",\"name\":\"Th\u1ef1c ph\u1ea9m ti\u1ec7n l\u1ee3i\",\"description\":\"\u1ea8m Th\u1ef1c Qu\u00ea H\u01b0\u01a1ng\",\"publisher\":{\"@id\":\"https:\\\/\\\/thucphamtienloi.com\\\/#organization\"},\"potentialAction\":[{\"@type\":\"SearchAction\",\"target\":{\"@type\":\"EntryPoint\",\"urlTemplate\":\"https:\\\/\\\/thucphamtienloi.com\\\/?s={search_term_string}\"},\"query-input\":{\"@type\":\"PropertyValueSpecification\",\"valueRequired\":true,\"valueName\":\"search_term_string\"}}],\"inLanguage\":\"vi\"},{\"@type\":\"Organization\",\"@id\":\"https:\\\/\\\/thucphamtienloi.com\\\/#organization\",\"name\":\"Th\u1ef1c ph\u1ea9m ti\u1ec7n l\u1ee3i\",\"url\":\"https:\\\/\\\/thucphamtienloi.com\\\/\",\"logo\":{\"@type\":\"ImageObject\",\"inLanguage\":\"vi\",\"@id\":\"https:\\\/\\\/thucphamtienloi.com\\\/#\\\/schema\\\/logo\\\/image\\\/\",\"url\":\"https:\\\/\\\/thucphamtienloi.com\\\/wp-content\\\/uploads\\\/2022\\\/07\\\/THU\u031b\u0323C-PHA\u0302\u0309M-TIE\u0323\u0302N-LO\u031b\u0323I.png\",\"contentUrl\":\"https:\\\/\\\/thucphamtienloi.com\\\/wp-content\\\/uploads\\\/2022\\\/07\\\/THU\u031b\u0323C-PHA\u0302\u0309M-TIE\u0323\u0302N-LO\u031b\u0323I.png\",\"width\":1920,\"height\":1080,\"caption\":\"Th\u1ef1c ph\u1ea9m ti\u1ec7n l\u1ee3i\"},\"image\":{\"@id\":\"https:\\\/\\\/thucphamtienloi.com\\\/#\\\/schema\\\/logo\\\/image\\\/\"}}]}<\/script>\n<!-- \/ Yoast SEO plugin. -->","yoast_head_json":{"title":"C\u00e1 Kho L\u00e0ng V\u0169 \u0110\u1ea1i ch\u00ednh g\u1ed1c - C\u00e1 Tr\u1eafm \u0110en","description":"C\u00e1 tr\u1eafm \u0111en k\u1ebft h\u1ee3p v\u1edbi c\u00f4ng th\u1ee9c ri\u00eang \u0111\u00e3 t\u1ea1o ra m\u00f3n c\u00e1 kho l\u00e0ng V\u0169 \u0110\u1ea1i \u0111\u01b0\u1ee3c ng\u01b0\u1eddi ti\u00eau d\u00f9ng b\u00ecnh ch\u1ecdn l\u00e0 m\u00f3n c\u00e1 kho ngon nh\u1ea5t Vi\u1ec7t Nam.","robots":{"index":"index","follow":"follow","max-snippet":"max-snippet:-1","max-image-preview":"max-image-preview:large","max-video-preview":"max-video-preview:-1"},"canonical":"https:\/\/thucphamtienloi.com\/?product=ca-kho-lang-vu-dai","og_locale":"vi_VN","og_type":"article","og_title":"C\u00e1 Kho L\u00e0ng V\u0169 \u0110\u1ea1i ch\u00ednh g\u1ed1c - C\u00e1 Tr\u1eafm \u0110en","og_description":"C\u00e1 tr\u1eafm \u0111en k\u1ebft h\u1ee3p v\u1edbi c\u00f4ng th\u1ee9c ri\u00eang \u0111\u00e3 t\u1ea1o ra m\u00f3n c\u00e1 kho l\u00e0ng V\u0169 \u0110\u1ea1i \u0111\u01b0\u1ee3c ng\u01b0\u1eddi ti\u00eau d\u00f9ng b\u00ecnh ch\u1ecdn l\u00e0 m\u00f3n c\u00e1 kho ngon nh\u1ea5t Vi\u1ec7t Nam.","og_url":"https:\/\/thucphamtienloi.com\/?product=ca-kho-lang-vu-dai","og_site_name":"\u1ea8M TH\u1ef0C BA MI\u1ec0N","article_modified_time":"2026-04-15T05:37:57+00:00","og_image":[{"width":650,"height":650,"url":"https:\/\/thucphamtienloi.com\/wp-content\/uploads\/2020\/05\/ca-kho-vu-dai.jpg","type":"image\/jpeg"}],"twitter_card":"summary_large_image","twitter_misc":{"\u01af\u1edbc t\u00ednh th\u1eddi gian \u0111\u1ecdc":"6 ph\u00fat"},"schema":{"@context":"https:\/\/schema.org","@graph":[{"@type":["WebPage","ItemPage"],"@id":"https:\/\/thucphamtienloi.com\/?product=ca-kho-lang-vu-dai","url":"https:\/\/thucphamtienloi.com\/?product=ca-kho-lang-vu-dai","name":"C\u00e1 Kho L\u00e0ng V\u0169 \u0110\u1ea1i ch\u00ednh g\u1ed1c - C\u00e1 Tr\u1eafm \u0110en","isPartOf":{"@id":"https:\/\/thucphamtienloi.com\/#website"},"primaryImageOfPage":{"@id":"https:\/\/thucphamtienloi.com\/?product=ca-kho-lang-vu-dai#primaryimage"},"image":{"@id":"https:\/\/thucphamtienloi.com\/?product=ca-kho-lang-vu-dai#primaryimage"},"thumbnailUrl":"https:\/\/thucphamtienloi.com\/wp-content\/uploads\/2020\/05\/ca-kho-vu-dai.jpg","datePublished":"2020-05-16T03:29:04+00:00","dateModified":"2026-04-15T05:37:57+00:00","description":"C\u00e1 tr\u1eafm \u0111en k\u1ebft h\u1ee3p v\u1edbi c\u00f4ng th\u1ee9c ri\u00eang \u0111\u00e3 t\u1ea1o ra m\u00f3n c\u00e1 kho l\u00e0ng V\u0169 \u0110\u1ea1i \u0111\u01b0\u1ee3c ng\u01b0\u1eddi ti\u00eau d\u00f9ng b\u00ecnh ch\u1ecdn l\u00e0 m\u00f3n c\u00e1 kho ngon nh\u1ea5t Vi\u1ec7t Nam.","breadcrumb":{"@id":"https:\/\/thucphamtienloi.com\/?product=ca-kho-lang-vu-dai#breadcrumb"},"inLanguage":"vi","potentialAction":[{"@type":"ReadAction","target":["https:\/\/thucphamtienloi.com\/?product=ca-kho-lang-vu-dai"]}]},{"@type":"ImageObject","inLanguage":"vi","@id":"https:\/\/thucphamtienloi.com\/?product=ca-kho-lang-vu-dai#primaryimage","url":"https:\/\/thucphamtienloi.com\/wp-content\/uploads\/2020\/05\/ca-kho-vu-dai.jpg","contentUrl":"https:\/\/thucphamtienloi.com\/wp-content\/uploads\/2020\/05\/ca-kho-vu-dai.jpg","width":650,"height":650,"caption":"Ni\u00eau c\u00e1 kho l\u00e0ng V\u0169 \u0110\u1ea1i - Tr\u1ea7n Lu\u1eadn"},{"@type":"BreadcrumbList","@id":"https:\/\/thucphamtienloi.com\/?product=ca-kho-lang-vu-dai#breadcrumb","itemListElement":[{"@type":"ListItem","position":1,"name":"Trang ch\u1ee7","item":"https:\/\/thucphamtienloi.com\/"},{"@type":"ListItem","position":2,"name":"C\u1eeda H\u00e0ng","item":"https:\/\/thucphamtienloi.com\/?page_id=3334"},{"@type":"ListItem","position":3,"name":"M\u00f3n \u0102n N\u1ea5u Ch\u00edn","item":"https:\/\/thucphamtienloi.com\/?product_cat=mon-an-nau-chin"},{"@type":"ListItem","position":4,"name":"C\u00e1 Kho L\u00e0ng V\u0169 \u0110\u1ea1i ch\u00ednh g\u1ed1c &#8211; C\u00e1 Tr\u1eafm \u0110en"}]},{"@type":"WebSite","@id":"https:\/\/thucphamtienloi.com\/#website","url":"https:\/\/thucphamtienloi.com\/","name":"Th\u1ef1c ph\u1ea9m ti\u1ec7n l\u1ee3i","description":"\u1ea8m Th\u1ef1c Qu\u00ea H\u01b0\u01a1ng","publisher":{"@id":"https:\/\/thucphamtienloi.com\/#organization"},"potentialAction":[{"@type":"SearchAction","target":{"@type":"EntryPoint","urlTemplate":"https:\/\/thucphamtienloi.com\/?s={search_term_string}"},"query-input":{"@type":"PropertyValueSpecification","valueRequired":true,"valueName":"search_term_string"}}],"inLanguage":"vi"},{"@type":"Organization","@id":"https:\/\/thucphamtienloi.com\/#organization","name":"Th\u1ef1c ph\u1ea9m ti\u1ec7n l\u1ee3i","url":"https:\/\/thucphamtienloi.com\/","logo":{"@type":"ImageObject","inLanguage":"vi","@id":"https:\/\/thucphamtienloi.com\/#\/schema\/logo\/image\/","url":"https:\/\/thucphamtienloi.com\/wp-content\/uploads\/2022\/07\/THU\u031b\u0323C-PHA\u0302\u0309M-TIE\u0323\u0302N-LO\u031b\u0323I.png","contentUrl":"https:\/\/thucphamtienloi.com\/wp-content\/uploads\/2022\/07\/THU\u031b\u0323C-PHA\u0302\u0309M-TIE\u0323\u0302N-LO\u031b\u0323I.png","width":1920,"height":1080,"caption":"Th\u1ef1c ph\u1ea9m ti\u1ec7n l\u1ee3i"},"image":{"@id":"https:\/\/thucphamtienloi.com\/#\/schema\/logo\/image\/"}}]}},"_links":{"self":[{"href":"https:\/\/thucphamtienloi.com\/index.php?rest_route=\/wp\/v2\/product\/331","targetHints":{"allow":["GET"]}}],"collection":[{"href":"https:\/\/thucphamtienloi.com\/index.php?rest_route=\/wp\/v2\/product"}],"about":[{"href":"https:\/\/thucphamtienloi.com\/index.php?rest_route=\/wp\/v2\/types\/product"}],"replies":[{"embeddable":true,"href":"https:\/\/thucphamtienloi.com\/index.php?rest_route=%2Fwp%2Fv2%2Fcomments&post=331"}],"wp:featuredmedia":[{"embeddable":true,"href":"https:\/\/thucphamtienloi.com\/index.php?rest_route=\/wp\/v2\/media\/3249"}],"wp:attachment":[{"href":"https:\/\/thucphamtienloi.com\/index.php?rest_route=%2Fwp%2Fv2%2Fmedia&parent=331"}],"wp:term":[{"taxonomy":"product_brand","embeddable":true,"href":"https:\/\/thucphamtienloi.com\/index.php?rest_route=%2Fwp%2Fv2%2Fproduct_brand&post=331"},{"taxonomy":"product_cat","embeddable":true,"href":"https:\/\/thucphamtienloi.com\/index.php?rest_route=%2Fwp%2Fv2%2Fproduct_cat&post=331"},{"taxonomy":"product_tag","embeddable":true,"href":"https:\/\/thucphamtienloi.com\/index.php?rest_route=%2Fwp%2Fv2%2Fproduct_tag&post=331"}],"curies":[{"name":"wp","href":"https:\/\/api.w.org\/{rel}","templated":true}]}}