{"id":426,"date":"2020-05-26T22:53:13","date_gmt":"2020-05-26T22:53:13","guid":{"rendered":"http:\/\/thucphamtienloi.com\/?post_type=product&#038;p=426"},"modified":"2025-10-19T16:16:37","modified_gmt":"2025-10-19T16:16:37","slug":"banh-da-nem-lang-cheu","status":"publish","type":"product","link":"https:\/\/thucphamtienloi.com\/?product=banh-da-nem-lang-cheu","title":{"rendered":"B\u00e1nh \u0110a Nem L\u00e0ng Ch\u1ec1u &#8211; H\u00e0 Nam"},"content":{"rendered":"<p><strong>\u00a0B\u00e1nh \u0111a nem l\u00e0ng Ch\u1ec1u<\/strong> m\u1ec1m v\u00e0 c\u00f3 \u0111\u1ed9 d\u1ebbo cao v\u1edbi nguy\u00ean li\u1ec7u ch\u00ednh l\u00e0 b\u1ed9t g\u1ea1o v\u00e0 mu\u1ed1i. C\u1eeda h\u00e0ng <a href=\"https:\/\/thucphamtienloi.com\/\" target=\"_blank\" rel=\"noopener noreferrer\"><strong>Th\u1ef1c Ph\u1ea9m Ti\u1ec7n L\u1ee3i<\/strong><\/a> \u0111ang cung c\u1ea5p s\u1ea3n ph\u1ea9m t\u1ea1i S\u00e0i G\u00f2n v\u1edbi gi\u00e1 10k\/t\u1ec7p. Mua l\u1ebb v\u00e0 mua s\u1ec9 qu\u00fd kh\u00e1ch vui l\u00f2ng li\u00ean h\u1ec7 Hotline : <strong class=\"uppercase\">0987.506.349.<\/strong><\/p>\n<h2><strong>L\u1ecbch s\u1eed 700 n\u0103m c\u1ee7a b\u00e1nh \u0111a nem l\u00e0ng Ch\u1ec1u<\/strong><\/h2>\n<p>Theo gia ph\u1ea3 c\u1ee7a l\u00e0ng, v\u00e0o n\u0103m 1349 (\u0111\u1eddi Tr\u1ea7n D\u1ee5 T\u00f4ng), cu\u0323 t\u00f4\u0309 cu\u0309a ngh\u00ea\u0300 ba\u0301nh \u0111a nem la\u0300ng Ch\u00ea\u0300u la\u0300 cu\u0323 Tr\u00e2\u0300n V\u0103n Ha\u0301m, gia \u0111\u00ecnh c\u1ee5 Tr\u1ea7n V\u0103n H\u00e1m h\u00f4\u0300i \u0111o\u0301 l\u00e0m ngh\u1ec1 xay x\u00e1t g\u1ea1o.Th\u00e2\u0301y\u00a0d\u00e2n l\u00e0ng kh\u00f3 kh\u0103n, g\u1ea1o l\u00e0m ra ti\u00eau th\u1ee5 ch\u1eadm n\u00ean c\u1ee5 \u0111\u00e3 ngh\u0129 ra m\u1ed9t c\u00e1ch l\u00e0 n<strong>g\u00e2m g\u1ea1o r\u1ed3i gi\u00e3 nghi\u1ec1n th\u00e0nh b\u1ed9t n\u01b0\u1edbc v\u00e0 h\u1ea5p tr\u00ean n\u1ed3i n\u01b0\u1edbc s\u00f4i<\/strong>\u00a0r\u1ed3i \u0111\u01b0a ra ngo\u00e0i ph\u01a1i kh\u00f4.<\/p>\n<p><strong><img loading=\"lazy\" decoding=\"async\" class=\"aligncenter wp-image-1324\" src=\"https:\/\/thucphamtienloi.com\/wp-content\/uploads\/2020\/05\/banh-da-nem-lang-cheu.jpg\" alt=\"lich-su-banh-da-nem\" width=\"800\" height=\"635\" \/><\/strong><\/p>\n<p>Th\u00e2\u0301y sa\u0309n ph\u00e2\u0309m na\u0300y v\u01b0\u0300a ngon, la\u0323i ba\u0309o qua\u0309n \u0111\u01b0\u01a1\u0323c l\u00e2u n\u00ean c\u1ee5 truy\u1ec1n d\u1ea1y vi\u1ec7c n\u00e0y cho d\u00e2n l\u00e0ng. \u0110\u1ebfn nay theo truy\u1ec1n th\u1ed1ng c\u1ee7a l\u00e0ng c\u1ee9 v\u00e0o ng\u00e0y 10\/2 \u00e2m l\u1ecbch h\u00e0ng n\u0103m, d\u00e2n trong l\u00e0ng \u0111\u1ec1u t\u1ed5 ch\u1ee9c l\u1ec5 d\u00e2ng h\u01b0\u01a1ng t\u01b0\u1edfng nh\u1edb t\u1edbi \u00f4ng t\u1ed5 ngh\u1ec1 t\u1ea1i \u0111\u00ecnh l\u00e0ng.<\/p>\n<h2><strong>Quy tri\u0300nh sa\u0309n xu\u00e2\u0301t ba\u0301nh \u0111a nem la\u0300ng Ch\u00ea\u0300u<\/strong><\/h2>\n<p>B\u01b0\u01a1\u0301c 1: L\u01b0\u0323a cho\u0323n nguy\u00ean li\u00ea\u0323u: Bao g\u00f4\u0300m ga\u0323o, n\u01b0\u01a1\u0301c sa\u0323ch, m\u00f4\u0323t chu\u0301t mu\u00f4\u0301i va\u0300 d\u00e2\u0300u (ho\u0103\u0323c m\u01a1\u0303 \u0111\u00f4\u0323ng v\u00e2\u0323t)&#8230;B\u00e1nh \u0111a nem l\u00e0ng Ch\u1ec1u \u0111\u01b0\u1ee3c l\u00e0m t\u1eeb g\u1ea1o t\u1ebb, l\u1ef1a ch\u1ecdn m\u1ed9t c\u00e1ch k\u1ef9 l\u01b0\u1ee1ng \u0111\u1ec3 ch\u1ea5t l\u01b0\u1ee3ng b\u00e1nh \u0111\u01b0\u1ee3c \u0111\u1ea3m b\u1ea3o.<\/p>\n<p>B\u01b0\u01a1\u0301c 2: Ng\u00e2m g\u1ea1o &#8211; ga\u0323o \u0111\u01b0\u01a1\u0323c ng\u00e2m khoa\u0309ng 1 \u0111\u00eam cho m\u00ea\u0300m tr\u01b0\u01a1\u0301c khi mang xay, trong qua\u0301 tri\u0300nh ng\u00e2m cho th\u00eam 1 chu\u0301t mu\u00f4\u0301i cho ba\u0301nh co\u0301 th\u00eam vi\u0323 m\u0103\u0323n ma\u0300<\/p>\n<p>B\u01b0\u01a1\u0301c 3: Xay ga\u0323o &#8211; Nga\u0300y tr\u01b0\u01a1\u0301c, ca\u0301c cu\u0323 th\u01b0\u01a1\u0300ng gia\u0303 ga\u0323o trong c\u00f4\u0301i, sa\u0301u na\u0300y la\u0300 c\u00f4\u0301i xay, nh\u01b0ng b\u00e2y gi\u01a1\u0300 c\u00f4ng ngh\u00ea\u0323 hi\u00ea\u0323n \u0111a\u0323i n\u00ean ga\u0323o \u0111\u01b0\u01a1\u0323c xay b\u0103\u0300ng ma\u0301y xay<\/p>\n<p>B\u01b0\u01a1\u0301c 4: Ga\u0323o sau khi xay \u0111\u01b0\u01a1\u0323c\u00a0 l\u00e0m ch\u00edn qua n\u1ed3i \u00e1p su\u1ea5t r\u00f4\u0300i \u0111\u01b0\u01a1\u0323c da\u0309i l\u00ean ca\u0301c ph\u00ean nan<\/p>\n<p>B\u01b0\u01a1\u0301c 5: \u0110em ph\u01a1i tr\u00ean nh\u1eefng chi\u1ebfc ph\u00ean tre. Th\u00f4ng th\u01b0\u01a1\u0300ng ng\u01b0\u01a1\u0300i d\u00e2n pha\u0309i m\u00e2\u0301t ca\u0309 \u0111\u00eam \u0111\u00ea\u0309 ng\u00e2m ga\u0323o, r\u00f4\u0300i \u0111\u01b0a ga\u0323o \u0111\u01b0\u01a1\u0323c la\u0300m chi\u0301n l\u00ean ph\u00ean tr\u01b0\u01a1\u0301c 6h sa\u0301ng r\u00f4\u0300i ph\u01a1i trong vo\u0300ng m\u00f4\u0323t bu\u00f4\u0309i sa\u0301ng. Pha\u0309i la\u0300 ba\u0301nh ph\u01a1i n\u0103\u0301ng bu\u00f4\u0309i sa\u0301ng m\u01a1\u0301i go\u0301p ph\u00e2\u0300n la\u0300m cho ba\u0301nh \u0111a nem la\u0300ng Ch\u00ea\u0300u th\u01a1m ngon h\u01a1n,\u00a0<\/p>\n<p><strong><img loading=\"lazy\" decoding=\"async\" class=\"aligncenter wp-image-1326\" src=\"https:\/\/thucphamtienloi.com\/wp-content\/uploads\/2020\/05\/phoi-banh-da-nem.jpg\" alt=\"\" width=\"800\" height=\"449\" srcset=\"https:\/\/thucphamtienloi.com\/wp-content\/uploads\/2020\/05\/phoi-banh-da-nem.jpg 600w, https:\/\/thucphamtienloi.com\/wp-content\/uploads\/2020\/05\/phoi-banh-da-nem-510x286.jpg 510w\" sizes=\"auto, (max-width: 800px) 100vw, 800px\" \/><\/strong><\/p>\n<p>B\u01b0\u01a1\u0301c 6: Bo\u0301c ba\u0301nh, ho\u00e0n thi\u1ec7n s\u1ea3n ph\u1ea9m. Tu\u0300y m\u01b0\u0301c \u0111\u00f4\u0323 n\u0103\u0301ng, khi th\u00e2\u0301y nh\u01b0\u0303ng chi\u00ea\u0301c ph\u00ean ba\u0301nh k\u00eau la\u0301ch ta\u0301ch la\u0300 lu\u0301c ba\u0301nh \u0111a\u0303 kh\u00f4, c\u00e2\u0300n pha\u0309i mang v\u00ea\u0300 nha\u0300 bo\u0301c lu\u00f4n, ph\u01a1i th\u00eam se\u0303 bi\u0323 ra\u0301ch ba\u0301nh.<\/p>\n<h2><strong>\u0110\u1ecba ch\u1ec9 mua B\u00e1nh \u0110a Nem t\u1ea1i Tp HCM v\u00e0 H\u00e0 N\u1ed9i<\/strong><\/h2>\n<p>N\u1ebfu b\u1ea1n c\u00f3 nhu c\u1ea7u mua s\u1ea3n ph\u1ea9m th\u00ec b\u1ea1n h\u00e3y li\u00ean h\u1ec7 v\u1edbi Hotline : <strong class=\"uppercase\">0987.506.349\u00a0<\/strong>\u0111\u1ec3 \u0111\u01b0\u1ee3c t\u01b0 v\u1ea5n v\u00e0 \u0111\u1eb7t h\u00e0ng. Ho\u1eb7c b\u1ea1n c\u00f3 th\u1ec3 \u0111\u1ebfn tr\u1ef1c ti\u1ebfp c\u1eeda h\u00e0ng t\u1ea1i \u0111\u1ecba ch\u1ec9 sau :<\/p>\n<p><strong>T\u1ea1i S\u00e0i G\u00f2n:<\/strong>\u00a0184\/17 Nguy\u1ec5n Ph\u00fac Chu, P15, Q. T\u00e2n B\u00ecnh , TP HCM (vui l\u00f2ng g\u1ecdi tr\u01b0\u1edbc khi \u0111\u1ebfn)<\/p>\n<p><strong>T\u1ea1i H\u00e0 N\u1ed9i\u00a0 :\u00a0\u00a0<\/strong>PH\u00f2ng 2817,Chung c\u01b0 349,V\u0169 T\u00f4ng Phan,Thanh Xu\u00e2n, H\u00e0 N\u1ed9i (vui l\u00f2ng g\u1ecdi tr\u01b0\u1edbc khi \u0111\u1ebfn)<strong><br \/>\n<\/strong><br \/>\n<strong>Facebook:\u00a0<a href=\"https:\/\/www.facebook.com\/cuahang3mien\/\">https:\/\/www.facebook.com\/cuahang3mien<\/a><\/strong><\/p>\n","protected":false},"excerpt":{"rendered":"<p><strong>\u00a0B\u00e1nh \u0111a nem l\u00e0ng Ch\u1ec1u<\/strong> m\u1ec1m v\u00e0 c\u00f3 \u0111\u1ed9 d\u1ebbo cao v\u1edbi nguy\u00ean li\u1ec7u ch\u00ednh l\u00e0 b\u1ed9t g\u1ea1o v\u00e0 mu\u1ed1i. C\u1eeda h\u00e0ng <a href=\"https:\/\/thucphamtienloi.com\/\" target=\"_blank\" rel=\"noopener noreferrer\"><strong>Th\u1ef1c Ph\u1ea9m Ti\u1ec7n L\u1ee3i<\/strong><\/a> \u0111ang cung c\u1ea5p s\u1ea3n ph\u1ea9m t\u1ea1i S\u00e0i G\u00f2n v\u1edbi gi\u00e1 10k\/t\u1ec7p. Mua l\u1ebb v\u00e0 mua s\u1ec9 qu\u00fd kh\u00e1ch vui l\u00f2ng li\u00ean h\u1ec7 Hotline : <strong class=\"uppercase\">0987.506.349.<\/strong><\/p>\n","protected":false},"featured_media":421,"comment_status":"closed","ping_status":"closed","template":"","meta":[],"product_brand":[],"product_cat":[68,78],"product_tag":[572,573,569,570,571],"class_list":{"0":"post-426","1":"product","2":"type-product","3":"status-publish","4":"has-post-thumbnail","6":"product_cat-dac-san-mien-bac","7":"product_cat-do-kho-gia-vi","8":"product_tag-banh-da-nem","9":"product_tag-cua-hang-ban-banh-da-nem-tai-sai-gon","10":"product_tag-banh-da-nem-lang-cheu","11":"product_tag-lang-cheu","12":"product_tag-dac-san-lang-cheu","14":"first","15":"instock","16":"shipping-taxable","17":"purchasable","18":"product-type-simple"},"yoast_head":"<!-- This site is optimized with the Yoast SEO plugin v27.4 - https:\/\/yoast.com\/product\/yoast-seo-wordpress\/ -->\n<title>B\u00e1nh \u0110a Nem L\u00e0ng Ch\u1ec1u - H\u00e0 Nam - \u1ea8M TH\u1ef0C BA MI\u1ec0N<\/title>\n<meta name=\"description\" content=\"B\u00e1nh \u0111a nem l\u00e0ng Ch\u1ec1u m\u1ec1m v\u00e0 c\u00f3 \u0111\u1ed9 d\u1ebbo cao v\u1edbi nguy\u00ean li\u1ec7u ch\u00ednh l\u00e0 b\u1ed9t g\u1ea1o v\u00e0 mu\u1ed1i. S\u1ea3n ph\u1ea9m \u0111ang \u0111\u01b0\u1ee3c b\u00e1n t\u1ea1i S\u00e0i G\u00f2n v\u1edbi gi\u00e1 10k\/t\u1ec7p\" \/>\n<meta name=\"robots\" content=\"index, follow, max-snippet:-1, max-image-preview:large, max-video-preview:-1\" \/>\n<link rel=\"canonical\" href=\"https:\/\/thucphamtienloi.com\/?product=banh-da-nem-lang-cheu\" \/>\n<meta property=\"og:locale\" content=\"vi_VN\" \/>\n<meta property=\"og:type\" content=\"article\" \/>\n<meta property=\"og:title\" content=\"B\u00e1nh \u0110a Nem L\u00e0ng Ch\u1ec1u - H\u00e0 Nam - \u1ea8M TH\u1ef0C BA MI\u1ec0N\" \/>\n<meta property=\"og:description\" content=\"B\u00e1nh \u0111a nem l\u00e0ng Ch\u1ec1u m\u1ec1m v\u00e0 c\u00f3 \u0111\u1ed9 d\u1ebbo cao v\u1edbi nguy\u00ean li\u1ec7u ch\u00ednh l\u00e0 b\u1ed9t g\u1ea1o v\u00e0 mu\u1ed1i. S\u1ea3n ph\u1ea9m \u0111ang \u0111\u01b0\u1ee3c b\u00e1n t\u1ea1i S\u00e0i G\u00f2n v\u1edbi gi\u00e1 10k\/t\u1ec7p\" \/>\n<meta property=\"og:url\" content=\"https:\/\/thucphamtienloi.com\/?product=banh-da-nem-lang-cheu\" \/>\n<meta property=\"og:site_name\" content=\"\u1ea8M TH\u1ef0C BA MI\u1ec0N\" \/>\n<meta property=\"article:modified_time\" content=\"2025-10-19T16:16:37+00:00\" \/>\n<meta property=\"og:image\" content=\"https:\/\/thucphamtienloi.com\/wp-content\/uploads\/2020\/05\/banhdanem.png\" \/>\n\t<meta property=\"og:image:width\" content=\"300\" \/>\n\t<meta property=\"og:image:height\" content=\"300\" \/>\n\t<meta property=\"og:image:type\" content=\"image\/png\" \/>\n<meta name=\"twitter:card\" content=\"summary_large_image\" \/>\n<meta name=\"twitter:label1\" content=\"\u01af\u1edbc t\u00ednh th\u1eddi gian \u0111\u1ecdc\" \/>\n\t<meta name=\"twitter:data1\" content=\"4 ph\u00fat\" \/>\n<script type=\"application\/ld+json\" class=\"yoast-schema-graph\">{\"@context\":\"https:\\\/\\\/schema.org\",\"@graph\":[{\"@type\":[\"WebPage\",\"ItemPage\"],\"@id\":\"https:\\\/\\\/thucphamtienloi.com\\\/?product=banh-da-nem-lang-cheu\",\"url\":\"https:\\\/\\\/thucphamtienloi.com\\\/?product=banh-da-nem-lang-cheu\",\"name\":\"B\u00e1nh \u0110a Nem L\u00e0ng Ch\u1ec1u - H\u00e0 Nam - \u1ea8M TH\u1ef0C BA MI\u1ec0N\",\"isPartOf\":{\"@id\":\"https:\\\/\\\/thucphamtienloi.com\\\/#website\"},\"primaryImageOfPage\":{\"@id\":\"https:\\\/\\\/thucphamtienloi.com\\\/?product=banh-da-nem-lang-cheu#primaryimage\"},\"image\":{\"@id\":\"https:\\\/\\\/thucphamtienloi.com\\\/?product=banh-da-nem-lang-cheu#primaryimage\"},\"thumbnailUrl\":\"https:\\\/\\\/thucphamtienloi.com\\\/wp-content\\\/uploads\\\/2020\\\/05\\\/banhdanem.png\",\"datePublished\":\"2020-05-26T22:53:13+00:00\",\"dateModified\":\"2025-10-19T16:16:37+00:00\",\"description\":\"B\u00e1nh \u0111a nem l\u00e0ng Ch\u1ec1u m\u1ec1m v\u00e0 c\u00f3 \u0111\u1ed9 d\u1ebbo cao v\u1edbi nguy\u00ean li\u1ec7u ch\u00ednh l\u00e0 b\u1ed9t g\u1ea1o v\u00e0 mu\u1ed1i. S\u1ea3n ph\u1ea9m \u0111ang \u0111\u01b0\u1ee3c b\u00e1n t\u1ea1i S\u00e0i G\u00f2n v\u1edbi gi\u00e1 10k\\\/t\u1ec7p\",\"breadcrumb\":{\"@id\":\"https:\\\/\\\/thucphamtienloi.com\\\/?product=banh-da-nem-lang-cheu#breadcrumb\"},\"inLanguage\":\"vi\",\"potentialAction\":[{\"@type\":\"ReadAction\",\"target\":[\"https:\\\/\\\/thucphamtienloi.com\\\/?product=banh-da-nem-lang-cheu\"]}]},{\"@type\":\"ImageObject\",\"inLanguage\":\"vi\",\"@id\":\"https:\\\/\\\/thucphamtienloi.com\\\/?product=banh-da-nem-lang-cheu#primaryimage\",\"url\":\"https:\\\/\\\/thucphamtienloi.com\\\/wp-content\\\/uploads\\\/2020\\\/05\\\/banhdanem.png\",\"contentUrl\":\"https:\\\/\\\/thucphamtienloi.com\\\/wp-content\\\/uploads\\\/2020\\\/05\\\/banhdanem.png\",\"width\":300,\"height\":300,\"caption\":\"b\u00e1nh \u0111a nem\"},{\"@type\":\"BreadcrumbList\",\"@id\":\"https:\\\/\\\/thucphamtienloi.com\\\/?product=banh-da-nem-lang-cheu#breadcrumb\",\"itemListElement\":[{\"@type\":\"ListItem\",\"position\":1,\"name\":\"Trang ch\u1ee7\",\"item\":\"https:\\\/\\\/thucphamtienloi.com\\\/\"},{\"@type\":\"ListItem\",\"position\":2,\"name\":\"C\u1eeda H\u00e0ng\",\"item\":\"https:\\\/\\\/thucphamtienloi.com\\\/?page_id=3334\"},{\"@type\":\"ListItem\",\"position\":3,\"name\":\"\u0110\u1eb7c S\u1ea3n Mi\u1ec1n B\u1eafc\",\"item\":\"https:\\\/\\\/thucphamtienloi.com\\\/danh-muc-san-pham\\\/dac-san-mien-bac\\\/\"},{\"@type\":\"ListItem\",\"position\":4,\"name\":\"B\u00e1nh \u0110a Nem L\u00e0ng Ch\u1ec1u &#8211; H\u00e0 Nam\"}]},{\"@type\":\"WebSite\",\"@id\":\"https:\\\/\\\/thucphamtienloi.com\\\/#website\",\"url\":\"https:\\\/\\\/thucphamtienloi.com\\\/\",\"name\":\"Th\u1ef1c ph\u1ea9m ti\u1ec7n l\u1ee3i\",\"description\":\"\u1ea8m Th\u1ef1c Qu\u00ea H\u01b0\u01a1ng\",\"publisher\":{\"@id\":\"https:\\\/\\\/thucphamtienloi.com\\\/#organization\"},\"potentialAction\":[{\"@type\":\"SearchAction\",\"target\":{\"@type\":\"EntryPoint\",\"urlTemplate\":\"https:\\\/\\\/thucphamtienloi.com\\\/?s={search_term_string}\"},\"query-input\":{\"@type\":\"PropertyValueSpecification\",\"valueRequired\":true,\"valueName\":\"search_term_string\"}}],\"inLanguage\":\"vi\"},{\"@type\":\"Organization\",\"@id\":\"https:\\\/\\\/thucphamtienloi.com\\\/#organization\",\"name\":\"Th\u1ef1c ph\u1ea9m ti\u1ec7n l\u1ee3i\",\"url\":\"https:\\\/\\\/thucphamtienloi.com\\\/\",\"logo\":{\"@type\":\"ImageObject\",\"inLanguage\":\"vi\",\"@id\":\"https:\\\/\\\/thucphamtienloi.com\\\/#\\\/schema\\\/logo\\\/image\\\/\",\"url\":\"https:\\\/\\\/thucphamtienloi.com\\\/wp-content\\\/uploads\\\/2022\\\/07\\\/THU\u031b\u0323C-PHA\u0302\u0309M-TIE\u0323\u0302N-LO\u031b\u0323I.png\",\"contentUrl\":\"https:\\\/\\\/thucphamtienloi.com\\\/wp-content\\\/uploads\\\/2022\\\/07\\\/THU\u031b\u0323C-PHA\u0302\u0309M-TIE\u0323\u0302N-LO\u031b\u0323I.png\",\"width\":1920,\"height\":1080,\"caption\":\"Th\u1ef1c ph\u1ea9m ti\u1ec7n l\u1ee3i\"},\"image\":{\"@id\":\"https:\\\/\\\/thucphamtienloi.com\\\/#\\\/schema\\\/logo\\\/image\\\/\"}}]}<\/script>\n<!-- \/ Yoast SEO plugin. -->","yoast_head_json":{"title":"B\u00e1nh \u0110a Nem L\u00e0ng Ch\u1ec1u - H\u00e0 Nam - \u1ea8M TH\u1ef0C BA MI\u1ec0N","description":"B\u00e1nh \u0111a nem l\u00e0ng Ch\u1ec1u m\u1ec1m v\u00e0 c\u00f3 \u0111\u1ed9 d\u1ebbo cao v\u1edbi nguy\u00ean li\u1ec7u ch\u00ednh l\u00e0 b\u1ed9t g\u1ea1o v\u00e0 mu\u1ed1i. S\u1ea3n ph\u1ea9m \u0111ang \u0111\u01b0\u1ee3c b\u00e1n t\u1ea1i S\u00e0i G\u00f2n v\u1edbi gi\u00e1 10k\/t\u1ec7p","robots":{"index":"index","follow":"follow","max-snippet":"max-snippet:-1","max-image-preview":"max-image-preview:large","max-video-preview":"max-video-preview:-1"},"canonical":"https:\/\/thucphamtienloi.com\/?product=banh-da-nem-lang-cheu","og_locale":"vi_VN","og_type":"article","og_title":"B\u00e1nh \u0110a Nem L\u00e0ng Ch\u1ec1u - H\u00e0 Nam - \u1ea8M TH\u1ef0C BA MI\u1ec0N","og_description":"B\u00e1nh \u0111a nem l\u00e0ng Ch\u1ec1u m\u1ec1m v\u00e0 c\u00f3 \u0111\u1ed9 d\u1ebbo cao v\u1edbi nguy\u00ean li\u1ec7u ch\u00ednh l\u00e0 b\u1ed9t g\u1ea1o v\u00e0 mu\u1ed1i. S\u1ea3n ph\u1ea9m \u0111ang \u0111\u01b0\u1ee3c b\u00e1n t\u1ea1i S\u00e0i G\u00f2n v\u1edbi gi\u00e1 10k\/t\u1ec7p","og_url":"https:\/\/thucphamtienloi.com\/?product=banh-da-nem-lang-cheu","og_site_name":"\u1ea8M TH\u1ef0C BA MI\u1ec0N","article_modified_time":"2025-10-19T16:16:37+00:00","og_image":[{"width":300,"height":300,"url":"https:\/\/thucphamtienloi.com\/wp-content\/uploads\/2020\/05\/banhdanem.png","type":"image\/png"}],"twitter_card":"summary_large_image","twitter_misc":{"\u01af\u1edbc t\u00ednh th\u1eddi gian \u0111\u1ecdc":"4 ph\u00fat"},"schema":{"@context":"https:\/\/schema.org","@graph":[{"@type":["WebPage","ItemPage"],"@id":"https:\/\/thucphamtienloi.com\/?product=banh-da-nem-lang-cheu","url":"https:\/\/thucphamtienloi.com\/?product=banh-da-nem-lang-cheu","name":"B\u00e1nh \u0110a Nem L\u00e0ng Ch\u1ec1u - H\u00e0 Nam - \u1ea8M TH\u1ef0C BA MI\u1ec0N","isPartOf":{"@id":"https:\/\/thucphamtienloi.com\/#website"},"primaryImageOfPage":{"@id":"https:\/\/thucphamtienloi.com\/?product=banh-da-nem-lang-cheu#primaryimage"},"image":{"@id":"https:\/\/thucphamtienloi.com\/?product=banh-da-nem-lang-cheu#primaryimage"},"thumbnailUrl":"https:\/\/thucphamtienloi.com\/wp-content\/uploads\/2020\/05\/banhdanem.png","datePublished":"2020-05-26T22:53:13+00:00","dateModified":"2025-10-19T16:16:37+00:00","description":"B\u00e1nh \u0111a nem l\u00e0ng Ch\u1ec1u m\u1ec1m v\u00e0 c\u00f3 \u0111\u1ed9 d\u1ebbo cao v\u1edbi nguy\u00ean li\u1ec7u ch\u00ednh l\u00e0 b\u1ed9t g\u1ea1o v\u00e0 mu\u1ed1i. S\u1ea3n ph\u1ea9m \u0111ang \u0111\u01b0\u1ee3c b\u00e1n t\u1ea1i S\u00e0i G\u00f2n v\u1edbi gi\u00e1 10k\/t\u1ec7p","breadcrumb":{"@id":"https:\/\/thucphamtienloi.com\/?product=banh-da-nem-lang-cheu#breadcrumb"},"inLanguage":"vi","potentialAction":[{"@type":"ReadAction","target":["https:\/\/thucphamtienloi.com\/?product=banh-da-nem-lang-cheu"]}]},{"@type":"ImageObject","inLanguage":"vi","@id":"https:\/\/thucphamtienloi.com\/?product=banh-da-nem-lang-cheu#primaryimage","url":"https:\/\/thucphamtienloi.com\/wp-content\/uploads\/2020\/05\/banhdanem.png","contentUrl":"https:\/\/thucphamtienloi.com\/wp-content\/uploads\/2020\/05\/banhdanem.png","width":300,"height":300,"caption":"b\u00e1nh \u0111a nem"},{"@type":"BreadcrumbList","@id":"https:\/\/thucphamtienloi.com\/?product=banh-da-nem-lang-cheu#breadcrumb","itemListElement":[{"@type":"ListItem","position":1,"name":"Trang ch\u1ee7","item":"https:\/\/thucphamtienloi.com\/"},{"@type":"ListItem","position":2,"name":"C\u1eeda H\u00e0ng","item":"https:\/\/thucphamtienloi.com\/?page_id=3334"},{"@type":"ListItem","position":3,"name":"\u0110\u1eb7c S\u1ea3n Mi\u1ec1n B\u1eafc","item":"https:\/\/thucphamtienloi.com\/danh-muc-san-pham\/dac-san-mien-bac\/"},{"@type":"ListItem","position":4,"name":"B\u00e1nh \u0110a Nem L\u00e0ng Ch\u1ec1u &#8211; H\u00e0 Nam"}]},{"@type":"WebSite","@id":"https:\/\/thucphamtienloi.com\/#website","url":"https:\/\/thucphamtienloi.com\/","name":"Th\u1ef1c ph\u1ea9m ti\u1ec7n l\u1ee3i","description":"\u1ea8m Th\u1ef1c Qu\u00ea H\u01b0\u01a1ng","publisher":{"@id":"https:\/\/thucphamtienloi.com\/#organization"},"potentialAction":[{"@type":"SearchAction","target":{"@type":"EntryPoint","urlTemplate":"https:\/\/thucphamtienloi.com\/?s={search_term_string}"},"query-input":{"@type":"PropertyValueSpecification","valueRequired":true,"valueName":"search_term_string"}}],"inLanguage":"vi"},{"@type":"Organization","@id":"https:\/\/thucphamtienloi.com\/#organization","name":"Th\u1ef1c ph\u1ea9m ti\u1ec7n l\u1ee3i","url":"https:\/\/thucphamtienloi.com\/","logo":{"@type":"ImageObject","inLanguage":"vi","@id":"https:\/\/thucphamtienloi.com\/#\/schema\/logo\/image\/","url":"https:\/\/thucphamtienloi.com\/wp-content\/uploads\/2022\/07\/THU\u031b\u0323C-PHA\u0302\u0309M-TIE\u0323\u0302N-LO\u031b\u0323I.png","contentUrl":"https:\/\/thucphamtienloi.com\/wp-content\/uploads\/2022\/07\/THU\u031b\u0323C-PHA\u0302\u0309M-TIE\u0323\u0302N-LO\u031b\u0323I.png","width":1920,"height":1080,"caption":"Th\u1ef1c ph\u1ea9m ti\u1ec7n l\u1ee3i"},"image":{"@id":"https:\/\/thucphamtienloi.com\/#\/schema\/logo\/image\/"}}]}},"_links":{"self":[{"href":"https:\/\/thucphamtienloi.com\/index.php?rest_route=\/wp\/v2\/product\/426","targetHints":{"allow":["GET"]}}],"collection":[{"href":"https:\/\/thucphamtienloi.com\/index.php?rest_route=\/wp\/v2\/product"}],"about":[{"href":"https:\/\/thucphamtienloi.com\/index.php?rest_route=\/wp\/v2\/types\/product"}],"replies":[{"embeddable":true,"href":"https:\/\/thucphamtienloi.com\/index.php?rest_route=%2Fwp%2Fv2%2Fcomments&post=426"}],"wp:featuredmedia":[{"embeddable":true,"href":"https:\/\/thucphamtienloi.com\/index.php?rest_route=\/wp\/v2\/media\/421"}],"wp:attachment":[{"href":"https:\/\/thucphamtienloi.com\/index.php?rest_route=%2Fwp%2Fv2%2Fmedia&parent=426"}],"wp:term":[{"taxonomy":"product_brand","embeddable":true,"href":"https:\/\/thucphamtienloi.com\/index.php?rest_route=%2Fwp%2Fv2%2Fproduct_brand&post=426"},{"taxonomy":"product_cat","embeddable":true,"href":"https:\/\/thucphamtienloi.com\/index.php?rest_route=%2Fwp%2Fv2%2Fproduct_cat&post=426"},{"taxonomy":"product_tag","embeddable":true,"href":"https:\/\/thucphamtienloi.com\/index.php?rest_route=%2Fwp%2Fv2%2Fproduct_tag&post=426"}],"curies":[{"name":"wp","href":"https:\/\/api.w.org\/{rel}","templated":true}]}}