{"id":525,"date":"2020-05-29T07:21:46","date_gmt":"2020-05-29T07:21:46","guid":{"rendered":"http:\/\/thucphamtienloi.com\/?post_type=product&#038;p=525"},"modified":"2025-10-19T16:15:58","modified_gmt":"2025-10-19T16:15:58","slug":"duoi-bo-thui-san","status":"publish","type":"product","link":"https:\/\/thucphamtienloi.com\/?product=duoi-bo-thui-san","title":{"rendered":"\u0110u\u00f4i B\u00f2 Thui S\u1eb5n T\u01b0\u01a1i Ngon H\u00e0ng Ng\u00e0y"},"content":{"rendered":"<p><strong>\u00a0\u0110u\u00f4i b\u00f2<\/strong> l\u00e0 m\u1ed9t s\u1ea3n ph\u1ea9m r\u1ea5t kh\u00f3 t\u00ecm mua \u1edf th\u00e0nh ph\u1ed1 \u0111\u1eb7c bi\u1ec7t l\u00e0 H\u00e0 N\u1ed9i v\u00e0 Tp HCM. Nh\u1eb1m ph\u1ee5c v\u1ee5 nhu c\u1ea7u c\u1ee7a qu\u00fd kh\u00e1ch. <a href=\"https:\/\/thucphamtienloi.com\/\" target=\"_blank\" rel=\"noopener noreferrer\"><strong>Th\u1ef1c Ph\u1ea9m Ti\u1ec7n L\u1ee3i<\/strong><\/a> cung c\u1ea5p <strong>\u0111u\u00f4i b\u00f2 thui s\u1eb5n<\/strong> v\u1ec1 c\u00f3 th\u1ec3 ch\u1ebf bi\u1ebfn ngay r\u1ea5t ti\u1ec7n l\u1ee3i. \u0110\u1ec3 \u0111\u1eb7t h\u00e0ng qu\u00fd kh\u00e1ch vui l\u00f2ng li\u00ean h\u1ec7 Hotline : <strong class=\"uppercase\">0987.506.349 (\u00a0<\/strong>SHIP T\u1eacN NH\u00c0 ).<\/p>\n<p>\u0110u\u00f4i b\u00f2 t\u1ea1i c\u1eeda h\u00e0ng l\u00e0 lo\u1ea1i t\u01b0\u01a1i s\u1ed1ng h\u00e0ng ng\u00e0y. Sau khi \u0111\u01b0\u1ee3c thu gom t\u1ea1i c\u00e1c l\u00f2 m\u1ed5 \u1edf ngo\u1ea1i th\u00e0nh, \u0111u\u00f4i s\u1ebd \u0111\u01b0\u1ee3c s\u01a1 ch\u1ebf v\u00e0 thui s\u1eb5n v\u00e0ng \u01b0\u01a1m tr\u01b0\u1edbc khi giao \u0111\u1ebfn qu\u00fd kh\u00e1ch h\u00e0ng. Do s\u1ed1 l\u01b0\u1ee3ng \u0111u\u00f4i h\u00e0ng ng\u00e0y c\u00f3 h\u1ea1n ( ch\u1ec9 kho\u1ea3ng 4 &#8211; 6 chi\u1ebfc ) n\u00ean s\u1ebd r\u1ea5t nhanh h\u1ebft h\u00e0ng. R\u1ea5t mong qu\u00fd kh\u00e1ch th\u00f4ng c\u1ea3m khi ch\u00fang t\u00f4i kh\u00f4ng ph\u1ee5c v\u1ee5 \u0111\u01b0\u1ee3c qu\u00fd kh\u00e1ch.<\/p>\n<p><img loading=\"lazy\" decoding=\"async\" class=\"aligncenter wp-image-1091\" src=\"https:\/\/thucphamtienloi.com\/wp-content\/uploads\/2020\/05\/duoi-bo-300x400.jpg\" alt=\"duoi-bo-thui-san\" width=\"600\" height=\"800\" srcset=\"https:\/\/thucphamtienloi.com\/wp-content\/uploads\/2020\/05\/duoi-bo-300x400.jpg 300w, https:\/\/thucphamtienloi.com\/wp-content\/uploads\/2020\/05\/duoi-bo-510x680.jpg 510w, https:\/\/thucphamtienloi.com\/wp-content\/uploads\/2020\/05\/duoi-bo-600x800.jpg 600w, https:\/\/thucphamtienloi.com\/wp-content\/uploads\/2020\/05\/duoi-bo-768x1024.jpg 768w, https:\/\/thucphamtienloi.com\/wp-content\/uploads\/2020\/05\/duoi-bo.jpg 960w\" sizes=\"auto, (max-width: 600px) 100vw, 600px\" \/><\/p>\n<p><span style=\"font-size: 160%;\"><strong>L\u01b0u \u00fd :<\/strong><\/span><\/p>\n<p>Khi \u0111\u1eb7t mua s\u1ea3n ph\u1ea9m n\u1ebfu nh\u00e0 b\u1ea1n kh\u00f4ng c\u00f3 dao to \u0111\u1ec3 ch\u1eb7t. B\u1ea1n c\u00f3 th\u1ec3 y\u00eau c\u1ea7u c\u1eeda h\u00e0ng ch\u1eb7t s\u1eb5n, l\u1ecdc b\u00ec n\u1ebfu c\u1ea7n. N\u1ebfu b\u1ea1n mu\u1ed1n chia l\u00e0m nhi\u1ec1u l\u1ea7n ch\u1ebf bi\u1ebfn c\u1eeda h\u00e0ng c\u00f3 th\u1ec3 h\u1ed7 tr\u1ee3 chia ra nhi\u1ec1u t\u00fai v\u00e0 h\u00fat ch\u00e2n kh\u00f4ng. Khi s\u1eed d\u1ee5ng b\u1ea1n ch\u1ec9 c\u1ea7n r\u1eeda qua v\u1edbi n\u01b0\u1edbc s\u1ea1ch r\u1ea5t ti\u1ec7n l\u1ee3i v\u00e0 nhanh ch\u00f3ng.<\/p>\n<h2><strong>H\u01b0\u1edbng d\u1eabn c\u00e1ch s\u01a1 ch\u1ebf\u00a0<\/strong><\/h2>\n<p>B\u1ea1n c\u1ea7n r\u1eeda qua \u0111u\u00f4i, ng\u00e2m trong n\u01b0\u1edbc n\u1eeda gi\u1edd ho\u1eb7c h\u01a1n cho ra b\u1edbt ti\u1ebft. Th\u1ec9nh tho\u1ea3ng thay n\u01b0\u1edbc cho \u0111\u1ebfn khi th\u1ea5y n\u01b0\u1edbc trong, \u0111u\u00f4i b\u00f2 s\u1ea1ch ti\u1ebft th\u00ec v\u1edbt ra.<\/p>\n<p>Ch\u1eb7t \u0111u\u00f4i th\u00e0nh t\u1eebng kh\u00fac nh\u1ecf, tr\u00fat v\u00e0o n\u1ed3i, \u0111\u1ed5 n\u01b0\u1edbc ng\u1eadp m\u1eb7t, th\u00eam v\u00e0i l\u00e1t g\u1eebng v\u00e0o \u0111un s\u00f4i th\u00ec t\u1eaft l\u1eeda, th\u00eam r\u01b0\u1ee3u tr\u1eafng r\u1ed3i \u0111un s\u00f4i l\u1ea1i kho\u1ea3ng 3 ph\u00fat. Thao t\u00e1c n\u00e0y gi\u00fap kh\u1eed m\u00f9i h\u00f4i \u0111\u1eb7c tr\u01b0ng c\u1ee7a th\u1ecbt b\u00f2, gi\u00fap m\u00f3n \u0103n v\u1edbi \u0111u\u00f4i b\u00f2 th\u01a1m ngon h\u01a1n.<\/p>\n<p>Sau \u0111\u00f3, \u0111\u1ed5 ra r\u1ed5, r\u1eeda\u00a0 l\u1ea1i m\u1ed9t l\u1ea7n n\u1eefa cho th\u1eadt s\u1ea1ch.<\/p>\n<h2><strong>G\u1ee3i \u00fd m\u1ed9t s\u1ed1 m\u00f3n \u0103n\u00a0<\/strong><\/h2>\n<p>\u0110u\u00f4i b\u00f2 kh\u00f4ng ch\u1ec9 ngon m\u00e0 c\u00f2n r\u1ea5t b\u1ed5 d\u01b0\u1ee1ng, \u0111\u00e2y l\u00e0 b\u00e0i thu\u1ed1c gi\u00fap t\u0103ng c\u01b0\u1eddng sinh l\u1ef1c cho ph\u00e1i m\u1ea1nh.C\u00e1c b\u1ea1n c\u00f3 th\u1ec3 tham kh\u1ea3o m\u1ed9t s\u1ed1 m\u00f3n \u0103n sau \u0111\u00e2y :\u00a0<\/p>\n<h3><strong>\u0110u\u00f4i b\u00f2 h\u1ea7m thu\u1ed1c b\u1eafc\u00a0<\/strong><\/h3>\n<p><strong><img loading=\"lazy\" decoding=\"async\" class=\"aligncenter wp-image-1090\" src=\"https:\/\/thucphamtienloi.com\/wp-content\/uploads\/2020\/05\/duoi-bo-thuoc-bac-697x400.jpg\" alt=\"duoi-bo-ham-thuoc-bac\" width=\"600\" height=\"344\" srcset=\"https:\/\/thucphamtienloi.com\/wp-content\/uploads\/2020\/05\/duoi-bo-thuoc-bac-697x400.jpg 697w, https:\/\/thucphamtienloi.com\/wp-content\/uploads\/2020\/05\/duoi-bo-thuoc-bac-510x293.jpg 510w, https:\/\/thucphamtienloi.com\/wp-content\/uploads\/2020\/05\/duoi-bo-thuoc-bac-600x344.jpg 600w, https:\/\/thucphamtienloi.com\/wp-content\/uploads\/2020\/05\/duoi-bo-thuoc-bac.jpg 730w\" sizes=\"auto, (max-width: 600px) 100vw, 600px\" \/><\/strong><\/p>\n<ul>\n<li>1 c\u00e1i \u0111u\u00f4i b\u00f2 nh\u1ecf (kho\u1ea3ng 800 gram)<\/li>\n<li>100 gram c\u1ee7 sen<\/li>\n<li>50 gram h\u1ea1t sen kh\u00f4<\/li>\n<li>Gia v\u1ecb ti\u1ec1m thu\u1ed1c b\u1eafc<\/li>\n<li>1 l\u00edt n\u01b0\u1edbc d\u1eeba t\u01b0\u01a1i<\/li>\n<li>Gia v\u1ecb c\u1ea7n c\u00f3: mu\u1ed1i, \u0111\u01b0\u1eddng<\/li>\n<li>D\u1ee5ng c\u1ee5:\u00a0N\u1ed3i,\u00a0t\u00f4<\/li>\n<\/ul>\n<h3><strong>\u0110u\u00f4i b\u00f2 h\u1ea7m khoai t\u00e2y<\/strong><\/h3>\n<p><strong><img loading=\"lazy\" decoding=\"async\" class=\"aligncenter wp-image-1089\" src=\"https:\/\/thucphamtienloi.com\/wp-content\/uploads\/2020\/05\/duoi-bo-khoai-tay-623x400.jpg\" alt=\"duoi-bo-ham-khoai-tay\" width=\"600\" height=\"385\" srcset=\"https:\/\/thucphamtienloi.com\/wp-content\/uploads\/2020\/05\/duoi-bo-khoai-tay-623x400.jpg 623w, https:\/\/thucphamtienloi.com\/wp-content\/uploads\/2020\/05\/duoi-bo-khoai-tay-510x328.jpg 510w, https:\/\/thucphamtienloi.com\/wp-content\/uploads\/2020\/05\/duoi-bo-khoai-tay-600x385.jpg 600w, https:\/\/thucphamtienloi.com\/wp-content\/uploads\/2020\/05\/duoi-bo-khoai-tay.jpg 730w\" sizes=\"auto, (max-width: 600px) 100vw, 600px\" \/><\/strong><\/p>\n<ul>\n<li><span style=\"vertical-align: inherit;\"><span style=\"vertical-align: inherit;\">1 c\u00e1i \u0111u\u00f4i b\u00f2 nh\u1ecf (kho\u1ea3ng 800 gram)<\/span><\/span><\/li>\n<li>3 c\u1ee7 khoai t\u00e2y<\/li>\n<li>3 qu\u1ea3 c\u00e0 chua<\/li>\n<li>1 mu\u1ed7ng canh h\u1ea1t \u0111i\u1ec1u<\/li>\n<li>3 mu\u1ed7ng canh r\u01b0\u1ee3u vang (n\u1ebfu c\u00f3)<\/li>\n<li>Gia v\u1ecb c\u1ea7n c\u00f3: \u0111\u01b0\u1eddng, mu\u1ed1i, d\u1ea7u \u0103n, b\u1ed9t n\u0103ng, h\u1ea1t n\u00eam<\/li>\n<li>D\u1ee5ng c\u1ee5:\u00a0N\u1ed3i \u00e1p su\u1ea5t, n\u1ed3i<\/li>\n<\/ul>\n<h2><strong>\u0110\u1ecba ch\u1ec9 mua \u0110u\u00f4i B\u00f2 t\u1ea1i H\u00e0 N\u1ed9i v\u00e0 Tp HCM?<\/strong><\/h2>\n<p>M\u1ecdi th\u00f4ng tin chi ti\u1ebft v\u1ec1 s\u1ea3n ph\u1ea9m vui l\u00f2ng li\u00ean h\u1ec7 :\u00a0<\/p>\n<p><strong>Hotline\/Zalo:<\/strong>\u00a0<strong>0987.506.349<\/strong><\/p>\n<p><strong>\u0110\u1ecba ch\u1ec9 c\u1eeda h\u00e0ng :\u00a0<\/strong><\/p>\n<p><strong>T\u1ea1i S\u00e0i G\u00f2n:<\/strong>\u00a0184\/17 Nguy\u1ec5n Ph\u00fac Chu, P15, Q. T\u00e2n B\u00ecnh , TP HCM (vui l\u00f2ng g\u1ecdi tr\u01b0\u1edbc khi \u0111\u1ebfn)<br \/>\n<strong>T\u1ea1i H\u00e0 N\u1ed9i : <\/strong>Chung c\u01b0 349, V\u0169 T\u00f4ng Phan, Thanh Xu\u00e2n, H\u00e0 N\u1ed9i (vui l\u00f2ng g\u1ecdi tr\u01b0\u1edbc khi \u0111\u1ebfn)<\/p>\n<p><strong>Facebook:\u00a0<a href=\"https:\/\/www.facebook.com\/thucphamtienloiFB\">TH\u1ef0C PH\u1ea8M TI\u1ec6N L\u1ee2I<\/a><\/strong><\/p>\n","protected":false},"excerpt":{"rendered":"<p>\u00a0\u0110u\u00f4i b\u00f2 l\u00e0 m\u1ed9t s\u1ea3n ph\u1ea9m r\u1ea5t kh\u00f3 t\u00ecm mua \u1edf th\u00e0nh ph\u1ed1 \u0111\u1eb7c bi\u1ec7t l\u00e0 H\u00e0 N\u1ed9i v\u00e0 Tp HCM. Nh\u1eb1m ph\u1ee5c v\u1ee5 nhu c\u1ea7u c\u1ee7a qu\u00fd kh\u00e1ch. Th\u1ef1c Ph\u1ea9m Ti\u1ec7n L\u1ee3i cung c\u1ea5p \u0111u\u00f4i b\u00f2 thui s\u1eb5n v\u1ec1 c\u00f3 th\u1ec3 ch\u1ebf bi\u1ebfn ngay r\u1ea5t ti\u1ec7n l\u1ee3i. \u0110\u1ec3 \u0111\u1eb7t h\u00e0ng qu\u00fd kh\u00e1ch vui l\u00f2ng [&#8230;]\n","protected":false},"featured_media":528,"comment_status":"closed","ping_status":"closed","template":"","meta":[],"product_brand":[],"product_cat":[71],"product_tag":[354,355,356,357,358,359],"class_list":{"0":"post-525","1":"product","2":"type-product","3":"status-publish","4":"has-post-thumbnail","6":"product_cat-thuc-pham-tuoi-song","7":"product_tag-duoi-bo-thui-san","8":"product_tag-duoi-bo-tuoi","9":"product_tag-duoi-bo","10":"product_tag-mua-duoi-bo-tai-sai-gon","11":"product_tag-mua-duoi-bo-tai-tp-hcm","12":"product_tag-ban-duoi-bo-tai-tp-hcm","14":"first","15":"instock","16":"shipping-taxable","17":"purchasable","18":"product-type-simple"},"yoast_head":"<!-- This site is optimized with the Yoast SEO plugin v27.4 - https:\/\/yoast.com\/product\/yoast-seo-wordpress\/ -->\n<title>\u0110u\u00f4i B\u00f2 Thui S\u1eb5n T\u01b0\u01a1i Ngon H\u00e0ng Ng\u00e0y - h\u00e0ng Vi\u1ec7t Nam<\/title>\n<meta name=\"description\" content=\"Th\u1ef1c Ph\u1ea9m Ti\u1ec7n L\u1ee3i cung c\u1ea5p \u0111u\u00f4i b\u00f2 thui s\u1eb5n v\u1ec1 c\u00f3 th\u1ec3 ch\u1ebf bi\u1ebfn ngay r\u1ea5t ti\u1ec7n l\u1ee3i. \u0110\u1ec3 \u0111\u1eb7t h\u00e0ng qu\u00fd kh\u00e1ch vui l\u00f2ng li\u00ean h\u1ec7 : 0987.506.349\" \/>\n<meta name=\"robots\" content=\"index, follow, max-snippet:-1, max-image-preview:large, max-video-preview:-1\" \/>\n<link rel=\"canonical\" href=\"https:\/\/thucphamtienloi.com\/?product=duoi-bo-thui-san\" \/>\n<meta property=\"og:locale\" content=\"vi_VN\" \/>\n<meta property=\"og:type\" content=\"article\" \/>\n<meta property=\"og:title\" content=\"\u0110u\u00f4i B\u00f2 Thui S\u1eb5n T\u01b0\u01a1i Ngon H\u00e0ng Ng\u00e0y - h\u00e0ng Vi\u1ec7t Nam\" \/>\n<meta property=\"og:description\" content=\"Th\u1ef1c Ph\u1ea9m Ti\u1ec7n L\u1ee3i cung c\u1ea5p \u0111u\u00f4i b\u00f2 thui s\u1eb5n v\u1ec1 c\u00f3 th\u1ec3 ch\u1ebf bi\u1ebfn ngay r\u1ea5t ti\u1ec7n l\u1ee3i. \u0110\u1ec3 \u0111\u1eb7t h\u00e0ng qu\u00fd kh\u00e1ch vui l\u00f2ng li\u00ean h\u1ec7 : 0987.506.349\" \/>\n<meta property=\"og:url\" content=\"https:\/\/thucphamtienloi.com\/?product=duoi-bo-thui-san\" \/>\n<meta property=\"og:site_name\" content=\"\u1ea8M TH\u1ef0C BA MI\u1ec0N\" \/>\n<meta property=\"article:modified_time\" content=\"2025-10-19T16:15:58+00:00\" \/>\n<meta property=\"og:image\" content=\"https:\/\/thucphamtienloi.com\/wp-content\/uploads\/2020\/05\/duoi-bo-thui.png\" \/>\n\t<meta property=\"og:image:width\" content=\"300\" \/>\n\t<meta property=\"og:image:height\" content=\"300\" \/>\n\t<meta property=\"og:image:type\" content=\"image\/png\" \/>\n<meta name=\"twitter:card\" content=\"summary_large_image\" \/>\n<meta name=\"twitter:label1\" content=\"\u01af\u1edbc t\u00ednh th\u1eddi gian \u0111\u1ecdc\" \/>\n\t<meta name=\"twitter:data1\" content=\"4 ph\u00fat\" \/>\n<script type=\"application\/ld+json\" class=\"yoast-schema-graph\">{\"@context\":\"https:\\\/\\\/schema.org\",\"@graph\":[{\"@type\":[\"WebPage\",\"ItemPage\"],\"@id\":\"https:\\\/\\\/thucphamtienloi.com\\\/?product=duoi-bo-thui-san\",\"url\":\"https:\\\/\\\/thucphamtienloi.com\\\/?product=duoi-bo-thui-san\",\"name\":\"\u0110u\u00f4i B\u00f2 Thui S\u1eb5n T\u01b0\u01a1i Ngon H\u00e0ng Ng\u00e0y - h\u00e0ng Vi\u1ec7t Nam\",\"isPartOf\":{\"@id\":\"https:\\\/\\\/thucphamtienloi.com\\\/#website\"},\"primaryImageOfPage\":{\"@id\":\"https:\\\/\\\/thucphamtienloi.com\\\/?product=duoi-bo-thui-san#primaryimage\"},\"image\":{\"@id\":\"https:\\\/\\\/thucphamtienloi.com\\\/?product=duoi-bo-thui-san#primaryimage\"},\"thumbnailUrl\":\"https:\\\/\\\/thucphamtienloi.com\\\/wp-content\\\/uploads\\\/2020\\\/05\\\/duoi-bo-thui.png\",\"datePublished\":\"2020-05-29T07:21:46+00:00\",\"dateModified\":\"2025-10-19T16:15:58+00:00\",\"description\":\"Th\u1ef1c Ph\u1ea9m Ti\u1ec7n L\u1ee3i cung c\u1ea5p \u0111u\u00f4i b\u00f2 thui s\u1eb5n v\u1ec1 c\u00f3 th\u1ec3 ch\u1ebf bi\u1ebfn ngay r\u1ea5t ti\u1ec7n l\u1ee3i. \u0110\u1ec3 \u0111\u1eb7t h\u00e0ng qu\u00fd kh\u00e1ch vui l\u00f2ng li\u00ean h\u1ec7 : 0987.506.349\",\"breadcrumb\":{\"@id\":\"https:\\\/\\\/thucphamtienloi.com\\\/?product=duoi-bo-thui-san#breadcrumb\"},\"inLanguage\":\"vi\",\"potentialAction\":[{\"@type\":\"ReadAction\",\"target\":[\"https:\\\/\\\/thucphamtienloi.com\\\/?product=duoi-bo-thui-san\"]}]},{\"@type\":\"ImageObject\",\"inLanguage\":\"vi\",\"@id\":\"https:\\\/\\\/thucphamtienloi.com\\\/?product=duoi-bo-thui-san#primaryimage\",\"url\":\"https:\\\/\\\/thucphamtienloi.com\\\/wp-content\\\/uploads\\\/2020\\\/05\\\/duoi-bo-thui.png\",\"contentUrl\":\"https:\\\/\\\/thucphamtienloi.com\\\/wp-content\\\/uploads\\\/2020\\\/05\\\/duoi-bo-thui.png\",\"width\":300,\"height\":300,\"caption\":\"\u0111u\u00f4i b\u00f2 thui\"},{\"@type\":\"BreadcrumbList\",\"@id\":\"https:\\\/\\\/thucphamtienloi.com\\\/?product=duoi-bo-thui-san#breadcrumb\",\"itemListElement\":[{\"@type\":\"ListItem\",\"position\":1,\"name\":\"Trang ch\u1ee7\",\"item\":\"https:\\\/\\\/thucphamtienloi.com\\\/\"},{\"@type\":\"ListItem\",\"position\":2,\"name\":\"C\u1eeda H\u00e0ng\",\"item\":\"https:\\\/\\\/thucphamtienloi.com\\\/?page_id=3334\"},{\"@type\":\"ListItem\",\"position\":3,\"name\":\"Th\u1ef1c Ph\u1ea9m T\u01b0\u01a1i S\u1ed1ng\",\"item\":\"https:\\\/\\\/thucphamtienloi.com\\\/danh-muc-san-pham\\\/thuc-pham-tuoi-song\\\/\"},{\"@type\":\"ListItem\",\"position\":4,\"name\":\"\u0110u\u00f4i B\u00f2 Thui S\u1eb5n T\u01b0\u01a1i Ngon H\u00e0ng Ng\u00e0y\"}]},{\"@type\":\"WebSite\",\"@id\":\"https:\\\/\\\/thucphamtienloi.com\\\/#website\",\"url\":\"https:\\\/\\\/thucphamtienloi.com\\\/\",\"name\":\"Th\u1ef1c ph\u1ea9m ti\u1ec7n l\u1ee3i\",\"description\":\"\u1ea8m Th\u1ef1c Qu\u00ea H\u01b0\u01a1ng\",\"publisher\":{\"@id\":\"https:\\\/\\\/thucphamtienloi.com\\\/#organization\"},\"potentialAction\":[{\"@type\":\"SearchAction\",\"target\":{\"@type\":\"EntryPoint\",\"urlTemplate\":\"https:\\\/\\\/thucphamtienloi.com\\\/?s={search_term_string}\"},\"query-input\":{\"@type\":\"PropertyValueSpecification\",\"valueRequired\":true,\"valueName\":\"search_term_string\"}}],\"inLanguage\":\"vi\"},{\"@type\":\"Organization\",\"@id\":\"https:\\\/\\\/thucphamtienloi.com\\\/#organization\",\"name\":\"Th\u1ef1c ph\u1ea9m ti\u1ec7n l\u1ee3i\",\"url\":\"https:\\\/\\\/thucphamtienloi.com\\\/\",\"logo\":{\"@type\":\"ImageObject\",\"inLanguage\":\"vi\",\"@id\":\"https:\\\/\\\/thucphamtienloi.com\\\/#\\\/schema\\\/logo\\\/image\\\/\",\"url\":\"https:\\\/\\\/thucphamtienloi.com\\\/wp-content\\\/uploads\\\/2022\\\/07\\\/THU\u031b\u0323C-PHA\u0302\u0309M-TIE\u0323\u0302N-LO\u031b\u0323I.png\",\"contentUrl\":\"https:\\\/\\\/thucphamtienloi.com\\\/wp-content\\\/uploads\\\/2022\\\/07\\\/THU\u031b\u0323C-PHA\u0302\u0309M-TIE\u0323\u0302N-LO\u031b\u0323I.png\",\"width\":1920,\"height\":1080,\"caption\":\"Th\u1ef1c ph\u1ea9m ti\u1ec7n l\u1ee3i\"},\"image\":{\"@id\":\"https:\\\/\\\/thucphamtienloi.com\\\/#\\\/schema\\\/logo\\\/image\\\/\"}}]}<\/script>\n<!-- \/ Yoast SEO plugin. -->","yoast_head_json":{"title":"\u0110u\u00f4i B\u00f2 Thui S\u1eb5n T\u01b0\u01a1i Ngon H\u00e0ng Ng\u00e0y - h\u00e0ng Vi\u1ec7t Nam","description":"Th\u1ef1c Ph\u1ea9m Ti\u1ec7n L\u1ee3i cung c\u1ea5p \u0111u\u00f4i b\u00f2 thui s\u1eb5n v\u1ec1 c\u00f3 th\u1ec3 ch\u1ebf bi\u1ebfn ngay r\u1ea5t ti\u1ec7n l\u1ee3i. \u0110\u1ec3 \u0111\u1eb7t h\u00e0ng qu\u00fd kh\u00e1ch vui l\u00f2ng li\u00ean h\u1ec7 : 0987.506.349","robots":{"index":"index","follow":"follow","max-snippet":"max-snippet:-1","max-image-preview":"max-image-preview:large","max-video-preview":"max-video-preview:-1"},"canonical":"https:\/\/thucphamtienloi.com\/?product=duoi-bo-thui-san","og_locale":"vi_VN","og_type":"article","og_title":"\u0110u\u00f4i B\u00f2 Thui S\u1eb5n T\u01b0\u01a1i Ngon H\u00e0ng Ng\u00e0y - h\u00e0ng Vi\u1ec7t Nam","og_description":"Th\u1ef1c Ph\u1ea9m Ti\u1ec7n L\u1ee3i cung c\u1ea5p \u0111u\u00f4i b\u00f2 thui s\u1eb5n v\u1ec1 c\u00f3 th\u1ec3 ch\u1ebf bi\u1ebfn ngay r\u1ea5t ti\u1ec7n l\u1ee3i. \u0110\u1ec3 \u0111\u1eb7t h\u00e0ng qu\u00fd kh\u00e1ch vui l\u00f2ng li\u00ean h\u1ec7 : 0987.506.349","og_url":"https:\/\/thucphamtienloi.com\/?product=duoi-bo-thui-san","og_site_name":"\u1ea8M TH\u1ef0C BA MI\u1ec0N","article_modified_time":"2025-10-19T16:15:58+00:00","og_image":[{"width":300,"height":300,"url":"https:\/\/thucphamtienloi.com\/wp-content\/uploads\/2020\/05\/duoi-bo-thui.png","type":"image\/png"}],"twitter_card":"summary_large_image","twitter_misc":{"\u01af\u1edbc t\u00ednh th\u1eddi gian \u0111\u1ecdc":"4 ph\u00fat"},"schema":{"@context":"https:\/\/schema.org","@graph":[{"@type":["WebPage","ItemPage"],"@id":"https:\/\/thucphamtienloi.com\/?product=duoi-bo-thui-san","url":"https:\/\/thucphamtienloi.com\/?product=duoi-bo-thui-san","name":"\u0110u\u00f4i B\u00f2 Thui S\u1eb5n T\u01b0\u01a1i Ngon H\u00e0ng Ng\u00e0y - h\u00e0ng Vi\u1ec7t Nam","isPartOf":{"@id":"https:\/\/thucphamtienloi.com\/#website"},"primaryImageOfPage":{"@id":"https:\/\/thucphamtienloi.com\/?product=duoi-bo-thui-san#primaryimage"},"image":{"@id":"https:\/\/thucphamtienloi.com\/?product=duoi-bo-thui-san#primaryimage"},"thumbnailUrl":"https:\/\/thucphamtienloi.com\/wp-content\/uploads\/2020\/05\/duoi-bo-thui.png","datePublished":"2020-05-29T07:21:46+00:00","dateModified":"2025-10-19T16:15:58+00:00","description":"Th\u1ef1c Ph\u1ea9m Ti\u1ec7n L\u1ee3i cung c\u1ea5p \u0111u\u00f4i b\u00f2 thui s\u1eb5n v\u1ec1 c\u00f3 th\u1ec3 ch\u1ebf bi\u1ebfn ngay r\u1ea5t ti\u1ec7n l\u1ee3i. \u0110\u1ec3 \u0111\u1eb7t h\u00e0ng qu\u00fd kh\u00e1ch vui l\u00f2ng li\u00ean h\u1ec7 : 0987.506.349","breadcrumb":{"@id":"https:\/\/thucphamtienloi.com\/?product=duoi-bo-thui-san#breadcrumb"},"inLanguage":"vi","potentialAction":[{"@type":"ReadAction","target":["https:\/\/thucphamtienloi.com\/?product=duoi-bo-thui-san"]}]},{"@type":"ImageObject","inLanguage":"vi","@id":"https:\/\/thucphamtienloi.com\/?product=duoi-bo-thui-san#primaryimage","url":"https:\/\/thucphamtienloi.com\/wp-content\/uploads\/2020\/05\/duoi-bo-thui.png","contentUrl":"https:\/\/thucphamtienloi.com\/wp-content\/uploads\/2020\/05\/duoi-bo-thui.png","width":300,"height":300,"caption":"\u0111u\u00f4i b\u00f2 thui"},{"@type":"BreadcrumbList","@id":"https:\/\/thucphamtienloi.com\/?product=duoi-bo-thui-san#breadcrumb","itemListElement":[{"@type":"ListItem","position":1,"name":"Trang ch\u1ee7","item":"https:\/\/thucphamtienloi.com\/"},{"@type":"ListItem","position":2,"name":"C\u1eeda H\u00e0ng","item":"https:\/\/thucphamtienloi.com\/?page_id=3334"},{"@type":"ListItem","position":3,"name":"Th\u1ef1c Ph\u1ea9m T\u01b0\u01a1i S\u1ed1ng","item":"https:\/\/thucphamtienloi.com\/danh-muc-san-pham\/thuc-pham-tuoi-song\/"},{"@type":"ListItem","position":4,"name":"\u0110u\u00f4i B\u00f2 Thui S\u1eb5n T\u01b0\u01a1i Ngon H\u00e0ng Ng\u00e0y"}]},{"@type":"WebSite","@id":"https:\/\/thucphamtienloi.com\/#website","url":"https:\/\/thucphamtienloi.com\/","name":"Th\u1ef1c ph\u1ea9m ti\u1ec7n l\u1ee3i","description":"\u1ea8m Th\u1ef1c Qu\u00ea H\u01b0\u01a1ng","publisher":{"@id":"https:\/\/thucphamtienloi.com\/#organization"},"potentialAction":[{"@type":"SearchAction","target":{"@type":"EntryPoint","urlTemplate":"https:\/\/thucphamtienloi.com\/?s={search_term_string}"},"query-input":{"@type":"PropertyValueSpecification","valueRequired":true,"valueName":"search_term_string"}}],"inLanguage":"vi"},{"@type":"Organization","@id":"https:\/\/thucphamtienloi.com\/#organization","name":"Th\u1ef1c ph\u1ea9m ti\u1ec7n l\u1ee3i","url":"https:\/\/thucphamtienloi.com\/","logo":{"@type":"ImageObject","inLanguage":"vi","@id":"https:\/\/thucphamtienloi.com\/#\/schema\/logo\/image\/","url":"https:\/\/thucphamtienloi.com\/wp-content\/uploads\/2022\/07\/THU\u031b\u0323C-PHA\u0302\u0309M-TIE\u0323\u0302N-LO\u031b\u0323I.png","contentUrl":"https:\/\/thucphamtienloi.com\/wp-content\/uploads\/2022\/07\/THU\u031b\u0323C-PHA\u0302\u0309M-TIE\u0323\u0302N-LO\u031b\u0323I.png","width":1920,"height":1080,"caption":"Th\u1ef1c ph\u1ea9m ti\u1ec7n l\u1ee3i"},"image":{"@id":"https:\/\/thucphamtienloi.com\/#\/schema\/logo\/image\/"}}]}},"_links":{"self":[{"href":"https:\/\/thucphamtienloi.com\/index.php?rest_route=\/wp\/v2\/product\/525","targetHints":{"allow":["GET"]}}],"collection":[{"href":"https:\/\/thucphamtienloi.com\/index.php?rest_route=\/wp\/v2\/product"}],"about":[{"href":"https:\/\/thucphamtienloi.com\/index.php?rest_route=\/wp\/v2\/types\/product"}],"replies":[{"embeddable":true,"href":"https:\/\/thucphamtienloi.com\/index.php?rest_route=%2Fwp%2Fv2%2Fcomments&post=525"}],"wp:featuredmedia":[{"embeddable":true,"href":"https:\/\/thucphamtienloi.com\/index.php?rest_route=\/wp\/v2\/media\/528"}],"wp:attachment":[{"href":"https:\/\/thucphamtienloi.com\/index.php?rest_route=%2Fwp%2Fv2%2Fmedia&parent=525"}],"wp:term":[{"taxonomy":"product_brand","embeddable":true,"href":"https:\/\/thucphamtienloi.com\/index.php?rest_route=%2Fwp%2Fv2%2Fproduct_brand&post=525"},{"taxonomy":"product_cat","embeddable":true,"href":"https:\/\/thucphamtienloi.com\/index.php?rest_route=%2Fwp%2Fv2%2Fproduct_cat&post=525"},{"taxonomy":"product_tag","embeddable":true,"href":"https:\/\/thucphamtienloi.com\/index.php?rest_route=%2Fwp%2Fv2%2Fproduct_tag&post=525"}],"curies":[{"name":"wp","href":"https:\/\/api.w.org\/{rel}","templated":true}]}}