{"id":552,"date":"2020-05-30T07:19:12","date_gmt":"2020-05-30T07:19:12","guid":{"rendered":"https:\/\/thucphamtienloi.com\/?post_type=product&#038;p=552"},"modified":"2025-10-19T16:15:33","modified_gmt":"2025-10-19T16:15:33","slug":"ruou-amakong","status":"publish","type":"product","link":"https:\/\/thucphamtienloi.com\/?product=ruou-amakong","title":{"rendered":"R\u01b0\u1ee3u Amakong Ph\u01b0\u01a1ng Thu\u1ed1c C\u1ee7a \u0110\u00e0n \u00d4ng"},"content":{"rendered":"<p><strong>R\u01b0\u1ee3u Amakong<\/strong> l\u00e0 m\u1ed9t trong nh\u1eefng lo\u1ea1i r\u01b0\u1ee3u thu\u1ed1c t\u1ed1t nh\u1ea5t gi\u00fap nam gi\u1edbi gi\u1eef \u0111\u01b0\u1ee3c phong \u0111\u1ed9 gi\u01b0\u1eddng chi\u1ebfu b\u1ea5t ch\u1ea5p tu\u1ed5i t\u00e1c. \u0110\u1eb7t h\u00e0ng ngay lo\u1ea1i r\u01b0\u1ee3u qu\u00fd n\u00e0y t\u1ea1i <a href=\"https:\/\/thucphamtienloi.com\/\" target=\"_blank\" rel=\"noopener noreferrer\"><strong>Th\u1ef1c Ph\u1ea9m Ti\u1ec7n L\u1ee3i<\/strong> <\/a>qua s\u1ed1 <strong>Hotline :<\/strong> <strong class=\"uppercase\">0987.506.349. (\u00a0<\/strong>Ph\u1ee5c v\u1ee5 qu\u00fd kh\u00e1ch tr\u00ean to\u00e0n qu\u1ed1c ).<\/p>\n<h2><strong>R\u01b0\u1ee3u Amakong l\u00e0 g\u00ec?<\/strong><\/h2>\n<figure id=\"attachment_975\" aria-describedby=\"caption-attachment-975\" style=\"width: 600px\" class=\"wp-caption aligncenter\"><img loading=\"lazy\" decoding=\"async\" class=\"wp-image-975\" src=\"https:\/\/thucphamtienloi.com\/wp-content\/uploads\/2020\/05\/ruou-amakong-tay-nguyen-min.jpg\" alt=\"ruou-amakong\" width=\"600\" height=\"454\" srcset=\"https:\/\/thucphamtienloi.com\/wp-content\/uploads\/2020\/05\/ruou-amakong-tay-nguyen-min.jpg 512w, https:\/\/thucphamtienloi.com\/wp-content\/uploads\/2020\/05\/ruou-amakong-tay-nguyen-min-510x385.jpg 510w\" sizes=\"auto, (max-width: 600px) 100vw, 600px\" \/><figcaption id=\"caption-attachment-975\" class=\"wp-caption-text\">R\u01b0\u1ee3u Amakong ch\u00ednh l\u00e0 m\u1ed9t ph\u01b0\u01a1ng th\u1ee9c b\u00ed truy\u1ec1n gi\u00fap gi\u1eef v\u1eefng s\u1ee9c m\u1ea1nh th\u1eddi trai tr\u1ebb c\u1ee7a \u00f4ng Amakong.<\/figcaption><\/figure>\n<p>Amakong hay c\u00f2n \u0111\u01b0\u1ee3c g\u1ecdi l\u00e0 vua voi c\u1ee7a T\u00e2y Nguy\u00ean \u0111\u00e2y l\u00e0 bi\u1ec3u t\u01b0\u1ee3ng s\u1ee9c m\u1ea1nh T\u00e2y Nguy\u00ean v\u1edbi bi\u1ec7t t\u00e0i s\u0103n b\u1eaft thu\u1ea7n h\u00f3a voi r\u1eebng.<\/p>\n<p>R\u01b0\u1ee3u Amakong ch\u00ednh l\u00e0 m\u1ed9t ph\u01b0\u01a1ng th\u1ee9c b\u00ed truy\u1ec1n gi\u00fap gi\u1eef v\u1eefng s\u1ee9c m\u1ea1nh th\u1eddi trai tr\u1ebb c\u1ee7a \u00f4ng Amakong.<\/p>\n<p>V\u1edbi s\u1ef1 k\u1ebft h\u1ee3p gi\u1eefa c\u00e1c th\u1ea3o d\u01b0\u1ee3c qu\u00fd gi\u00e1 trong r\u1eebng R\u01b0\u1ee3u Amakong gi\u00fap nam gi\u1edbi c\u1ea3i thi\u1ec7n ch\u1ee9c n\u0103ng sinh l\u00fd, t\u0103ng c\u01b0\u1eddng ham mu\u1ed1n t\u00ecnh d\u1ee5c hi\u1ec7u qu\u1ea3 \u0111\u1ed3ng th\u1eddi c\u1ea3i thi\u1ec7n s\u1ee9c kh\u1ecfe r\u1ea5t t\u1ed1t.<\/p>\n<h2><strong>T\u00e1c d\u1ee5ng c\u1ee7a r\u01b0\u1ee3u amakong<\/strong><\/h2>\n<figure id=\"attachment_976\" aria-describedby=\"caption-attachment-976\" style=\"width: 600px\" class=\"wp-caption aligncenter\"><img loading=\"lazy\" decoding=\"async\" class=\"wp-image-976\" src=\"https:\/\/thucphamtienloi.com\/wp-content\/uploads\/2020\/05\/ruou-amakong-min-588x400.png\" alt=\"tac-dung-cua-ruou-amakong\" width=\"600\" height=\"408\" srcset=\"https:\/\/thucphamtienloi.com\/wp-content\/uploads\/2020\/05\/ruou-amakong-min-588x400.png 588w, https:\/\/thucphamtienloi.com\/wp-content\/uploads\/2020\/05\/ruou-amakong-min-510x347.png 510w, https:\/\/thucphamtienloi.com\/wp-content\/uploads\/2020\/05\/ruou-amakong-min-1176x800.png 1176w, https:\/\/thucphamtienloi.com\/wp-content\/uploads\/2020\/05\/ruou-amakong-min-768x522.png 768w, https:\/\/thucphamtienloi.com\/wp-content\/uploads\/2020\/05\/ruou-amakong-min-600x408.png 600w, https:\/\/thucphamtienloi.com\/wp-content\/uploads\/2020\/05\/ruou-amakong-min.png 1250w\" sizes=\"auto, (max-width: 600px) 100vw, 600px\" \/><figcaption id=\"caption-attachment-976\" class=\"wp-caption-text\">Amakong c\u00f3 nhi\u1ec1u t\u00e1c d\u1ee5ng cho s\u1ee9c kho\u1ebb con ng\u01b0\u1eddi<\/figcaption><\/figure>\n<ul>\n<li>R\u01b0\u1ee3u Amakong gi\u00fap c\u1ea3i thi\u1ec7n s\u1ee9c kh\u1ecfe nhanh ch\u00f3ng b\u1eb1ng c\u00e1ch k\u00edch th\u00edch ng\u01b0\u1eddi s\u1eed d\u1ee5ng \u0103n ngon v\u00e0 ng\u1ee7 nhi\u1ec1u.<\/li>\n<li>Tr\u1ecb \u0111au l\u01b0ng nh\u1ee9c m\u1ecfi.<\/li>\n<li>H\u1ed7 tr\u1ee3 b\u1ed5 th\u1eadn tr\u00e1ng d\u01b0\u01a1ng t\u0103ng c\u01b0\u1eddng sinh l\u1ef1c hi\u1ec7u qu\u1ea3.<\/li>\n<li>H\u1ed7 tr\u1ee3 cho nam gi\u1edbi c\u1ea3i thi\u1ec7n sinh l\u00fd b\u1eb1ng c\u00e1ch t\u0103ng kh\u1ea3 n\u0103ng c\u01b0\u01a1ng d\u01b0\u01a1ng.<\/li>\n<li>H\u1ed7 tr\u1ee3 \u0111i\u1ec1u tr\u1ecb cho tr\u01b0\u1eddng h\u1ee3p li\u1ec7t d\u01b0\u01a1ng, y\u1ebfu sinh l\u00fd, gi\u1ea3m ch\u1ea5t l\u01b0\u1ee3ng tinh tr\u00f9ng.<\/li>\n<li>H\u1ed7 tr\u1ee3 \u0111i\u1ec1u tr\u1ecb \u0111au l\u01b0ng, nh\u1ee9c m\u1ecfi, vi\u00eam c\u01a1, \u0111au d\u00e2y th\u1ea7n kinh, vi\u00eam \u0111a kh\u1edbp.<\/li>\n<li>H\u1ed7 tr\u1ee3 \u0111i\u1ec1u tr\u1ecb b\u1ec7nh th\u1ed1ng phong, b\u1ec7nh t\u00ea ph\u00f9, v\u00e0ng da, suy th\u1eadn.<\/li>\n<li>C\u1ea3i thi\u1ec7n t\u00ecnh tr\u1ea1ng suy nh\u01b0\u1ee3c k\u00e9m \u0103n k\u00e9m ng\u1ee7.<\/li>\n<li>Gi\u00fap kh\u00e1ng vi\u00eam ch\u1ed1ng Oxy h\u00f3a t\u0103ng c\u01b0\u1eddng h\u1ec7 mi\u1ec5n d\u1ecbch.<\/li>\n<\/ul>\n<h3><strong>\u0110\u1ed1i t\u01b0\u1ee3ng s\u1eed d\u1ee5ng r\u01b0\u1ee3u\u00a0<\/strong><\/h3>\n<ul>\n<li>Ng\u01b0\u1eddi b\u1ecb \u0111au l\u01b0ng nh\u1ee9c m\u1ecfi.<\/li>\n<li>Nh\u1eefng ng\u01b0\u1eddi b\u1ecb y\u1ebfu sinh l\u00fd.<\/li>\n<li>Ng\u01b0\u1eddi b\u1ecb vi\u00eam c\u01a1, \u0111au d\u00e2y th\u1ea7n kinh, vi\u00eam kh\u1edbp, vi\u00eam \u0111a kh\u1edbp.<\/li>\n<li>Nh\u1eefng ng\u01b0\u1eddi b\u1ecb phong th\u1ea5p, b\u1ec7nh t\u00ea ph\u00f9, v\u00e0ng da, suy th\u1eadn<\/li>\n<li>Nh\u1eefng ng\u01b0\u1eddi mu\u1ed1n b\u1ed3i b\u1ed5 c\u01a1 th\u1ec3 c\u1ea3i thi\u1ec7n s\u1ee9c kh\u1ecfe.<\/li>\n<\/ul>\n<h3><strong>C\u00e1ch s\u1eed d\u1ee5ng r\u01b0\u1ee3u \u0111\u00fang c\u00e1ch<\/strong><\/h3>\n<figure id=\"attachment_977\" aria-describedby=\"caption-attachment-977\" style=\"width: 600px\" class=\"wp-caption aligncenter\"><img loading=\"lazy\" decoding=\"async\" class=\"wp-image-977\" src=\"https:\/\/thucphamtienloi.com\/wp-content\/uploads\/2020\/05\/uong-ruou-amakong-min-600x400.jpg\" alt=\"uong-ruou-amakong\" width=\"600\" height=\"400\" srcset=\"https:\/\/thucphamtienloi.com\/wp-content\/uploads\/2020\/05\/uong-ruou-amakong-min-600x400.jpg 600w, https:\/\/thucphamtienloi.com\/wp-content\/uploads\/2020\/05\/uong-ruou-amakong-min-510x340.jpg 510w, https:\/\/thucphamtienloi.com\/wp-content\/uploads\/2020\/05\/uong-ruou-amakong-min-768x512.jpg 768w, https:\/\/thucphamtienloi.com\/wp-content\/uploads\/2020\/05\/uong-ruou-amakong-min.jpg 1200w\" sizes=\"auto, (max-width: 600px) 100vw, 600px\" \/><figcaption id=\"caption-attachment-977\" class=\"wp-caption-text\">S\u1eed d\u1ee5ng r\u01b0\u1ee3u \u0111\u00fang c\u00e1ch \u0111\u1ec3 b\u1ea3o v\u1ec7 s\u1ee9c kho\u1ebb<\/figcaption><\/figure>\n<p>M\u1ed7i ng\u00e0y b\u1ea1n n\u00ean s\u1eed d\u1ee5ng 2 l\u1ea7n m\u1ed7i l\u1ea7n s\u1eed d\u1ee5ng m\u1ed9t ch\u00e9n nh\u1ecf v\u00e0 s\u1eed d\u1ee5ng trong b\u1eefa \u0103n.<\/p>\n<p>Ch\u1ec9 c\u1ea7n ki\u00ean tr\u00ec th\u1ef1c hi\u1ec7n trong hai th\u00e1ng s\u1ebd c\u1ea3m nh\u1eadn \u0111\u01b0\u1ee3c s\u1ef1 thay \u0111\u1ed5i r\u00f5 r\u1ec7t.<\/p>\n<p>\u0110\u1eb7c bi\u1ec7t khi s\u1eed d\u1ee5ng r\u01b0\u1ee3u b\u1ea1n kh\u00f4ng n\u00ean l\u1ea1m d\u1ee5ng u\u1ed1ng qu\u00e1 nhi\u1ec1u so v\u1edbi li\u1ec1u l\u01b0\u1ee3ng ch\u1ec9 \u0111\u1ecbnh s\u1ebd g\u00e2y ra t\u00e1c d\u1ee5ng ph\u1ee5 th\u1eadm ch\u00ed l\u00e0 nguy hi\u1ec3m.<\/p>\n<h2><strong>\u0110\u1ecba ch\u1ec9 b\u00e1n r\u01b0\u1ee3u amakong \u1edf \u0111\u00e2u?\u00a0<\/strong><\/h2>\n<p>Qu\u00fd kh\u00e1ch \u0111\u1eb7t h\u00e0ng vui l\u00f2ng li\u00ean h\u1ec7 :\u00a0<strong>Hotline :<\/strong>\u00a0<strong class=\"uppercase\">0987.506.349<\/strong><\/p>\n<h3><strong>\u0110\u1ecba ch\u1ec9 c\u1eeda h\u00e0ng<\/strong><\/h3>\n<p><strong>T\u1ea1i S\u00e0i G\u00f2n:<\/strong>\u00a0184\/17 Nguy\u1ec5n Ph\u00fac Chu, P15, Q. T\u00e2n B\u00ecnh , TP HCM (vui l\u00f2ng g\u1ecdi tr\u01b0\u1edbc khi \u0111\u1ebfn)<br \/>\n<strong>T\u1ea1i H\u00e0 N\u1ed9i\u00a0 :<\/strong>\u00a0Ph\u00f2ng 2817, Chung C\u01b0 349, V\u0169 T\u00f4ng Phan, Thanh Xu\u00e2n,H\u00e0 N\u1ed9i (vui l\u00f2ng g\u1ecdi tr\u01b0\u1edbc khi \u0111\u1ebfn)<br \/>\n<strong>Website :\u00a0<a href=\"https:\/\/thucphamtienloi.com\/\">https:\/\/www.thucphamtienloi.com<\/a><\/strong><br \/>\n<strong>Facebook:\u00a0<a href=\"https:\/\/www.facebook.com\/cuahang3mien\/\">https:\/\/www.facebook.com\/cuahang3mien<\/a><\/strong><\/p>\n","protected":false},"excerpt":{"rendered":"<p><strong>R\u01b0\u1ee3u Amakong<\/strong> l\u00e0 m\u1ed9t trong nh\u1eefng lo\u1ea1i r\u01b0\u1ee3u thu\u1ed1c t\u1ed1t nh\u1ea5t gi\u00fap nam gi\u1edbi gi\u1eef \u0111\u01b0\u1ee3c phong \u0111\u1ed9 gi\u01b0\u1eddng chi\u1ebfu b\u1ea5t ch\u1ea5p tu\u1ed5i t\u00e1c. \u0110\u1eb7t h\u00e0ng ngay lo\u1ea1i r\u01b0\u1ee3u qu\u00fd n\u00e0y t\u1ea1i <a href=\"https:\/\/thucphamtienloi.com\/\" target=\"_blank\" rel=\"noopener noreferrer\"><strong>Th\u1ef1c Ph\u1ea9m Ti\u1ec7n L\u1ee3i<\/strong> <\/a>qua s\u1ed1 <strong>Hotline :<\/strong> <strong class=\"uppercase\">0987.506.349. (\u00a0<\/strong>Ph\u1ee5c v\u1ee5 qu\u00fd kh\u00e1ch tr\u00ean to\u00e0n qu\u1ed1c ).<\/p>\n","protected":false},"featured_media":557,"comment_status":"closed","ping_status":"closed","template":"","meta":[],"product_brand":[],"product_cat":[69],"product_tag":[287,288,289,290,291,286],"class_list":{"0":"post-552","1":"product","2":"type-product","3":"status-publish","4":"has-post-thumbnail","6":"product_cat-dac-san-mien-trung","7":"product_tag-amakong-tay-nguyen","8":"product_tag-amakong-dong-chai","9":"product_tag-amakong-la-gi","10":"product_tag-dia-chi-ban-amakong-o-sai-gon","11":"product_tag-dia-chi-ban-amakong-o-ha-noi","12":"product_tag-ruou-amakong","14":"first","15":"instock","16":"shipping-taxable","17":"purchasable","18":"product-type-simple"},"yoast_head":"<!-- This site is optimized with the Yoast SEO plugin v27.4 - https:\/\/yoast.com\/product\/yoast-seo-wordpress\/ -->\n<title>R\u01b0\u1ee3u Amakong Ph\u01b0\u01a1ng Thu\u1ed1c C\u1ee7a \u0110\u00e0n \u00d4ng - \u1ea8M TH\u1ef0C BA MI\u1ec0N<\/title>\n<meta name=\"description\" content=\"R\u01b0\u1ee3u Amakong l\u00e0 m\u1ed9t trong nh\u1eefng lo\u1ea1i r\u01b0\u1ee3u thu\u1ed1c t\u1ed1t nh\u1ea5t gi\u00fap nam gi\u1edbi gi\u1eef \u0111\u01b0\u1ee3c phong \u0111\u1ed9 gi\u01b0\u1eddng chi\u1ebfu b\u1ea5t ch\u1ea5p tu\u1ed5i t\u00e1c. v\u00e0 th\u1eddi gian.\" \/>\n<meta name=\"robots\" content=\"index, follow, max-snippet:-1, max-image-preview:large, max-video-preview:-1\" \/>\n<link rel=\"canonical\" href=\"https:\/\/thucphamtienloi.com\/?product=ruou-amakong\" \/>\n<meta property=\"og:locale\" content=\"vi_VN\" \/>\n<meta property=\"og:type\" content=\"article\" \/>\n<meta property=\"og:title\" content=\"R\u01b0\u1ee3u Amakong Ph\u01b0\u01a1ng Thu\u1ed1c C\u1ee7a \u0110\u00e0n \u00d4ng - \u1ea8M TH\u1ef0C BA MI\u1ec0N\" \/>\n<meta property=\"og:description\" content=\"R\u01b0\u1ee3u Amakong l\u00e0 m\u1ed9t trong nh\u1eefng lo\u1ea1i r\u01b0\u1ee3u thu\u1ed1c t\u1ed1t nh\u1ea5t gi\u00fap nam gi\u1edbi gi\u1eef \u0111\u01b0\u1ee3c phong \u0111\u1ed9 gi\u01b0\u1eddng chi\u1ebfu b\u1ea5t ch\u1ea5p tu\u1ed5i t\u00e1c. v\u00e0 th\u1eddi gian.\" \/>\n<meta property=\"og:url\" content=\"https:\/\/thucphamtienloi.com\/?product=ruou-amakong\" \/>\n<meta property=\"og:site_name\" content=\"\u1ea8M TH\u1ef0C BA MI\u1ec0N\" \/>\n<meta property=\"article:modified_time\" content=\"2025-10-19T16:15:33+00:00\" \/>\n<meta property=\"og:image\" content=\"https:\/\/thucphamtienloi.com\/wp-content\/uploads\/2020\/05\/ruou-amakong.png\" \/>\n\t<meta property=\"og:image:width\" content=\"300\" \/>\n\t<meta property=\"og:image:height\" content=\"300\" \/>\n\t<meta property=\"og:image:type\" content=\"image\/png\" \/>\n<meta name=\"twitter:card\" content=\"summary_large_image\" \/>\n<meta name=\"twitter:label1\" content=\"\u01af\u1edbc t\u00ednh th\u1eddi gian \u0111\u1ecdc\" \/>\n\t<meta name=\"twitter:data1\" content=\"4 ph\u00fat\" \/>\n<script type=\"application\/ld+json\" class=\"yoast-schema-graph\">{\"@context\":\"https:\\\/\\\/schema.org\",\"@graph\":[{\"@type\":[\"WebPage\",\"ItemPage\"],\"@id\":\"https:\\\/\\\/thucphamtienloi.com\\\/?product=ruou-amakong\",\"url\":\"https:\\\/\\\/thucphamtienloi.com\\\/?product=ruou-amakong\",\"name\":\"R\u01b0\u1ee3u Amakong Ph\u01b0\u01a1ng Thu\u1ed1c C\u1ee7a \u0110\u00e0n \u00d4ng - \u1ea8M TH\u1ef0C BA MI\u1ec0N\",\"isPartOf\":{\"@id\":\"https:\\\/\\\/thucphamtienloi.com\\\/#website\"},\"primaryImageOfPage\":{\"@id\":\"https:\\\/\\\/thucphamtienloi.com\\\/?product=ruou-amakong#primaryimage\"},\"image\":{\"@id\":\"https:\\\/\\\/thucphamtienloi.com\\\/?product=ruou-amakong#primaryimage\"},\"thumbnailUrl\":\"https:\\\/\\\/thucphamtienloi.com\\\/wp-content\\\/uploads\\\/2020\\\/05\\\/ruou-amakong.png\",\"datePublished\":\"2020-05-30T07:19:12+00:00\",\"dateModified\":\"2025-10-19T16:15:33+00:00\",\"description\":\"R\u01b0\u1ee3u Amakong l\u00e0 m\u1ed9t trong nh\u1eefng lo\u1ea1i r\u01b0\u1ee3u thu\u1ed1c t\u1ed1t nh\u1ea5t gi\u00fap nam gi\u1edbi gi\u1eef \u0111\u01b0\u1ee3c phong \u0111\u1ed9 gi\u01b0\u1eddng chi\u1ebfu b\u1ea5t ch\u1ea5p tu\u1ed5i t\u00e1c. v\u00e0 th\u1eddi gian.\",\"breadcrumb\":{\"@id\":\"https:\\\/\\\/thucphamtienloi.com\\\/?product=ruou-amakong#breadcrumb\"},\"inLanguage\":\"vi\",\"potentialAction\":[{\"@type\":\"ReadAction\",\"target\":[\"https:\\\/\\\/thucphamtienloi.com\\\/?product=ruou-amakong\"]}]},{\"@type\":\"ImageObject\",\"inLanguage\":\"vi\",\"@id\":\"https:\\\/\\\/thucphamtienloi.com\\\/?product=ruou-amakong#primaryimage\",\"url\":\"https:\\\/\\\/thucphamtienloi.com\\\/wp-content\\\/uploads\\\/2020\\\/05\\\/ruou-amakong.png\",\"contentUrl\":\"https:\\\/\\\/thucphamtienloi.com\\\/wp-content\\\/uploads\\\/2020\\\/05\\\/ruou-amakong.png\",\"width\":300,\"height\":300,\"caption\":\"r\u01b0\u1ee3u Amakong\"},{\"@type\":\"BreadcrumbList\",\"@id\":\"https:\\\/\\\/thucphamtienloi.com\\\/?product=ruou-amakong#breadcrumb\",\"itemListElement\":[{\"@type\":\"ListItem\",\"position\":1,\"name\":\"Trang ch\u1ee7\",\"item\":\"https:\\\/\\\/thucphamtienloi.com\\\/\"},{\"@type\":\"ListItem\",\"position\":2,\"name\":\"C\u1eeda H\u00e0ng\",\"item\":\"https:\\\/\\\/thucphamtienloi.com\\\/?page_id=3334\"},{\"@type\":\"ListItem\",\"position\":3,\"name\":\"\u0110\u1eb7c S\u1ea3n Mi\u1ec1n Trung\",\"item\":\"https:\\\/\\\/thucphamtienloi.com\\\/danh-muc-san-pham\\\/dac-san-mien-trung\\\/\"},{\"@type\":\"ListItem\",\"position\":4,\"name\":\"R\u01b0\u1ee3u Amakong Ph\u01b0\u01a1ng Thu\u1ed1c C\u1ee7a \u0110\u00e0n \u00d4ng\"}]},{\"@type\":\"WebSite\",\"@id\":\"https:\\\/\\\/thucphamtienloi.com\\\/#website\",\"url\":\"https:\\\/\\\/thucphamtienloi.com\\\/\",\"name\":\"Th\u1ef1c ph\u1ea9m ti\u1ec7n l\u1ee3i\",\"description\":\"\u1ea8m Th\u1ef1c Qu\u00ea H\u01b0\u01a1ng\",\"publisher\":{\"@id\":\"https:\\\/\\\/thucphamtienloi.com\\\/#organization\"},\"potentialAction\":[{\"@type\":\"SearchAction\",\"target\":{\"@type\":\"EntryPoint\",\"urlTemplate\":\"https:\\\/\\\/thucphamtienloi.com\\\/?s={search_term_string}\"},\"query-input\":{\"@type\":\"PropertyValueSpecification\",\"valueRequired\":true,\"valueName\":\"search_term_string\"}}],\"inLanguage\":\"vi\"},{\"@type\":\"Organization\",\"@id\":\"https:\\\/\\\/thucphamtienloi.com\\\/#organization\",\"name\":\"Th\u1ef1c ph\u1ea9m ti\u1ec7n l\u1ee3i\",\"url\":\"https:\\\/\\\/thucphamtienloi.com\\\/\",\"logo\":{\"@type\":\"ImageObject\",\"inLanguage\":\"vi\",\"@id\":\"https:\\\/\\\/thucphamtienloi.com\\\/#\\\/schema\\\/logo\\\/image\\\/\",\"url\":\"https:\\\/\\\/thucphamtienloi.com\\\/wp-content\\\/uploads\\\/2022\\\/07\\\/THU\u031b\u0323C-PHA\u0302\u0309M-TIE\u0323\u0302N-LO\u031b\u0323I.png\",\"contentUrl\":\"https:\\\/\\\/thucphamtienloi.com\\\/wp-content\\\/uploads\\\/2022\\\/07\\\/THU\u031b\u0323C-PHA\u0302\u0309M-TIE\u0323\u0302N-LO\u031b\u0323I.png\",\"width\":1920,\"height\":1080,\"caption\":\"Th\u1ef1c ph\u1ea9m ti\u1ec7n l\u1ee3i\"},\"image\":{\"@id\":\"https:\\\/\\\/thucphamtienloi.com\\\/#\\\/schema\\\/logo\\\/image\\\/\"}}]}<\/script>\n<!-- \/ Yoast SEO plugin. -->","yoast_head_json":{"title":"R\u01b0\u1ee3u Amakong Ph\u01b0\u01a1ng Thu\u1ed1c C\u1ee7a \u0110\u00e0n \u00d4ng - \u1ea8M TH\u1ef0C BA MI\u1ec0N","description":"R\u01b0\u1ee3u Amakong l\u00e0 m\u1ed9t trong nh\u1eefng lo\u1ea1i r\u01b0\u1ee3u thu\u1ed1c t\u1ed1t nh\u1ea5t gi\u00fap nam gi\u1edbi gi\u1eef \u0111\u01b0\u1ee3c phong \u0111\u1ed9 gi\u01b0\u1eddng chi\u1ebfu b\u1ea5t ch\u1ea5p tu\u1ed5i t\u00e1c. v\u00e0 th\u1eddi gian.","robots":{"index":"index","follow":"follow","max-snippet":"max-snippet:-1","max-image-preview":"max-image-preview:large","max-video-preview":"max-video-preview:-1"},"canonical":"https:\/\/thucphamtienloi.com\/?product=ruou-amakong","og_locale":"vi_VN","og_type":"article","og_title":"R\u01b0\u1ee3u Amakong Ph\u01b0\u01a1ng Thu\u1ed1c C\u1ee7a \u0110\u00e0n \u00d4ng - \u1ea8M TH\u1ef0C BA MI\u1ec0N","og_description":"R\u01b0\u1ee3u Amakong l\u00e0 m\u1ed9t trong nh\u1eefng lo\u1ea1i r\u01b0\u1ee3u thu\u1ed1c t\u1ed1t nh\u1ea5t gi\u00fap nam gi\u1edbi gi\u1eef \u0111\u01b0\u1ee3c phong \u0111\u1ed9 gi\u01b0\u1eddng chi\u1ebfu b\u1ea5t ch\u1ea5p tu\u1ed5i t\u00e1c. v\u00e0 th\u1eddi gian.","og_url":"https:\/\/thucphamtienloi.com\/?product=ruou-amakong","og_site_name":"\u1ea8M TH\u1ef0C BA MI\u1ec0N","article_modified_time":"2025-10-19T16:15:33+00:00","og_image":[{"width":300,"height":300,"url":"https:\/\/thucphamtienloi.com\/wp-content\/uploads\/2020\/05\/ruou-amakong.png","type":"image\/png"}],"twitter_card":"summary_large_image","twitter_misc":{"\u01af\u1edbc t\u00ednh th\u1eddi gian \u0111\u1ecdc":"4 ph\u00fat"},"schema":{"@context":"https:\/\/schema.org","@graph":[{"@type":["WebPage","ItemPage"],"@id":"https:\/\/thucphamtienloi.com\/?product=ruou-amakong","url":"https:\/\/thucphamtienloi.com\/?product=ruou-amakong","name":"R\u01b0\u1ee3u Amakong Ph\u01b0\u01a1ng Thu\u1ed1c C\u1ee7a \u0110\u00e0n \u00d4ng - \u1ea8M TH\u1ef0C BA MI\u1ec0N","isPartOf":{"@id":"https:\/\/thucphamtienloi.com\/#website"},"primaryImageOfPage":{"@id":"https:\/\/thucphamtienloi.com\/?product=ruou-amakong#primaryimage"},"image":{"@id":"https:\/\/thucphamtienloi.com\/?product=ruou-amakong#primaryimage"},"thumbnailUrl":"https:\/\/thucphamtienloi.com\/wp-content\/uploads\/2020\/05\/ruou-amakong.png","datePublished":"2020-05-30T07:19:12+00:00","dateModified":"2025-10-19T16:15:33+00:00","description":"R\u01b0\u1ee3u Amakong l\u00e0 m\u1ed9t trong nh\u1eefng lo\u1ea1i r\u01b0\u1ee3u thu\u1ed1c t\u1ed1t nh\u1ea5t gi\u00fap nam gi\u1edbi gi\u1eef \u0111\u01b0\u1ee3c phong \u0111\u1ed9 gi\u01b0\u1eddng chi\u1ebfu b\u1ea5t ch\u1ea5p tu\u1ed5i t\u00e1c. v\u00e0 th\u1eddi gian.","breadcrumb":{"@id":"https:\/\/thucphamtienloi.com\/?product=ruou-amakong#breadcrumb"},"inLanguage":"vi","potentialAction":[{"@type":"ReadAction","target":["https:\/\/thucphamtienloi.com\/?product=ruou-amakong"]}]},{"@type":"ImageObject","inLanguage":"vi","@id":"https:\/\/thucphamtienloi.com\/?product=ruou-amakong#primaryimage","url":"https:\/\/thucphamtienloi.com\/wp-content\/uploads\/2020\/05\/ruou-amakong.png","contentUrl":"https:\/\/thucphamtienloi.com\/wp-content\/uploads\/2020\/05\/ruou-amakong.png","width":300,"height":300,"caption":"r\u01b0\u1ee3u Amakong"},{"@type":"BreadcrumbList","@id":"https:\/\/thucphamtienloi.com\/?product=ruou-amakong#breadcrumb","itemListElement":[{"@type":"ListItem","position":1,"name":"Trang ch\u1ee7","item":"https:\/\/thucphamtienloi.com\/"},{"@type":"ListItem","position":2,"name":"C\u1eeda H\u00e0ng","item":"https:\/\/thucphamtienloi.com\/?page_id=3334"},{"@type":"ListItem","position":3,"name":"\u0110\u1eb7c S\u1ea3n Mi\u1ec1n Trung","item":"https:\/\/thucphamtienloi.com\/danh-muc-san-pham\/dac-san-mien-trung\/"},{"@type":"ListItem","position":4,"name":"R\u01b0\u1ee3u Amakong Ph\u01b0\u01a1ng Thu\u1ed1c C\u1ee7a \u0110\u00e0n \u00d4ng"}]},{"@type":"WebSite","@id":"https:\/\/thucphamtienloi.com\/#website","url":"https:\/\/thucphamtienloi.com\/","name":"Th\u1ef1c ph\u1ea9m ti\u1ec7n l\u1ee3i","description":"\u1ea8m Th\u1ef1c Qu\u00ea H\u01b0\u01a1ng","publisher":{"@id":"https:\/\/thucphamtienloi.com\/#organization"},"potentialAction":[{"@type":"SearchAction","target":{"@type":"EntryPoint","urlTemplate":"https:\/\/thucphamtienloi.com\/?s={search_term_string}"},"query-input":{"@type":"PropertyValueSpecification","valueRequired":true,"valueName":"search_term_string"}}],"inLanguage":"vi"},{"@type":"Organization","@id":"https:\/\/thucphamtienloi.com\/#organization","name":"Th\u1ef1c ph\u1ea9m ti\u1ec7n l\u1ee3i","url":"https:\/\/thucphamtienloi.com\/","logo":{"@type":"ImageObject","inLanguage":"vi","@id":"https:\/\/thucphamtienloi.com\/#\/schema\/logo\/image\/","url":"https:\/\/thucphamtienloi.com\/wp-content\/uploads\/2022\/07\/THU\u031b\u0323C-PHA\u0302\u0309M-TIE\u0323\u0302N-LO\u031b\u0323I.png","contentUrl":"https:\/\/thucphamtienloi.com\/wp-content\/uploads\/2022\/07\/THU\u031b\u0323C-PHA\u0302\u0309M-TIE\u0323\u0302N-LO\u031b\u0323I.png","width":1920,"height":1080,"caption":"Th\u1ef1c ph\u1ea9m ti\u1ec7n l\u1ee3i"},"image":{"@id":"https:\/\/thucphamtienloi.com\/#\/schema\/logo\/image\/"}}]}},"_links":{"self":[{"href":"https:\/\/thucphamtienloi.com\/index.php?rest_route=\/wp\/v2\/product\/552","targetHints":{"allow":["GET"]}}],"collection":[{"href":"https:\/\/thucphamtienloi.com\/index.php?rest_route=\/wp\/v2\/product"}],"about":[{"href":"https:\/\/thucphamtienloi.com\/index.php?rest_route=\/wp\/v2\/types\/product"}],"replies":[{"embeddable":true,"href":"https:\/\/thucphamtienloi.com\/index.php?rest_route=%2Fwp%2Fv2%2Fcomments&post=552"}],"wp:featuredmedia":[{"embeddable":true,"href":"https:\/\/thucphamtienloi.com\/index.php?rest_route=\/wp\/v2\/media\/557"}],"wp:attachment":[{"href":"https:\/\/thucphamtienloi.com\/index.php?rest_route=%2Fwp%2Fv2%2Fmedia&parent=552"}],"wp:term":[{"taxonomy":"product_brand","embeddable":true,"href":"https:\/\/thucphamtienloi.com\/index.php?rest_route=%2Fwp%2Fv2%2Fproduct_brand&post=552"},{"taxonomy":"product_cat","embeddable":true,"href":"https:\/\/thucphamtienloi.com\/index.php?rest_route=%2Fwp%2Fv2%2Fproduct_cat&post=552"},{"taxonomy":"product_tag","embeddable":true,"href":"https:\/\/thucphamtienloi.com\/index.php?rest_route=%2Fwp%2Fv2%2Fproduct_tag&post=552"}],"curies":[{"name":"wp","href":"https:\/\/api.w.org\/{rel}","templated":true}]}}