{"id":562,"date":"2020-05-30T07:20:07","date_gmt":"2020-05-30T07:20:07","guid":{"rendered":"https:\/\/thucphamtienloi.com\/?post_type=product&#038;p=562"},"modified":"2025-10-19T16:15:33","modified_gmt":"2025-10-19T16:15:33","slug":"ruou-lang-voc","status":"publish","type":"product","link":"https:\/\/thucphamtienloi.com\/?product=ruou-lang-voc","title":{"rendered":"R\u01b0\u1ee3u L\u00e0ng V\u1ecdc &#8211; \u0110\u1eb7c S\u1ea3n H\u00e0 Nam"},"content":{"rendered":"<p><strong>\u00a0R\u01b0\u1ee3u L\u00e0ng V\u1ecdc<\/strong> x\u01b0a nay ngon n\u1ed5i ti\u1ebfng kh\u1eafp c\u1ea3 n\u01b0\u1edbc. V\u1edbi b\u00ed quy\u1ebft gia truy\u1ec1n c\u1ed9ng th\u00eam ngu\u1ed3n n\u01b0\u1edbc tinh hoa c\u1ee7a \u0111\u1ea5t tr\u1eddi \u0111\u00e3 t\u1ea1o ra lo\u1ea1i r\u01b0\u1ee3u m\u00e0 kh\u00f4ng n\u01a1i n\u00e0o c\u00f3 \u0111\u01b0\u1ee3c. B\u1ea1n ch\u1ec9 c\u1ea7n nh\u1ea5p m\u1ed9t l\u1ea7n th\u00f4i c\u0169ng kh\u00f3 c\u00f3 th\u1ec3 m\u00e0 qu\u00ean \u0111\u01b0\u1ee3c. \u0110\u1ec3 mua \u0111\u01b0\u1ee3c r\u01b0\u1ee3u l\u00e0ng V\u1ecdc ch\u00ednh g\u1ed1c . B\u1ea1n h\u00e3y g\u1ecdi s\u1ed1 <strong>Hotline<\/strong> : <strong class=\"uppercase\">0987.506.349.\u00a0<\/strong><\/p>\n<h2><strong>L\u1ecbch s\u1eed c\u1ee7a r\u01b0\u1ee3u l\u00e0ng V\u1eccC<\/strong><\/h2>\n<p>R\u01b0\u1ee3u l\u00e0ng V\u1ecdc c\u00f3 \u0111\u1ebfn nay d\u1ec5 c\u0169ng \u0111\u1ebfn h\u00e0ng m\u1ea5y tr\u0103m n\u0103m. T\u01b0\u01a1ng truy\u1ec1n r\u1eb1ng, t\u1eeb th\u1ebf k\u1ef7 XIII, tr\u00ean d\u00f2ng Ninh Giang, thuy\u1ec1n bu\u00f4n c\u1ee7a c\u00e1c th\u01b0\u01a1ng gia th\u01b0\u1eddng xuy\u00ean xu\u00f4i v\u1ec1 l\u00e0ng V\u1ecdc ch\u1edf g\u1ea1o, ch\u1edf r\u01b0\u1ee3u \u0111i giao d\u1ecbch th\u1eadp ph\u01b0\u01a1ng. R\u01b0\u1ee3u l\u00e0ng V\u1ecdc c\u0169ng nh\u1edd \u0111\u00f3 \u0111\u00e3 theo ch\u00e2n c\u00e1c th\u01b0\u01a1ng nh\u00e2n v\u00e0o \u0111\u1ebfn x\u1ee9 Thanh, x\u1ee9 Ngh\u1ec7, l\u00ean x\u1ee9 L\u1ea1ng, L\u00e0o Cai, r\u1ed3i \u0111\u01b0\u1ee3c cung ti\u1ebfn d\u00e2ng vua.<\/p>\n<p>R\u01b0\u1ee3u l\u00e0ng V\u1ecdc \u0111\u01b0\u1ee3c n\u1ea5u b\u1eb1ng lo\u1ea1i g\u1ea1o \u0111\u1eb7c s\u1ea3n \u1ee7 v\u1edbi men ta g\u1ed3m 36 v\u1ecb thu\u1ed1c b\u1eafc n\u1ea5u v\u1edbi g\u1ea1o n\u1ebfp. R\u01b0\u1ee3u l\u00e0ng V\u1ecdc c\u00f3 h\u01b0\u01a1ng th\u01a1m n\u1ee9c, v\u1ecb \u0111\u1eadm \u0111\u00e0, ng\u1ecdt l\u1ecbm gi\u1ed1ng nh\u01b0 c\u00e1i t\u00ecnh c\u1ee7a ng\u01b0\u1eddi d\u00e2n n\u01a1i \u0111\u00e2y v\u1eady.<\/p>\n<figure id=\"attachment_814\" aria-describedby=\"caption-attachment-814\" style=\"width: 600px\" class=\"wp-caption aligncenter\"><img loading=\"lazy\" decoding=\"async\" class=\"wp-image-814\" src=\"https:\/\/thucphamtienloi.com\/wp-content\/uploads\/2020\/05\/ruou-lang-voc2-534x400.jpg\" alt=\"n\u00e2u-ruou-lang-voc\" width=\"600\" height=\"450\" srcset=\"https:\/\/thucphamtienloi.com\/wp-content\/uploads\/2020\/05\/ruou-lang-voc2-534x400.jpg 534w, https:\/\/thucphamtienloi.com\/wp-content\/uploads\/2020\/05\/ruou-lang-voc2-510x382.jpg 510w, https:\/\/thucphamtienloi.com\/wp-content\/uploads\/2020\/05\/ruou-lang-voc2.jpg 551w\" sizes=\"auto, (max-width: 600px) 100vw, 600px\" \/><figcaption id=\"caption-attachment-814\" class=\"wp-caption-text\">Ngh\u1ec1 n\u1ea5u r\u01b0\u1ee3u c\u1ee7a l\u00e0ng \u0111\u00e3 ph\u00e1t tri\u1ec3n t\u1eeb r\u1ea5t l\u00e2u<\/figcaption><\/figure>\n<p>\u0110\u1ec3 c\u00f3 \u0111\u01b0\u1ee3c m\u1ed9t m\u1ebb r\u01b0\u1ee3u ngon th\u00ec g\u1ea1o n\u1ea5u r\u01b0\u1ee3u ph\u1ea3i l\u00e0 n\u1ebfp c\u1ea9m hay n\u1ebfp c\u00e1i hoa v\u00e0ng v\u1eabn c\u00f2n nguy\u00ean l\u1edbp v\u1ecf l\u1ee5a v\u00e0 l\u1edbp c\u00e1m, sau thu ho\u1ea1ch t\u1ea7m 3 th\u00e1ng tr\u1edf l\u1ea1i l\u00e0 v\u1eeba.<\/p>\n<h2><strong>C\u00e1ch ng\u01b0\u1eddi d\u00e2n n\u01a1i \u0111\u00e2y l\u00e0m ra r\u01b0\u1ee3u<\/strong><\/h2>\n<h3><strong>L\u00e0m men r\u01b0\u1ee3u<\/strong><\/h3>\n<p>Men \u0111\u1ec3 l\u00e0m r\u01b0\u1ee3u \u0111\u01b0\u1ee3c ch\u1ecdn t\u1eeb 16 \u0111\u1ebfn 36 v\u1ecb thu\u1ed1c b\u1eafc c\u00f3 nhi\u1ec1u \u0111\u1eb7c t\u00ednh cay, n\u00f3ng. Men chu\u1ea9n khi m\u1edf ra c\u00f3 h\u01b0\u01a1ng th\u01a1m, m\u00e0u men tr\u1eafng, sau m\u1ed9t ng\u00e0y s\u1ebd chuy\u1ec3n sang m\u00e0u hanh v\u00e0ng, c\u00f3 v\u00e2n l\u0103n t\u0103n, nh\u1eb9 v\u00e0 t\u01a1i x\u1ed1p. \u0110\u1ec3 chi\u1ebft xu\u1ea5t \u0111\u01b0\u1ee3c nh\u1eefng gi\u1ecdt r\u01b0\u1ee3u n\u1ebfp th\u01a1m ngon \u0111\u00f2i h\u1ecfi ng\u01b0\u1eddi l\u00e0m ngh\u1ec1 ph\u1ea3i th\u1ef1c hi\u1ec7n nghi\u00eam ng\u1eb7t quy tr\u00ecnh s\u1ea3n xu\u1ea5t.<\/p>\n<p>Khi c\u01a1m \u0111\u00e3 ch\u00edn b\u1edbi c\u01a1m ra nong v\u00e0 tr\u1ea3i \u0111\u1ec1u ra kh\u00f4ng \u0111\u1ec3 cho n\u00f3 d\u00ednh c\u1ee5c, \u0111\u1ee3i m\u1ed9t th\u1eddi gian, khi n\u00e0o s\u1edd tay v\u00e0o c\u01a1m th\u1ea5y c\u00f2n \u1ea5m l\u00e0 ti\u1ebfn h\u00e0nh r\u1eafc men l\u00ean. B\u1edfi n\u1ebfu r\u1eafc men khi c\u01a1m c\u00f2n n\u00f3ng th\u00ec s\u1ebd l\u00e0m men b\u1ecb ch\u1ebft, c\u00f2n n\u1ebfu r\u1eafc khi c\u01a1m qu\u00e1 ngu\u1ed9i th\u00ec men c\u0169ng kh\u00f4ng \u0103n \u0111\u01b0\u1ee3c s\u1ebd l\u00e0m h\u1ecfng c\u01a1m. Sau khi r\u1eafc men xong, s\u1ebd cho c\u01a1m v\u00e0o chum hay v\u00e0o h\u0169 b\u1eb1ng \u0111\u1ea5t nung hay th\u1ee7y tinh \u0111\u1ec3 \u1ee7 nh\u01b0ng ch\u1ec9 cho \u0111\u1ea7y kho\u1ea3ng 2\/3 dung t\u00edch h\u0169, \u0111\u1eady k\u00edn. Khi \u1ee7 c\u01a1m ph\u1ea3i b\u1ea3o \u0111\u1ea3m gi\u1eef \u1ea5m cho h\u0169 c\u01a1m v\u00e0o m\u00f9a \u0111\u00f4ng.<\/p>\n<p>T\u00f9y th\u1eddi ti\u1ebft, tr\u1eddi c\u00e0ng n\u00f3ng c\u01a1m r\u01b0\u1ee3u c\u00e0ng mau \u0111\u01b0\u1ee3c. \u1ede v\u00f9ng cao, nhi\u1ec7t \u0111\u1ed9 th\u1ea5p ng\u01b0\u1eddi ta th\u01b0\u1eddng \u0111\u1ec3 h\u0169 c\u01a1m r\u01b0\u1ee3u g\u1ea7n b\u1ebfp \u0111\u1ec3 \u1ee7 n\u00f3ng. C\u01a1m r\u01b0\u1ee3u s\u1ebd \u0111\u1ea1t \u0111\u1ebfn n\u1ed3ng \u0111\u1ed9 r\u01b0\u1ee3u cao nh\u1ea5t trong m\u1ed9t ng\u00e0y nh\u1ea5t \u0111\u1ecbnh v\u00e0o kho\u1ea3ng ng\u00e0y th\u1ee9 n\u0103m hay th\u1ee9 s\u00e1u, t\u00f9y ch\u1ea5t l\u01b0\u1ee3ng men.<\/p>\n<figure id=\"attachment_813\" aria-describedby=\"caption-attachment-813\" style=\"width: 600px\" class=\"wp-caption aligncenter\"><img loading=\"lazy\" decoding=\"async\" class=\"wp-image-813\" src=\"https:\/\/thucphamtienloi.com\/wp-content\/uploads\/2020\/05\/ruou-lang-voc1.jpg\" alt=\"ruou-lang-voc\" width=\"600\" height=\"392\" srcset=\"https:\/\/thucphamtienloi.com\/wp-content\/uploads\/2020\/05\/ruou-lang-voc1.jpg 600w, https:\/\/thucphamtienloi.com\/wp-content\/uploads\/2020\/05\/ruou-lang-voc1-510x333.jpg 510w\" sizes=\"auto, (max-width: 600px) 100vw, 600px\" \/><figcaption id=\"caption-attachment-813\" class=\"wp-caption-text\">Ng\u01b0\u1eddi l\u00e0ng V\u1ecdc ch\u1ec9 trung th\u00e0nh v\u1edbi m\u1ed9t c\u00f4ng th\u1ee9c ch\u01b0ng c\u1ea5t r\u01b0\u1ee3u ri\u00eang c\u1ee7a l\u00e0ng<\/figcaption><\/figure>\n<h3><strong>N\u1ed3i n\u1ea5u r\u01b0\u1ee3u<\/strong><\/h3>\n<p>N\u1ed3i d\u00f9ng \u0111\u1ec3 n\u1ea5u r\u01b0\u1ee3u th\u01b0\u1eddng l\u00e0m b\u1eb1ng \u0111\u1ed3ng ho\u1eb7c \u0111\u1ea5t nung l\u00e0 t\u1ed1t nh\u1ea5t, ch\u01b0ng c\u1ea5t b\u1eb1ng c\u00e1c ch\u1ea5t li\u1ec7u kh\u00e1c r\u01b0\u1ee3u s\u1ebd kh\u00f4ng ngon ho\u1eb7c c\u00f3 m\u00f9i l\u1ea1 r\u1ea5t kh\u00f3 u\u1ed1ng. Khi n\u1ed3i r\u01b0\u1ee3u s\u00f4i r\u1ed3i th\u00ec ph\u1ea3i gi\u1ea3m nh\u1ecf l\u1eeda \u0111i \u0111\u1ec3 r\u01b0\u1ee3u ch\u1ea3y ra t\u1eeb t\u1eeb, n\u1ebfu \u0111un b\u1ebfp qu\u00e1 to s\u1ebd l\u00e0m ph\u00ec r\u01b0\u1ee3u khi u\u1ed1ng s\u1ebd c\u00f3 m\u00f9i kh\u00e9t. Ng\u01b0\u1eddi gi\u00e0 trong l\u00e0ng b\u1ea3o r\u1eb1ng, m\u1ed9t trong nh\u1eefng y\u1ebfu t\u1ed1 l\u00e0m n\u00ean h\u01b0\u01a1ng v\u1ecb \u0111\u1eb7c tr\u01b0ng c\u1ee7a r\u01b0\u1ee3u V\u1ecdc ch\u00ednh l\u00e0 do l\u00e0ng V\u1ecdc \u0111\u01b0\u1ee3c thi\u00ean nhi\u00ean \u01b0u \u0111\u00e3i m\u1ed9t ngu\u1ed3n n\u01b0\u1edbc trong l\u00e0nh v\u00e0 m\u00e1t l\u1ecbm.<\/p>\n<p>V\u00ec v\u1eady, r\u01b0\u1ee3u l\u00e0ng V\u1ecdc ch\u1ec9 ngon khi \u0111\u01b0\u1ee3c n\u1ea5u t\u1ea1i l\u00e0ng V\u1ecdc. Th\u1ef1c t\u1ebf, \u0111\u00e3 c\u00f3 m\u1ed9t s\u1ed1 ng\u01b0\u1eddi t\u1eebng mang ngh\u1ec1 n\u1ea5u r\u01b0\u1ee3u truy\u1ec1n th\u1ed1ng qu\u00ea m\u00ecnh \u0111\u1ebfn c\u00e1c n\u01a1i kh\u00e1c l\u00e0m \u0103n nh\u01b0ng r\u01b0\u1ee3u n\u1ea5u l\u00ean kh\u00f4ng th\u1ec3 c\u00f3 h\u01b0\u01a1ng v\u1ecb gi\u1ed1ng v\u1edbi r\u01b0\u1ee3u \u0111\u01b0\u1ee3c ch\u01b0ng c\u1ea5t t\u1ea1i l\u00e0ng V\u1ecdc.<\/p>\n<h2><strong>\u0110\u1ecba ch\u1ec9 mua r\u01b0\u1ee3u l\u00e0ng V\u1ecdc t\u1ea1i Tp HCM v\u00e0 S\u00e0i G\u00f2n ?<\/strong><\/h2>\n<p>T\u1ea1i Tp HCM v\u00e0 khu v\u1ef1c ph\u00eda Nam hi\u1ec7n nay g\u1ea7n nh\u01b0 l\u00e0 kh\u00f4ng c\u00f3 \u0111\u1ea1i l\u00fd n\u00e0o cung c\u1ea5p r\u01b0\u1ee3u l\u00e0ng V\u1ecdc ch\u00ednh g\u1ed1c do l\u1ee3i nhu\u1eadn kh\u00f4ng cao. Ch\u00fang t\u00f4i l\u00e0 nh\u1eefng ng\u01b0\u1eddi con H\u00e0 Nam xa qu\u00ea v\u1edbi mong mu\u1ed1n ph\u00e1t tri\u1ec3n s\u1ea3n ph\u1ea9m qu\u00ea h\u01b0\u01a1ng \u0111\u1ebfn kh\u1eafp c\u1ea3 n\u01b0\u1edbc. S\u1ea3n ph\u1ea9m \u0111\u01b0\u1ee3c v\u1eadn chuy\u1ec3n t\u1eadn g\u1ed1c L\u00e0ng V\u1ecdc, x\u00e3 V\u0169 B\u1ea3n, B\u00ecnh L\u1ee5c, H\u00e0 Nam \u0111\u1ebfn S\u00e0i G\u00f2n.\u00a0<\/p>\n<p>B\u1ea1n c\u00f3 th\u1ec3 xem th\u00eam m\u1ed9t s\u1ed1 \u0111\u1eb7c s\u1ea3n H\u00e0 Nam kh\u00e1c m\u00e0 ch\u00fang t\u00f4i cung c\u1ea5p.<\/p>\n<ul>\n<li><a href=\"https:\/\/thucphamtienloi.com\/san-pham\/331\/\" target=\"_blank\" rel=\"noopener noreferrer\"><span style=\"color: #0000ff;\"><strong>C\u00e1 Kho L\u00e0ng V\u0169 \u0110\u1ea1i<\/strong><\/span><\/a><\/li>\n<li><span style=\"color: #0000ff;\"><strong><a style=\"color: #0000ff;\" href=\"https:\/\/thucphamtienloi.com\/san-pham\/banh-da-nem-lang-cheu\/\" target=\"_blank\" rel=\"noopener noreferrer\">B\u00e1nh \u0110a Nem L\u00e0ng Ch\u1ec1u<\/a><\/strong><\/span><\/li>\n<\/ul>\n<p>Qu\u00fd kh\u00e1ch \u0111\u1eb7t mua s\u1ea3n ph\u1ea9m vui l\u00f2ng li\u00ean h\u1ec7 :\u00a0<\/p>\n<p><strong>Hotline\/Zalo:<\/strong>\u00a0<strong class=\"uppercase\">0987.506.349<\/strong><\/p>\n<p><strong>\u0110\u1ecba ch\u1ec9 c\u1eeda h\u00e0ng :\u00a0<\/strong><\/p>\n<p><strong>T\u1ea1i S\u00e0i G\u00f2n:<\/strong>\u00a0184\/17 Nguy\u1ec5n Ph\u00fac Chu, P15, Q. T\u00e2n B\u00ecnh , TP HCM (vui l\u00f2ng g\u1ecdi tr\u01b0\u1edbc khi \u0111\u1ebfn)<\/p>\n<p><strong>T\u1ea1i H\u00e0 N\u1ed9i\u00a0 :\u00a0\u00a0<\/strong>PH\u00f2ng 2817,Chung c\u01b0 349,V\u0169 T\u00f4ng Phan,Thanh Xu\u00e2n, H\u00e0 N\u1ed9i (vui l\u00f2ng g\u1ecdi tr\u01b0\u1edbc khi \u0111\u1ebfn)<strong><br \/>\n<\/strong><br \/>\n<strong>Facebook: <a href=\"https:\/\/www.facebook.com\/cuahang3mien\/\">facebook.com\/cuahang3mien<\/a><\/strong><\/p>\n","protected":false},"excerpt":{"rendered":"<p>\u00a0R\u01b0\u1ee3u L\u00e0ng V\u1ecdc x\u01b0a nay ngon n\u1ed5i ti\u1ebfng kh\u1eafp c\u1ea3 n\u01b0\u1edbc. V\u1edbi b\u00ed quy\u1ebft gia truy\u1ec1n c\u1ed9ng th\u00eam ngu\u1ed3n n\u01b0\u1edbc tinh hoa c\u1ee7a \u0111\u1ea5t tr\u1eddi \u0111\u00e3 t\u1ea1o ra lo\u1ea1i r\u01b0\u1ee3u m\u00e0 kh\u00f4ng n\u01a1i n\u00e0o c\u00f3 \u0111\u01b0\u1ee3c. B\u1ea1n ch\u1ec9 c\u1ea7n nh\u1ea5p m\u1ed9t l\u1ea7n th\u00f4i c\u0169ng kh\u00f3 c\u00f3 th\u1ec3 m\u00e0 qu\u00ean \u0111\u01b0\u1ee3c. \u0110\u1ec3 mua \u0111\u01b0\u1ee3c r\u01b0\u1ee3u l\u00e0ng [&#8230;]\n","protected":false},"featured_media":558,"comment_status":"closed","ping_status":"closed","template":"","meta":[],"product_brand":[],"product_cat":[68],"product_tag":[234,235,236,237],"class_list":{"0":"post-562","1":"product","2":"type-product","3":"status-publish","4":"has-post-thumbnail","6":"product_cat-dac-san-mien-bac","7":"product_tag-ruou-lang-voc","8":"product_tag-ruou-voc","9":"product_tag-cua-hang-ban-ruou-voc-tai-sai-gon","10":"product_tag-ban-ruou-voc-tai-tp-hcm","12":"first","13":"instock","14":"shipping-taxable","15":"purchasable","16":"product-type-simple"},"yoast_head":"<!-- This site is optimized with the Yoast SEO plugin v27.4 - https:\/\/yoast.com\/product\/yoast-seo-wordpress\/ -->\n<title>R\u01b0\u1ee3u L\u00e0ng V\u1ecdc - \u0110\u1eb7c S\u1ea3n H\u00e0 Nam - \u1ea8M TH\u1ef0C BA MI\u1ec0N<\/title>\n<meta name=\"description\" content=\"R\u01b0\u1ee3u L\u00e0ng V\u1ecdc x\u01b0a nay ngon n\u1ed5i ti\u1ebfng kh\u1eafp c\u1ea3 n\u01b0\u1edbc. V\u1edbi b\u00ed quy\u1ebft gia truy\u1ec1n ng\u01b0\u1eddi d\u00e2n n\u01a1i \u0111\u00e2y \u0111\u00e3 t\u1ea1o ra lo\u1ea1i r\u01b0\u1ee3u m\u00e0 kh\u00f4ng n\u01a1i n\u00e0o c\u00f3 \u0111\u01b0\u1ee3c.\" \/>\n<meta name=\"robots\" content=\"index, follow, max-snippet:-1, max-image-preview:large, max-video-preview:-1\" \/>\n<link rel=\"canonical\" href=\"https:\/\/thucphamtienloi.com\/?product=ruou-lang-voc\" \/>\n<meta property=\"og:locale\" content=\"vi_VN\" \/>\n<meta property=\"og:type\" content=\"article\" \/>\n<meta property=\"og:title\" content=\"R\u01b0\u1ee3u L\u00e0ng V\u1ecdc - \u0110\u1eb7c S\u1ea3n H\u00e0 Nam - \u1ea8M TH\u1ef0C BA MI\u1ec0N\" \/>\n<meta property=\"og:description\" content=\"R\u01b0\u1ee3u L\u00e0ng V\u1ecdc x\u01b0a nay ngon n\u1ed5i ti\u1ebfng kh\u1eafp c\u1ea3 n\u01b0\u1edbc. V\u1edbi b\u00ed quy\u1ebft gia truy\u1ec1n ng\u01b0\u1eddi d\u00e2n n\u01a1i \u0111\u00e2y \u0111\u00e3 t\u1ea1o ra lo\u1ea1i r\u01b0\u1ee3u m\u00e0 kh\u00f4ng n\u01a1i n\u00e0o c\u00f3 \u0111\u01b0\u1ee3c.\" \/>\n<meta property=\"og:url\" content=\"https:\/\/thucphamtienloi.com\/?product=ruou-lang-voc\" \/>\n<meta property=\"og:site_name\" content=\"\u1ea8M TH\u1ef0C BA MI\u1ec0N\" \/>\n<meta property=\"article:modified_time\" content=\"2025-10-19T16:15:33+00:00\" \/>\n<meta property=\"og:image\" content=\"https:\/\/thucphamtienloi.com\/wp-content\/uploads\/2020\/05\/ruou-voc-thuoc.png\" \/>\n\t<meta property=\"og:image:width\" content=\"300\" \/>\n\t<meta property=\"og:image:height\" content=\"300\" \/>\n\t<meta property=\"og:image:type\" content=\"image\/png\" \/>\n<meta name=\"twitter:card\" content=\"summary_large_image\" \/>\n<meta name=\"twitter:label1\" content=\"\u01af\u1edbc t\u00ednh th\u1eddi gian \u0111\u1ecdc\" \/>\n\t<meta name=\"twitter:data1\" content=\"7 ph\u00fat\" \/>\n<script type=\"application\/ld+json\" class=\"yoast-schema-graph\">{\"@context\":\"https:\\\/\\\/schema.org\",\"@graph\":[{\"@type\":[\"WebPage\",\"ItemPage\"],\"@id\":\"https:\\\/\\\/thucphamtienloi.com\\\/?product=ruou-lang-voc\",\"url\":\"https:\\\/\\\/thucphamtienloi.com\\\/?product=ruou-lang-voc\",\"name\":\"R\u01b0\u1ee3u L\u00e0ng V\u1ecdc - \u0110\u1eb7c S\u1ea3n H\u00e0 Nam - \u1ea8M TH\u1ef0C BA MI\u1ec0N\",\"isPartOf\":{\"@id\":\"https:\\\/\\\/thucphamtienloi.com\\\/#website\"},\"primaryImageOfPage\":{\"@id\":\"https:\\\/\\\/thucphamtienloi.com\\\/?product=ruou-lang-voc#primaryimage\"},\"image\":{\"@id\":\"https:\\\/\\\/thucphamtienloi.com\\\/?product=ruou-lang-voc#primaryimage\"},\"thumbnailUrl\":\"https:\\\/\\\/thucphamtienloi.com\\\/wp-content\\\/uploads\\\/2020\\\/05\\\/ruou-voc-thuoc.png\",\"datePublished\":\"2020-05-30T07:20:07+00:00\",\"dateModified\":\"2025-10-19T16:15:33+00:00\",\"description\":\"R\u01b0\u1ee3u L\u00e0ng V\u1ecdc x\u01b0a nay ngon n\u1ed5i ti\u1ebfng kh\u1eafp c\u1ea3 n\u01b0\u1edbc. V\u1edbi b\u00ed quy\u1ebft gia truy\u1ec1n ng\u01b0\u1eddi d\u00e2n n\u01a1i \u0111\u00e2y \u0111\u00e3 t\u1ea1o ra lo\u1ea1i r\u01b0\u1ee3u m\u00e0 kh\u00f4ng n\u01a1i n\u00e0o c\u00f3 \u0111\u01b0\u1ee3c.\",\"breadcrumb\":{\"@id\":\"https:\\\/\\\/thucphamtienloi.com\\\/?product=ruou-lang-voc#breadcrumb\"},\"inLanguage\":\"vi\",\"potentialAction\":[{\"@type\":\"ReadAction\",\"target\":[\"https:\\\/\\\/thucphamtienloi.com\\\/?product=ruou-lang-voc\"]}]},{\"@type\":\"ImageObject\",\"inLanguage\":\"vi\",\"@id\":\"https:\\\/\\\/thucphamtienloi.com\\\/?product=ruou-lang-voc#primaryimage\",\"url\":\"https:\\\/\\\/thucphamtienloi.com\\\/wp-content\\\/uploads\\\/2020\\\/05\\\/ruou-voc-thuoc.png\",\"contentUrl\":\"https:\\\/\\\/thucphamtienloi.com\\\/wp-content\\\/uploads\\\/2020\\\/05\\\/ruou-voc-thuoc.png\",\"width\":300,\"height\":300,\"caption\":\"r\u01b0\u1ee3u v\u1ecdc thu\u1ed1c\"},{\"@type\":\"BreadcrumbList\",\"@id\":\"https:\\\/\\\/thucphamtienloi.com\\\/?product=ruou-lang-voc#breadcrumb\",\"itemListElement\":[{\"@type\":\"ListItem\",\"position\":1,\"name\":\"Trang ch\u1ee7\",\"item\":\"https:\\\/\\\/thucphamtienloi.com\\\/\"},{\"@type\":\"ListItem\",\"position\":2,\"name\":\"C\u1eeda H\u00e0ng\",\"item\":\"https:\\\/\\\/thucphamtienloi.com\\\/?page_id=3334\"},{\"@type\":\"ListItem\",\"position\":3,\"name\":\"\u0110\u1eb7c S\u1ea3n Mi\u1ec1n B\u1eafc\",\"item\":\"https:\\\/\\\/thucphamtienloi.com\\\/danh-muc-san-pham\\\/dac-san-mien-bac\\\/\"},{\"@type\":\"ListItem\",\"position\":4,\"name\":\"R\u01b0\u1ee3u L\u00e0ng V\u1ecdc &#8211; \u0110\u1eb7c S\u1ea3n H\u00e0 Nam\"}]},{\"@type\":\"WebSite\",\"@id\":\"https:\\\/\\\/thucphamtienloi.com\\\/#website\",\"url\":\"https:\\\/\\\/thucphamtienloi.com\\\/\",\"name\":\"Th\u1ef1c ph\u1ea9m ti\u1ec7n l\u1ee3i\",\"description\":\"\u1ea8m Th\u1ef1c Qu\u00ea H\u01b0\u01a1ng\",\"publisher\":{\"@id\":\"https:\\\/\\\/thucphamtienloi.com\\\/#organization\"},\"potentialAction\":[{\"@type\":\"SearchAction\",\"target\":{\"@type\":\"EntryPoint\",\"urlTemplate\":\"https:\\\/\\\/thucphamtienloi.com\\\/?s={search_term_string}\"},\"query-input\":{\"@type\":\"PropertyValueSpecification\",\"valueRequired\":true,\"valueName\":\"search_term_string\"}}],\"inLanguage\":\"vi\"},{\"@type\":\"Organization\",\"@id\":\"https:\\\/\\\/thucphamtienloi.com\\\/#organization\",\"name\":\"Th\u1ef1c ph\u1ea9m ti\u1ec7n l\u1ee3i\",\"url\":\"https:\\\/\\\/thucphamtienloi.com\\\/\",\"logo\":{\"@type\":\"ImageObject\",\"inLanguage\":\"vi\",\"@id\":\"https:\\\/\\\/thucphamtienloi.com\\\/#\\\/schema\\\/logo\\\/image\\\/\",\"url\":\"https:\\\/\\\/thucphamtienloi.com\\\/wp-content\\\/uploads\\\/2022\\\/07\\\/THU\u031b\u0323C-PHA\u0302\u0309M-TIE\u0323\u0302N-LO\u031b\u0323I.png\",\"contentUrl\":\"https:\\\/\\\/thucphamtienloi.com\\\/wp-content\\\/uploads\\\/2022\\\/07\\\/THU\u031b\u0323C-PHA\u0302\u0309M-TIE\u0323\u0302N-LO\u031b\u0323I.png\",\"width\":1920,\"height\":1080,\"caption\":\"Th\u1ef1c ph\u1ea9m ti\u1ec7n l\u1ee3i\"},\"image\":{\"@id\":\"https:\\\/\\\/thucphamtienloi.com\\\/#\\\/schema\\\/logo\\\/image\\\/\"}}]}<\/script>\n<!-- \/ Yoast SEO plugin. -->","yoast_head_json":{"title":"R\u01b0\u1ee3u L\u00e0ng V\u1ecdc - \u0110\u1eb7c S\u1ea3n H\u00e0 Nam - \u1ea8M TH\u1ef0C BA MI\u1ec0N","description":"R\u01b0\u1ee3u L\u00e0ng V\u1ecdc x\u01b0a nay ngon n\u1ed5i ti\u1ebfng kh\u1eafp c\u1ea3 n\u01b0\u1edbc. V\u1edbi b\u00ed quy\u1ebft gia truy\u1ec1n ng\u01b0\u1eddi d\u00e2n n\u01a1i \u0111\u00e2y \u0111\u00e3 t\u1ea1o ra lo\u1ea1i r\u01b0\u1ee3u m\u00e0 kh\u00f4ng n\u01a1i n\u00e0o c\u00f3 \u0111\u01b0\u1ee3c.","robots":{"index":"index","follow":"follow","max-snippet":"max-snippet:-1","max-image-preview":"max-image-preview:large","max-video-preview":"max-video-preview:-1"},"canonical":"https:\/\/thucphamtienloi.com\/?product=ruou-lang-voc","og_locale":"vi_VN","og_type":"article","og_title":"R\u01b0\u1ee3u L\u00e0ng V\u1ecdc - \u0110\u1eb7c S\u1ea3n H\u00e0 Nam - \u1ea8M TH\u1ef0C BA MI\u1ec0N","og_description":"R\u01b0\u1ee3u L\u00e0ng V\u1ecdc x\u01b0a nay ngon n\u1ed5i ti\u1ebfng kh\u1eafp c\u1ea3 n\u01b0\u1edbc. V\u1edbi b\u00ed quy\u1ebft gia truy\u1ec1n ng\u01b0\u1eddi d\u00e2n n\u01a1i \u0111\u00e2y \u0111\u00e3 t\u1ea1o ra lo\u1ea1i r\u01b0\u1ee3u m\u00e0 kh\u00f4ng n\u01a1i n\u00e0o c\u00f3 \u0111\u01b0\u1ee3c.","og_url":"https:\/\/thucphamtienloi.com\/?product=ruou-lang-voc","og_site_name":"\u1ea8M TH\u1ef0C BA MI\u1ec0N","article_modified_time":"2025-10-19T16:15:33+00:00","og_image":[{"width":300,"height":300,"url":"https:\/\/thucphamtienloi.com\/wp-content\/uploads\/2020\/05\/ruou-voc-thuoc.png","type":"image\/png"}],"twitter_card":"summary_large_image","twitter_misc":{"\u01af\u1edbc t\u00ednh th\u1eddi gian \u0111\u1ecdc":"7 ph\u00fat"},"schema":{"@context":"https:\/\/schema.org","@graph":[{"@type":["WebPage","ItemPage"],"@id":"https:\/\/thucphamtienloi.com\/?product=ruou-lang-voc","url":"https:\/\/thucphamtienloi.com\/?product=ruou-lang-voc","name":"R\u01b0\u1ee3u L\u00e0ng V\u1ecdc - \u0110\u1eb7c S\u1ea3n H\u00e0 Nam - \u1ea8M TH\u1ef0C BA MI\u1ec0N","isPartOf":{"@id":"https:\/\/thucphamtienloi.com\/#website"},"primaryImageOfPage":{"@id":"https:\/\/thucphamtienloi.com\/?product=ruou-lang-voc#primaryimage"},"image":{"@id":"https:\/\/thucphamtienloi.com\/?product=ruou-lang-voc#primaryimage"},"thumbnailUrl":"https:\/\/thucphamtienloi.com\/wp-content\/uploads\/2020\/05\/ruou-voc-thuoc.png","datePublished":"2020-05-30T07:20:07+00:00","dateModified":"2025-10-19T16:15:33+00:00","description":"R\u01b0\u1ee3u L\u00e0ng V\u1ecdc x\u01b0a nay ngon n\u1ed5i ti\u1ebfng kh\u1eafp c\u1ea3 n\u01b0\u1edbc. V\u1edbi b\u00ed quy\u1ebft gia truy\u1ec1n ng\u01b0\u1eddi d\u00e2n n\u01a1i \u0111\u00e2y \u0111\u00e3 t\u1ea1o ra lo\u1ea1i r\u01b0\u1ee3u m\u00e0 kh\u00f4ng n\u01a1i n\u00e0o c\u00f3 \u0111\u01b0\u1ee3c.","breadcrumb":{"@id":"https:\/\/thucphamtienloi.com\/?product=ruou-lang-voc#breadcrumb"},"inLanguage":"vi","potentialAction":[{"@type":"ReadAction","target":["https:\/\/thucphamtienloi.com\/?product=ruou-lang-voc"]}]},{"@type":"ImageObject","inLanguage":"vi","@id":"https:\/\/thucphamtienloi.com\/?product=ruou-lang-voc#primaryimage","url":"https:\/\/thucphamtienloi.com\/wp-content\/uploads\/2020\/05\/ruou-voc-thuoc.png","contentUrl":"https:\/\/thucphamtienloi.com\/wp-content\/uploads\/2020\/05\/ruou-voc-thuoc.png","width":300,"height":300,"caption":"r\u01b0\u1ee3u v\u1ecdc thu\u1ed1c"},{"@type":"BreadcrumbList","@id":"https:\/\/thucphamtienloi.com\/?product=ruou-lang-voc#breadcrumb","itemListElement":[{"@type":"ListItem","position":1,"name":"Trang ch\u1ee7","item":"https:\/\/thucphamtienloi.com\/"},{"@type":"ListItem","position":2,"name":"C\u1eeda H\u00e0ng","item":"https:\/\/thucphamtienloi.com\/?page_id=3334"},{"@type":"ListItem","position":3,"name":"\u0110\u1eb7c S\u1ea3n Mi\u1ec1n B\u1eafc","item":"https:\/\/thucphamtienloi.com\/danh-muc-san-pham\/dac-san-mien-bac\/"},{"@type":"ListItem","position":4,"name":"R\u01b0\u1ee3u L\u00e0ng V\u1ecdc &#8211; \u0110\u1eb7c S\u1ea3n H\u00e0 Nam"}]},{"@type":"WebSite","@id":"https:\/\/thucphamtienloi.com\/#website","url":"https:\/\/thucphamtienloi.com\/","name":"Th\u1ef1c ph\u1ea9m ti\u1ec7n l\u1ee3i","description":"\u1ea8m Th\u1ef1c Qu\u00ea H\u01b0\u01a1ng","publisher":{"@id":"https:\/\/thucphamtienloi.com\/#organization"},"potentialAction":[{"@type":"SearchAction","target":{"@type":"EntryPoint","urlTemplate":"https:\/\/thucphamtienloi.com\/?s={search_term_string}"},"query-input":{"@type":"PropertyValueSpecification","valueRequired":true,"valueName":"search_term_string"}}],"inLanguage":"vi"},{"@type":"Organization","@id":"https:\/\/thucphamtienloi.com\/#organization","name":"Th\u1ef1c ph\u1ea9m ti\u1ec7n l\u1ee3i","url":"https:\/\/thucphamtienloi.com\/","logo":{"@type":"ImageObject","inLanguage":"vi","@id":"https:\/\/thucphamtienloi.com\/#\/schema\/logo\/image\/","url":"https:\/\/thucphamtienloi.com\/wp-content\/uploads\/2022\/07\/THU\u031b\u0323C-PHA\u0302\u0309M-TIE\u0323\u0302N-LO\u031b\u0323I.png","contentUrl":"https:\/\/thucphamtienloi.com\/wp-content\/uploads\/2022\/07\/THU\u031b\u0323C-PHA\u0302\u0309M-TIE\u0323\u0302N-LO\u031b\u0323I.png","width":1920,"height":1080,"caption":"Th\u1ef1c ph\u1ea9m ti\u1ec7n l\u1ee3i"},"image":{"@id":"https:\/\/thucphamtienloi.com\/#\/schema\/logo\/image\/"}}]}},"_links":{"self":[{"href":"https:\/\/thucphamtienloi.com\/index.php?rest_route=\/wp\/v2\/product\/562","targetHints":{"allow":["GET"]}}],"collection":[{"href":"https:\/\/thucphamtienloi.com\/index.php?rest_route=\/wp\/v2\/product"}],"about":[{"href":"https:\/\/thucphamtienloi.com\/index.php?rest_route=\/wp\/v2\/types\/product"}],"replies":[{"embeddable":true,"href":"https:\/\/thucphamtienloi.com\/index.php?rest_route=%2Fwp%2Fv2%2Fcomments&post=562"}],"wp:featuredmedia":[{"embeddable":true,"href":"https:\/\/thucphamtienloi.com\/index.php?rest_route=\/wp\/v2\/media\/558"}],"wp:attachment":[{"href":"https:\/\/thucphamtienloi.com\/index.php?rest_route=%2Fwp%2Fv2%2Fmedia&parent=562"}],"wp:term":[{"taxonomy":"product_brand","embeddable":true,"href":"https:\/\/thucphamtienloi.com\/index.php?rest_route=%2Fwp%2Fv2%2Fproduct_brand&post=562"},{"taxonomy":"product_cat","embeddable":true,"href":"https:\/\/thucphamtienloi.com\/index.php?rest_route=%2Fwp%2Fv2%2Fproduct_cat&post=562"},{"taxonomy":"product_tag","embeddable":true,"href":"https:\/\/thucphamtienloi.com\/index.php?rest_route=%2Fwp%2Fv2%2Fproduct_tag&post=562"}],"curies":[{"name":"wp","href":"https:\/\/api.w.org\/{rel}","templated":true}]}}