{"id":584,"date":"2020-06-04T04:11:11","date_gmt":"2020-06-04T04:11:11","guid":{"rendered":"https:\/\/thucphamtienloi.com\/?post_type=product&#038;p=584"},"modified":"2025-10-19T16:15:28","modified_gmt":"2025-10-19T16:15:28","slug":"ca-moi-kho-hai-phong","status":"publish","type":"product","link":"https:\/\/thucphamtienloi.com\/?product=ca-moi-kho-hai-phong","title":{"rendered":"C\u00e1 M\u00f2i Kho H\u1ea3i Ph\u00f2ng &#8211; 150k\/h\u1ed9p"},"content":{"rendered":"<p><strong>C\u00e1 m\u00f2i kho chu\u1ed1i<\/strong> \u0111\u01b0\u01a1\u0323c kho t\u01b0\u0300 nh\u1eefng con c\u00e1 m\u00f2i nhi\u1ec1u th\u1ecbt, x\u01b0\u01a1ng nh\u1ecf v\u00e0 th\u1ecbt v\u1edbi v\u1ecb ng\u1ecdt t\u1ef1 nhi\u00ean h\u00e0 quy\u1ec7n v\u1edbi h\u01b0\u01a1ng v\u1ecb c\u1ee7a s\u1ea3, g\u1eebng&#8230; Th\u01b0\u01a1ng hi\u1ec7u <strong>C\u00e1 m\u00f2i kho H\u1ea3i Ph\u00f2ng<\/strong> ch\u00ednh v\u00ec th\u1ebf m\u00e0 n\u1ed5i ti\u1ebfng kh\u1eafp c\u1ea3 n\u01b0\u1edbc v\u00e0 \u0111\u01b0\u1ee3c nhi\u1ec1u ng\u01b0\u1eddi \u01b0a th\u00edch.\u00a0 N\u1ebfu b\u1ea1n ch\u01b0a th\u1eed th\u00ec th\u1eadt \u0111\u00e1ng ti\u1ebfc! H\u00e3y g\u1ecdi ngay <strong>Hotline :<\/strong> <strong class=\"uppercase\">0987.506.349 <\/strong>\u0111\u1ec3 ch\u00fang t\u00f4i ph\u1ee5c v\u1ee5 b\u1ea1n t\u1eadn nh\u00e0.<\/p>\n<h2><strong>Gi\u1edbi thi\u1ec7u v\u1ec1 c\u00e1 m\u00f2i<\/strong><\/h2>\n<p>C\u00e1 m\u00f2i l\u00e0 c\u00e1 v\u1eeba s\u1ed1ng \u1edf n\u01b0\u1edbc m\u1eb7n v\u1eeba s\u1ed1ng \u1edf n\u01b0\u1edbc ng\u1ecdt gi\u1ed1ng nh\u01b0 c\u00e1 tr\u00edch, c\u00f3 m\u00e0u tr\u1eafng v\u00e0 v\u1ea3y nh\u1ecf.\u00a0C\u00e1 m\u00f2i ch\u1ee9a 1 h\u00e0m l\u01b0\u1ee3ng l\u1edbn calium l\u1eabn vitamin D,B12. V\u00ec v\u1eady \u0111\u00e2y l\u00e0 lo\u1ea1i th\u1ef1c ph\u1ea9m l\u00ed t\u01b0\u1edfng cho x\u01b0\u01a1ng, ch\u1ed1ng \u0111\u1ed9t qu\u1ef5,gi\u00e0u DHA,Omega 3\u2026. \u0111\u1eb7c bi\u1ec7t lo\u00e0i c\u00e1 \u0111\u01b0\u1ee3c sinh ra \u1edf s\u00f4ng nh\u01b0ng l\u1ea1i sinh s\u1ed1ng \u1edf bi\u1ec3n. Duy nh\u1ea5t ch\u1ec9 c\u00f3 s\u00f4ng H\u1ed3ng m\u1edbi c\u00f3 lo\u00e0i c\u00e1 n\u00e0y.<\/p>\n<figure id=\"attachment_716\" aria-describedby=\"caption-attachment-716\" style=\"width: 600px\" class=\"wp-caption aligncenter\"><img loading=\"lazy\" decoding=\"async\" class=\"wp-image-716\" src=\"https:\/\/thucphamtienloi.com\/wp-content\/uploads\/2020\/06\/ca-moi-kho-hop-min-400x400.jpg\" alt=\"\" width=\"600\" height=\"600\" srcset=\"https:\/\/thucphamtienloi.com\/wp-content\/uploads\/2020\/06\/ca-moi-kho-hop-min-400x400.jpg 400w, https:\/\/thucphamtienloi.com\/wp-content\/uploads\/2020\/06\/ca-moi-kho-hop-min-247x247.jpg 247w, https:\/\/thucphamtienloi.com\/wp-content\/uploads\/2020\/06\/ca-moi-kho-hop-min-100x100.jpg 100w, https:\/\/thucphamtienloi.com\/wp-content\/uploads\/2020\/06\/ca-moi-kho-hop-min-510x510.jpg 510w, https:\/\/thucphamtienloi.com\/wp-content\/uploads\/2020\/06\/ca-moi-kho-hop-min-800x800.jpg 800w, https:\/\/thucphamtienloi.com\/wp-content\/uploads\/2020\/06\/ca-moi-kho-hop-min-280x280.jpg 280w, https:\/\/thucphamtienloi.com\/wp-content\/uploads\/2020\/06\/ca-moi-kho-hop-min-768x768.jpg 768w, https:\/\/thucphamtienloi.com\/wp-content\/uploads\/2020\/06\/ca-moi-kho-hop-min-300x300.jpg 300w, https:\/\/thucphamtienloi.com\/wp-content\/uploads\/2020\/06\/ca-moi-kho-hop-min-600x600.jpg 600w, https:\/\/thucphamtienloi.com\/wp-content\/uploads\/2020\/06\/ca-moi-kho-hop-min.jpg 960w\" sizes=\"auto, (max-width: 600px) 100vw, 600px\" \/><figcaption id=\"caption-attachment-716\" class=\"wp-caption-text\">c\u00e1 m\u00f2i kho \u0111\u00f3ng h\u1ed9p<\/figcaption><\/figure>\n<p>C\u1ee9 h\u00e0ng n\u0103m v\u00e0o kho\u1ea3ng th\u00e1ng 3 \u00e2m l\u1ecbch c\u00e1 m\u00f2i m\u1edbi tr\u1edf l\u1ea1i s\u00f4ng \u0111\u1ec3 sinh s\u1ea3n. \u0110\u00e2y c\u0169ng l\u00e0 m\u00f9a c\u00e1 m\u00f2i d\u1ed3i d\u00e0o nh\u1ea5t trong n\u0103m. N\u00ean ng\u01b0 d\u00e2n tr\u00ean s\u00f4ng qu\u0103ng l\u01b0\u1edbi b\u1eaft c\u00e1 \u0111\u1ec3 c\u00f3 th\u00eam thu nh\u1eadp cho gia \u0111\u00ecnh.<\/p>\n<figure id=\"attachment_717\" aria-describedby=\"caption-attachment-717\" style=\"width: 600px\" class=\"wp-caption aligncenter\"><img loading=\"lazy\" decoding=\"async\" class=\"wp-image-717\" src=\"https:\/\/thucphamtienloi.com\/wp-content\/uploads\/2020\/06\/ca-moi-tuoi-min.jpg\" alt=\"\" width=\"600\" height=\"330\" \/><figcaption id=\"caption-attachment-717\" class=\"wp-caption-text\">C\u00e1 m\u00f2i t\u01b0\u01a1i s\u1ed1ng<\/figcaption><\/figure>\n<p>C\u00e1 m\u00f2i c\u00f3 h\u00ecnh d\u1ea1ng gi\u1ed1ng nh\u01b0 c\u00e1 tr\u00edch nh\u01b0ng b\u00e9o tr\u00f2n h\u01a1n. \u0110\u1ea7u nh\u1ecf, m\u00ecnh d\u1eb9t, v\u1ea3y c\u00e1 nh\u1ecf, m\u00e0u b\u1ea1c, th\u1ecbt c\u00e1 m\u00e0u tr\u1eafng, b\u00e9o ng\u1eady.<\/p>\n<p>C\u00e1 m\u00f2i ngon\u00a0l\u00e0 nh\u1eefng con c\u00f3 m\u1eaft s\u00e1ng, th\u00e2n ch\u1eafc, l\u1edbp v\u1ea3i \u00edt bong tr\u00f3c. \u0110\u1eb7c bi\u1ec7t, khi s\u1edd v\u00e0o th\u00e2n c\u00e1 v\u1eabn c\u00f2n m\u1ec1m. \u0110\u00e2y l\u00e0 nh\u1eefng d\u1ea5u hi\u1ec7u cho th\u1ea5y c\u00e1 m\u00f2i v\u1eabn c\u00f2n t\u01b0\u01a1i, v\u1eeba \u0111\u01b0\u1ee3c \u0111\u00e1nh b\u1eaft.<\/p>\n<h2><strong>C\u00e1 m\u00f2i kho chu\u1ed1i H\u1ea3i Ph\u00f2ng<\/strong><\/h2>\n<p>N\u00f3i v\u1ec1 c\u00e1 m\u00f2i kho chu\u1ed1i th\u00ec kh\u00f4ng \u0111\u00e2u qua \u0111\u01b0\u1ee3c ng\u01b0\u1eddi d\u00e2n H\u1ea3i Ph\u00f2ng. Ng\u01b0\u1eddi d\u00e2n n\u01a1i \u0111\u00e2y k\u1ebft h\u1ee3p c\u00e1 v\u1edbi chay, gi\u1ec1ng, \u1edbt,chu\u1ed1i xanh\u00a0 ( ph\u1ea3i l\u00e0 lo\u1ea1i chu\u1ed1i non m\u1edbi \u0111\u1ee7 \u0111\u1ed9 ch\u00e1t \u0111\u1ec3 l\u00e0m gi\u1ea3m \u0111\u1ed9 tanh c\u1ee7a c\u00e1 v\u00e0 l\u00e0m cho h\u01b0\u01a1ng v\u1ecb c\u00e1 kho th\u00eam \u0111\u1eadm \u0111\u00e0). C\u00e1 kho trong n\u1ed3i \u0111\u1ea5t \u1ee7 t\u1eeb 8-10 ti\u1ebfng n\u00ean th\u1ecbt c\u00e1 th\u01a1m,m\u1ec1m nh\u1eeb, \u0103n \u0111\u01b0\u1ee3c c\u1ea3 x\u01b0\u01a1ng kh\u00f4ng s\u1ee3 h\u00f3c,v\u1ecb th\u01a1m ng\u1ea7y ng\u1eady, v\u1ecb chua, cay, m\u1eb7n h\u00e0i h\u00f2a,\u00a0 m\u1ea7u s\u1eafc \u0111\u1eb9p\u2026.<\/p>\n<figure id=\"attachment_715\" aria-describedby=\"caption-attachment-715\" style=\"width: 600px\" class=\"wp-caption aligncenter\"><img loading=\"lazy\" decoding=\"async\" class=\"wp-image-715\" src=\"https:\/\/thucphamtienloi.com\/wp-content\/uploads\/2020\/06\/ca-moi-kho-hai-phong-min.jpg\" alt=\"\" width=\"600\" height=\"400\" \/><figcaption id=\"caption-attachment-715\" class=\"wp-caption-text\">c\u00e1 m\u00f2i kho tr\u00ean ni\u00eau \u0111\u1ea5t<\/figcaption><\/figure>\n<p>T\u1ea5t c\u1ea3 m\u1ecdi ng\u01b0\u1eddi trong gia \u0111\u00ecnh t\u1eeb ng\u01b0\u1eddi gi\u00e0 \u0111\u00ean tr\u1ebb con \u0111\u1ec1u c\u00f3 th\u1ec3 \u0103n \u0111\u01b0\u1ee3c. M\u00f3n n\u00e0y th\u1eadt s\u1ef1 r\u1ea5t ngon v\u00e0 d\u1ec5 \u0103n, \u0111\u1eb7c bi\u1ec7t th\u00edch h\u1ee3p v\u1edbi b\u1eefa c\u01a1m n\u00f3ng ng\u00e0y gi\u00f3 m\u00f9a.\u00a0 C\u00e1c b\u1ea1n n\u00ean \u0103n th\u1eed m\u1ed9t l\u1ea7n v\u00ec n\u00f3 r\u1ea5t ngon !<\/p>\n<h2><strong>\u0110\u1ecba ch\u1ec9 mua C\u00e1 M\u00f2i Kho H\u1ea3i Ph\u00f2ng \u1edf \u0111\u00e2u ?<\/strong><\/h2>\n<p>B\u1ea1n \u0111\u00e3 th\u1ea5y m\u00f3n \u0103n n\u00e0y h\u1ea5p d\u1eabn ch\u01b0a? B\u1ea1n mu\u1ed1n mua m\u1ed9t ch\u00fat v\u1ec1 \u0103n th\u1eed v\u00e0 \u0111\u00e1nh gi\u00e1 ch\u1ea5t l\u01b0\u1ee3ng ?\u00a0<\/p>\n<p>H\u00e3y g\u1ecdi ngay cho ch\u00fang t\u00f4i theo <strong>Hotline : 0987.506.349 <\/strong>\u0111\u1ec3 \u0111\u01b0\u1ee3c ph\u1ee5c v\u1ee5 giao h\u00e0ng t\u1eadn n\u01a1i nhanh nh\u1ea5t.<\/p>\n<p><strong>\u0110\u1ecba ch\u1ec9 c\u1eeda h\u00e0ng :\u00a0<\/strong><\/p>\n<p><strong>T\u1ea1i S\u00e0i G\u00f2n:<\/strong>\u00a0184\/17 Nguy\u1ec5n Ph\u00fac Chu, P15, Q. T\u00e2n B\u00ecnh , TP HCM (vui l\u00f2ng g\u1ecdi tr\u01b0\u1edbc khi \u0111\u1ebfn)<\/p>\n<p><strong>T\u1ea1i H\u00e0 N\u1ed9i\u00a0:\u00a0<\/strong>Chung c\u01b0 349, V\u0169 T\u00f4ng Phan, Thanh Xu\u00e2n, H\u00e0 N\u1ed9i (vui l\u00f2ng g\u1ecdi tr\u01b0\u1edbc khi \u0111\u1ebfn)<br \/>\n<strong>Facebook:\u00a0<a href=\"https:\/\/www.facebook.com\/thucphamtienloiFB\">TH\u1ef0C PH\u1ea8M TI\u1ec6N L\u1ee2I<\/a><\/strong><\/p>\n","protected":false},"excerpt":{"rendered":"<p><strong>C\u00e1 m\u00f2i kho chu\u1ed1i<\/strong> \u0111\u01b0\u01a1\u0323c kho t\u01b0\u0300 nh\u1eefng con c\u00e1 m\u00f2i nhi\u1ec1u th\u1ecbt, x\u01b0\u01a1ng nh\u1ecf v\u00e0 th\u1ecbt v\u1edbi v\u1ecb ng\u1ecdt t\u1ef1 nhi\u00ean h\u00e0 quy\u1ec7n v\u1edbi h\u01b0\u01a1ng v\u1ecb c\u1ee7a s\u1ea3, g\u1eebng&#8230; Th\u01b0\u01a1ng hi\u1ec7u <strong>C\u00e1 m\u00f2i kho H\u1ea3i Ph\u00f2ng<\/strong> ch\u00ednh v\u00ec th\u1ebf m\u00e0 n\u1ed5i ti\u1ebfng kh\u1eafp c\u1ea3 n\u01b0\u1edbc v\u00e0 \u0111\u01b0\u1ee3c nhi\u1ec1u ng\u01b0\u1eddi \u01b0a th\u00edch.\u00a0 N\u1ebfu b\u1ea1n ch\u01b0a th\u1eed th\u00ec th\u1eadt \u0111\u00e1ng ti\u1ebfc! H\u00e3y g\u1ecdi ngay <strong>Hotline :<\/strong> <strong class=\"uppercase\">0987.506.349 <\/strong>\u0111\u1ec3 ch\u00fang t\u00f4i ph\u1ee5c v\u1ee5 b\u1ea1n t\u1eadn nh\u00e0.<\/p>\n<p>&nbsp;<\/p>\n<p>&nbsp;<\/p>\n","protected":false},"featured_media":586,"comment_status":"closed","ping_status":"closed","template":"","meta":[],"product_brand":[],"product_cat":[1025,68],"product_tag":[155,156,149,150,151,152,153,154],"class_list":{"0":"post-584","1":"product","2":"type-product","3":"status-publish","4":"has-post-thumbnail","6":"product_cat-mon-an-nau-chin","7":"product_cat-dac-san-mien-bac","8":"product_tag-ca-moi-kho-tai-go-vap","9":"product_tag-ca-moi-kho-tai-tan-binh","10":"product_tag-ca-moi-kho-chuoi","11":"product_tag-ca-moi-kho-kien-thuy","12":"product_tag-ca-moi-kho-hai-phong","13":"product_tag-cua-hang-ban-ca-moi-kho-tai-sai-gon","14":"product_tag-cua-hang-ban-ca-moi-kho-tai-tp-hcm","15":"product_tag-cua-hang-ban-ca-moi-kho-tai-ha-noi","17":"first","18":"instock","19":"shipping-taxable","20":"purchasable","21":"product-type-simple"},"yoast_head":"<!-- This site is optimized with the Yoast SEO plugin v27.4 - https:\/\/yoast.com\/product\/yoast-seo-wordpress\/ -->\n<title>C\u00e1 M\u00f2i Kho H\u1ea3i Ph\u00f2ng - 150k\/h\u1ed9p<\/title>\n<meta name=\"description\" content=\"C\u00e1 m\u00f2i kho chu\u1ed1i \u0111\u01b0\u01a1\u0323c kho t\u01b0\u0300 nh\u1eefng con c\u00e1 m\u00f2i nhi\u1ec1u th\u1ecbt, x\u01b0\u01a1ng nh\u1ecf v\u00e0 th\u1ecbt v\u1edbi v\u1ecb ng\u1ecdt t\u1ef1 nhi\u00ean h\u00e0 quy\u1ec7n v\u1edbi h\u01b0\u01a1ng v\u1ecb c\u1ee7a s\u1ea3, g\u1eebng...\" \/>\n<meta name=\"robots\" content=\"index, follow, max-snippet:-1, max-image-preview:large, max-video-preview:-1\" \/>\n<link rel=\"canonical\" href=\"https:\/\/thucphamtienloi.com\/?product=ca-moi-kho-hai-phong\" \/>\n<meta property=\"og:locale\" content=\"vi_VN\" \/>\n<meta property=\"og:type\" content=\"article\" \/>\n<meta property=\"og:title\" content=\"C\u00e1 M\u00f2i Kho H\u1ea3i Ph\u00f2ng - 150k\/h\u1ed9p\" \/>\n<meta property=\"og:description\" content=\"C\u00e1 m\u00f2i kho chu\u1ed1i \u0111\u01b0\u01a1\u0323c kho t\u01b0\u0300 nh\u1eefng con c\u00e1 m\u00f2i nhi\u1ec1u th\u1ecbt, x\u01b0\u01a1ng nh\u1ecf v\u00e0 th\u1ecbt v\u1edbi v\u1ecb ng\u1ecdt t\u1ef1 nhi\u00ean h\u00e0 quy\u1ec7n v\u1edbi h\u01b0\u01a1ng v\u1ecb c\u1ee7a s\u1ea3, g\u1eebng...\" \/>\n<meta property=\"og:url\" content=\"https:\/\/thucphamtienloi.com\/?product=ca-moi-kho-hai-phong\" \/>\n<meta property=\"og:site_name\" content=\"\u1ea8M TH\u1ef0C BA MI\u1ec0N\" \/>\n<meta property=\"article:modified_time\" content=\"2025-10-19T16:15:28+00:00\" \/>\n<meta property=\"og:image\" content=\"https:\/\/thucphamtienloi.com\/wp-content\/uploads\/2020\/06\/ca-moi.png\" \/>\n\t<meta property=\"og:image:width\" content=\"300\" \/>\n\t<meta property=\"og:image:height\" content=\"300\" \/>\n\t<meta property=\"og:image:type\" content=\"image\/png\" \/>\n<meta name=\"twitter:card\" content=\"summary_large_image\" \/>\n<meta name=\"twitter:label1\" content=\"\u01af\u1edbc t\u00ednh th\u1eddi gian \u0111\u1ecdc\" \/>\n\t<meta name=\"twitter:data1\" content=\"4 ph\u00fat\" \/>\n<script type=\"application\/ld+json\" class=\"yoast-schema-graph\">{\"@context\":\"https:\\\/\\\/schema.org\",\"@graph\":[{\"@type\":[\"WebPage\",\"ItemPage\"],\"@id\":\"https:\\\/\\\/thucphamtienloi.com\\\/?product=ca-moi-kho-hai-phong\",\"url\":\"https:\\\/\\\/thucphamtienloi.com\\\/?product=ca-moi-kho-hai-phong\",\"name\":\"C\u00e1 M\u00f2i Kho H\u1ea3i Ph\u00f2ng - 150k\\\/h\u1ed9p\",\"isPartOf\":{\"@id\":\"https:\\\/\\\/thucphamtienloi.com\\\/#website\"},\"primaryImageOfPage\":{\"@id\":\"https:\\\/\\\/thucphamtienloi.com\\\/?product=ca-moi-kho-hai-phong#primaryimage\"},\"image\":{\"@id\":\"https:\\\/\\\/thucphamtienloi.com\\\/?product=ca-moi-kho-hai-phong#primaryimage\"},\"thumbnailUrl\":\"https:\\\/\\\/thucphamtienloi.com\\\/wp-content\\\/uploads\\\/2020\\\/06\\\/ca-moi.png\",\"datePublished\":\"2020-06-04T04:11:11+00:00\",\"dateModified\":\"2025-10-19T16:15:28+00:00\",\"description\":\"C\u00e1 m\u00f2i kho chu\u1ed1i \u0111\u01b0\u01a1\u0323c kho t\u01b0\u0300 nh\u1eefng con c\u00e1 m\u00f2i nhi\u1ec1u th\u1ecbt, x\u01b0\u01a1ng nh\u1ecf v\u00e0 th\u1ecbt v\u1edbi v\u1ecb ng\u1ecdt t\u1ef1 nhi\u00ean h\u00e0 quy\u1ec7n v\u1edbi h\u01b0\u01a1ng v\u1ecb c\u1ee7a s\u1ea3, g\u1eebng...\",\"breadcrumb\":{\"@id\":\"https:\\\/\\\/thucphamtienloi.com\\\/?product=ca-moi-kho-hai-phong#breadcrumb\"},\"inLanguage\":\"vi\",\"potentialAction\":[{\"@type\":\"ReadAction\",\"target\":[\"https:\\\/\\\/thucphamtienloi.com\\\/?product=ca-moi-kho-hai-phong\"]}]},{\"@type\":\"ImageObject\",\"inLanguage\":\"vi\",\"@id\":\"https:\\\/\\\/thucphamtienloi.com\\\/?product=ca-moi-kho-hai-phong#primaryimage\",\"url\":\"https:\\\/\\\/thucphamtienloi.com\\\/wp-content\\\/uploads\\\/2020\\\/06\\\/ca-moi.png\",\"contentUrl\":\"https:\\\/\\\/thucphamtienloi.com\\\/wp-content\\\/uploads\\\/2020\\\/06\\\/ca-moi.png\",\"width\":300,\"height\":300,\"caption\":\"c\u00e1 m\u00f2i kho H\u1ea3i Ph\u00f2ng\"},{\"@type\":\"BreadcrumbList\",\"@id\":\"https:\\\/\\\/thucphamtienloi.com\\\/?product=ca-moi-kho-hai-phong#breadcrumb\",\"itemListElement\":[{\"@type\":\"ListItem\",\"position\":1,\"name\":\"Trang ch\u1ee7\",\"item\":\"https:\\\/\\\/thucphamtienloi.com\\\/\"},{\"@type\":\"ListItem\",\"position\":2,\"name\":\"C\u1eeda H\u00e0ng\",\"item\":\"https:\\\/\\\/thucphamtienloi.com\\\/?page_id=3334\"},{\"@type\":\"ListItem\",\"position\":3,\"name\":\"\u0110\u1eb7c S\u1ea3n Mi\u1ec1n B\u1eafc\",\"item\":\"https:\\\/\\\/thucphamtienloi.com\\\/danh-muc-san-pham\\\/dac-san-mien-bac\\\/\"},{\"@type\":\"ListItem\",\"position\":4,\"name\":\"C\u00e1 M\u00f2i Kho H\u1ea3i Ph\u00f2ng &#8211; 150k\\\/h\u1ed9p\"}]},{\"@type\":\"WebSite\",\"@id\":\"https:\\\/\\\/thucphamtienloi.com\\\/#website\",\"url\":\"https:\\\/\\\/thucphamtienloi.com\\\/\",\"name\":\"Th\u1ef1c ph\u1ea9m ti\u1ec7n l\u1ee3i\",\"description\":\"\u1ea8m Th\u1ef1c Qu\u00ea H\u01b0\u01a1ng\",\"publisher\":{\"@id\":\"https:\\\/\\\/thucphamtienloi.com\\\/#organization\"},\"potentialAction\":[{\"@type\":\"SearchAction\",\"target\":{\"@type\":\"EntryPoint\",\"urlTemplate\":\"https:\\\/\\\/thucphamtienloi.com\\\/?s={search_term_string}\"},\"query-input\":{\"@type\":\"PropertyValueSpecification\",\"valueRequired\":true,\"valueName\":\"search_term_string\"}}],\"inLanguage\":\"vi\"},{\"@type\":\"Organization\",\"@id\":\"https:\\\/\\\/thucphamtienloi.com\\\/#organization\",\"name\":\"Th\u1ef1c ph\u1ea9m ti\u1ec7n l\u1ee3i\",\"url\":\"https:\\\/\\\/thucphamtienloi.com\\\/\",\"logo\":{\"@type\":\"ImageObject\",\"inLanguage\":\"vi\",\"@id\":\"https:\\\/\\\/thucphamtienloi.com\\\/#\\\/schema\\\/logo\\\/image\\\/\",\"url\":\"https:\\\/\\\/thucphamtienloi.com\\\/wp-content\\\/uploads\\\/2022\\\/07\\\/THU\u031b\u0323C-PHA\u0302\u0309M-TIE\u0323\u0302N-LO\u031b\u0323I.png\",\"contentUrl\":\"https:\\\/\\\/thucphamtienloi.com\\\/wp-content\\\/uploads\\\/2022\\\/07\\\/THU\u031b\u0323C-PHA\u0302\u0309M-TIE\u0323\u0302N-LO\u031b\u0323I.png\",\"width\":1920,\"height\":1080,\"caption\":\"Th\u1ef1c ph\u1ea9m ti\u1ec7n l\u1ee3i\"},\"image\":{\"@id\":\"https:\\\/\\\/thucphamtienloi.com\\\/#\\\/schema\\\/logo\\\/image\\\/\"}}]}<\/script>\n<!-- \/ Yoast SEO plugin. -->","yoast_head_json":{"title":"C\u00e1 M\u00f2i Kho H\u1ea3i Ph\u00f2ng - 150k\/h\u1ed9p","description":"C\u00e1 m\u00f2i kho chu\u1ed1i \u0111\u01b0\u01a1\u0323c kho t\u01b0\u0300 nh\u1eefng con c\u00e1 m\u00f2i nhi\u1ec1u th\u1ecbt, x\u01b0\u01a1ng nh\u1ecf v\u00e0 th\u1ecbt v\u1edbi v\u1ecb ng\u1ecdt t\u1ef1 nhi\u00ean h\u00e0 quy\u1ec7n v\u1edbi h\u01b0\u01a1ng v\u1ecb c\u1ee7a s\u1ea3, g\u1eebng...","robots":{"index":"index","follow":"follow","max-snippet":"max-snippet:-1","max-image-preview":"max-image-preview:large","max-video-preview":"max-video-preview:-1"},"canonical":"https:\/\/thucphamtienloi.com\/?product=ca-moi-kho-hai-phong","og_locale":"vi_VN","og_type":"article","og_title":"C\u00e1 M\u00f2i Kho H\u1ea3i Ph\u00f2ng - 150k\/h\u1ed9p","og_description":"C\u00e1 m\u00f2i kho chu\u1ed1i \u0111\u01b0\u01a1\u0323c kho t\u01b0\u0300 nh\u1eefng con c\u00e1 m\u00f2i nhi\u1ec1u th\u1ecbt, x\u01b0\u01a1ng nh\u1ecf v\u00e0 th\u1ecbt v\u1edbi v\u1ecb ng\u1ecdt t\u1ef1 nhi\u00ean h\u00e0 quy\u1ec7n v\u1edbi h\u01b0\u01a1ng v\u1ecb c\u1ee7a s\u1ea3, g\u1eebng...","og_url":"https:\/\/thucphamtienloi.com\/?product=ca-moi-kho-hai-phong","og_site_name":"\u1ea8M TH\u1ef0C BA MI\u1ec0N","article_modified_time":"2025-10-19T16:15:28+00:00","og_image":[{"width":300,"height":300,"url":"https:\/\/thucphamtienloi.com\/wp-content\/uploads\/2020\/06\/ca-moi.png","type":"image\/png"}],"twitter_card":"summary_large_image","twitter_misc":{"\u01af\u1edbc t\u00ednh th\u1eddi gian \u0111\u1ecdc":"4 ph\u00fat"},"schema":{"@context":"https:\/\/schema.org","@graph":[{"@type":["WebPage","ItemPage"],"@id":"https:\/\/thucphamtienloi.com\/?product=ca-moi-kho-hai-phong","url":"https:\/\/thucphamtienloi.com\/?product=ca-moi-kho-hai-phong","name":"C\u00e1 M\u00f2i Kho H\u1ea3i Ph\u00f2ng - 150k\/h\u1ed9p","isPartOf":{"@id":"https:\/\/thucphamtienloi.com\/#website"},"primaryImageOfPage":{"@id":"https:\/\/thucphamtienloi.com\/?product=ca-moi-kho-hai-phong#primaryimage"},"image":{"@id":"https:\/\/thucphamtienloi.com\/?product=ca-moi-kho-hai-phong#primaryimage"},"thumbnailUrl":"https:\/\/thucphamtienloi.com\/wp-content\/uploads\/2020\/06\/ca-moi.png","datePublished":"2020-06-04T04:11:11+00:00","dateModified":"2025-10-19T16:15:28+00:00","description":"C\u00e1 m\u00f2i kho chu\u1ed1i \u0111\u01b0\u01a1\u0323c kho t\u01b0\u0300 nh\u1eefng con c\u00e1 m\u00f2i nhi\u1ec1u th\u1ecbt, x\u01b0\u01a1ng nh\u1ecf v\u00e0 th\u1ecbt v\u1edbi v\u1ecb ng\u1ecdt t\u1ef1 nhi\u00ean h\u00e0 quy\u1ec7n v\u1edbi h\u01b0\u01a1ng v\u1ecb c\u1ee7a s\u1ea3, g\u1eebng...","breadcrumb":{"@id":"https:\/\/thucphamtienloi.com\/?product=ca-moi-kho-hai-phong#breadcrumb"},"inLanguage":"vi","potentialAction":[{"@type":"ReadAction","target":["https:\/\/thucphamtienloi.com\/?product=ca-moi-kho-hai-phong"]}]},{"@type":"ImageObject","inLanguage":"vi","@id":"https:\/\/thucphamtienloi.com\/?product=ca-moi-kho-hai-phong#primaryimage","url":"https:\/\/thucphamtienloi.com\/wp-content\/uploads\/2020\/06\/ca-moi.png","contentUrl":"https:\/\/thucphamtienloi.com\/wp-content\/uploads\/2020\/06\/ca-moi.png","width":300,"height":300,"caption":"c\u00e1 m\u00f2i kho H\u1ea3i Ph\u00f2ng"},{"@type":"BreadcrumbList","@id":"https:\/\/thucphamtienloi.com\/?product=ca-moi-kho-hai-phong#breadcrumb","itemListElement":[{"@type":"ListItem","position":1,"name":"Trang ch\u1ee7","item":"https:\/\/thucphamtienloi.com\/"},{"@type":"ListItem","position":2,"name":"C\u1eeda H\u00e0ng","item":"https:\/\/thucphamtienloi.com\/?page_id=3334"},{"@type":"ListItem","position":3,"name":"\u0110\u1eb7c S\u1ea3n Mi\u1ec1n B\u1eafc","item":"https:\/\/thucphamtienloi.com\/danh-muc-san-pham\/dac-san-mien-bac\/"},{"@type":"ListItem","position":4,"name":"C\u00e1 M\u00f2i Kho H\u1ea3i Ph\u00f2ng &#8211; 150k\/h\u1ed9p"}]},{"@type":"WebSite","@id":"https:\/\/thucphamtienloi.com\/#website","url":"https:\/\/thucphamtienloi.com\/","name":"Th\u1ef1c ph\u1ea9m ti\u1ec7n l\u1ee3i","description":"\u1ea8m Th\u1ef1c Qu\u00ea H\u01b0\u01a1ng","publisher":{"@id":"https:\/\/thucphamtienloi.com\/#organization"},"potentialAction":[{"@type":"SearchAction","target":{"@type":"EntryPoint","urlTemplate":"https:\/\/thucphamtienloi.com\/?s={search_term_string}"},"query-input":{"@type":"PropertyValueSpecification","valueRequired":true,"valueName":"search_term_string"}}],"inLanguage":"vi"},{"@type":"Organization","@id":"https:\/\/thucphamtienloi.com\/#organization","name":"Th\u1ef1c ph\u1ea9m ti\u1ec7n l\u1ee3i","url":"https:\/\/thucphamtienloi.com\/","logo":{"@type":"ImageObject","inLanguage":"vi","@id":"https:\/\/thucphamtienloi.com\/#\/schema\/logo\/image\/","url":"https:\/\/thucphamtienloi.com\/wp-content\/uploads\/2022\/07\/THU\u031b\u0323C-PHA\u0302\u0309M-TIE\u0323\u0302N-LO\u031b\u0323I.png","contentUrl":"https:\/\/thucphamtienloi.com\/wp-content\/uploads\/2022\/07\/THU\u031b\u0323C-PHA\u0302\u0309M-TIE\u0323\u0302N-LO\u031b\u0323I.png","width":1920,"height":1080,"caption":"Th\u1ef1c ph\u1ea9m ti\u1ec7n l\u1ee3i"},"image":{"@id":"https:\/\/thucphamtienloi.com\/#\/schema\/logo\/image\/"}}]}},"_links":{"self":[{"href":"https:\/\/thucphamtienloi.com\/index.php?rest_route=\/wp\/v2\/product\/584","targetHints":{"allow":["GET"]}}],"collection":[{"href":"https:\/\/thucphamtienloi.com\/index.php?rest_route=\/wp\/v2\/product"}],"about":[{"href":"https:\/\/thucphamtienloi.com\/index.php?rest_route=\/wp\/v2\/types\/product"}],"replies":[{"embeddable":true,"href":"https:\/\/thucphamtienloi.com\/index.php?rest_route=%2Fwp%2Fv2%2Fcomments&post=584"}],"wp:featuredmedia":[{"embeddable":true,"href":"https:\/\/thucphamtienloi.com\/index.php?rest_route=\/wp\/v2\/media\/586"}],"wp:attachment":[{"href":"https:\/\/thucphamtienloi.com\/index.php?rest_route=%2Fwp%2Fv2%2Fmedia&parent=584"}],"wp:term":[{"taxonomy":"product_brand","embeddable":true,"href":"https:\/\/thucphamtienloi.com\/index.php?rest_route=%2Fwp%2Fv2%2Fproduct_brand&post=584"},{"taxonomy":"product_cat","embeddable":true,"href":"https:\/\/thucphamtienloi.com\/index.php?rest_route=%2Fwp%2Fv2%2Fproduct_cat&post=584"},{"taxonomy":"product_tag","embeddable":true,"href":"https:\/\/thucphamtienloi.com\/index.php?rest_route=%2Fwp%2Fv2%2Fproduct_tag&post=584"}],"curies":[{"name":"wp","href":"https:\/\/api.w.org\/{rel}","templated":true}]}}