{"id":590,"date":"2020-06-06T09:34:14","date_gmt":"2020-06-06T09:34:14","guid":{"rendered":"https:\/\/thucphamtienloi.com\/?post_type=product&#038;p=590"},"modified":"2025-10-19T16:15:26","modified_gmt":"2025-10-19T16:15:26","slug":"trung-ca-loc-bong","status":"publish","type":"product","link":"https:\/\/thucphamtienloi.com\/?product=trung-ca-loc-bong","title":{"rendered":"Tr\u1ee9ng C\u00e1 L\u00f3c B\u00f4ng"},"content":{"rendered":"<p><span style=\"font-size: 100%;\"><strong>Tr\u1ee9ng c\u00e1 l\u00f3c b\u00f4ng<\/strong> m\u00f3n \u0103n ngon \u0111\u01b0\u1ee3c nhi\u1ec1u ng\u01b0\u1eddi y\u00eau th\u00edch t\u1eeb tr\u1ebb nh\u1ecf \u0111\u1ebfn ng\u01b0\u1eddi l\u1edbn. B\u1ea1n c\u00f3 nhu c\u1ea7u mua lo\u1ea1i s\u1ea3n ph\u1ea9m th\u01a1m ngon n\u00e0y? H\u00e3y li\u00ean h\u1ec7 ngay v\u1edbi ch\u00fang t\u00f4i \u0111\u1ec3 \u0111\u01b0\u1ee3c ph\u1ee5c v\u1ee5 chu \u0111\u00e1o nh\u1ea5t. <strong>Hotline :<\/strong> <strong class=\"uppercase\">0987.506.349<\/strong><\/span><\/p>\n<p><span style=\"font-size: 100%;\">V\u1edbi nh\u1eefng ai y\u00eau th\u00edch s\u1ef1 m\u1ec1m m\u1ea1i, v\u1ecb b\u00e9o b\u00e9o, b\u00f9i b\u00f9i m\u00e0 ng\u1ecdt ng\u1ecdt c\u1ee7a tr\u1ee9ng c\u00e1 th\u00ec \u0111\u1ec1u kh\u00f4ng n\u00ean b\u1ecf l\u1ee1 s\u1ea3n ph\u1ea9m tr\u1ee9ng c\u00e1 L\u00f3c b\u00f4ng v\u00e0o \u0111\u1ea7u m\u00f9a sinh s\u1ea3n. C\u00f2n g\u00ec h\u1ea5p d\u1eabn h\u01a1n nh\u1eefng mi\u1ebfng t\u00fai tr\u1ee9ng c\u00e1 l\u00f3c \u0111\u01b0\u1ee3c l\u1ea5y ri\u00eang ra v\u1edbi nhi\u1ec1u ch\u1ea5t dinh d\u01b0\u1ee1ng v\u00e0 b\u1ea1n c\u00f3 th\u1ec3 th\u01b0\u1edfng th\u1ee9c ngay.<\/span><\/p>\n<p><span style=\"font-size: 100%;\"><strong><img loading=\"lazy\" decoding=\"async\" class=\"aligncenter wp-image-707\" src=\"https:\/\/thucphamtienloi.com\/wp-content\/uploads\/2020\/06\/trung-ca-loc-388x400.jpg\" alt=\"\" width=\"600\" height=\"618\" srcset=\"https:\/\/thucphamtienloi.com\/wp-content\/uploads\/2020\/06\/trung-ca-loc-388x400.jpg 388w, https:\/\/thucphamtienloi.com\/wp-content\/uploads\/2020\/06\/trung-ca-loc-510x525.jpg 510w, https:\/\/thucphamtienloi.com\/wp-content\/uploads\/2020\/06\/trung-ca-loc-777x800.jpg 777w, https:\/\/thucphamtienloi.com\/wp-content\/uploads\/2020\/06\/trung-ca-loc-768x791.jpg 768w, https:\/\/thucphamtienloi.com\/wp-content\/uploads\/2020\/06\/trung-ca-loc-600x618.jpg 600w, https:\/\/thucphamtienloi.com\/wp-content\/uploads\/2020\/06\/trung-ca-loc.jpg 800w\" sizes=\"auto, (max-width: 600px) 100vw, 600px\" \/><\/strong><\/span><\/p>\n<p><span style=\"font-size: 100%;\">Tr\u1ee9ng c\u00e1\u00a0 \u0111\u01b0\u1ee3c l\u1ea5y t\u1eeb nh\u1eefng con c\u00e1 L\u00f3c b\u00f4ng tr\u01b0\u1edfng th\u00e0nh trong \u0111\u1ed9 tu\u1ed5i sinh s\u1ea3n v\u00e0 c\u00f3 tr\u1ecdng l\u01b0\u1ee3ng trung b\u00ecnh t\u1eeb 3 \u2013 4 kg\/con m\u1edbi c\u00f3 \u0111\u01b0\u1ee3c nh\u1eefng t\u00fai tr\u1ee9ng c\u0103ng m\u1ecdng, m\u1eadp ngon nh\u1ea5t.Tr\u1ee9ng sau khi \u0111\u01b0\u1ee3c l\u1ea5y ra kh\u1ecfi c\u00e1 s\u1ebd \u0111\u01b0\u1ee3c \u0111\u00f3ng g\u00f3i h\u00fat ch\u00e2n kh\u00f4ng v\u00e0 b\u1ea3o qu\u1ea3n l\u1ea1nh \u0111\u1ec3 \u0111\u1ea3m b\u1ea3o ch\u1ea5t l\u01b0\u1ee3ng t\u01b0\u01a1i ngon khi \u0111\u1ebfn tay qu\u00fd kh\u00e1ch h\u00e0ng.<\/span><\/p>\n<h2><span style=\"font-size: 100%;\"><strong>M\u1ed9t s\u1ed1 g\u1ee3i \u00fd \u0111\u1ec3 ch\u1ebf bi\u1ebfn m\u00f3n \u0103n t\u1eeb tr\u1ee9ng c\u00e1 l\u00f3c b\u00f4ng<\/strong><\/span><\/h2>\n<p class=\"p-content\"><span style=\"font-size: 100%;\">B\u1ea1n c\u00f3 th\u1ec3 th\u1eed ch\u1ebf bi\u1ebfn v\u1edbi nhi\u1ec1u m\u00f3n \u0103n t\u1eeb tr\u1ee9ng c\u00e1\u00a0 nh\u01b0:<\/span><\/p>\n<ul>\n<li><span style=\"font-size: 100%;\">Tr\u1ee9ng c\u00e1 L\u00f3c kho ti\u00eau: Mua v\u1ec1 b\u1ea1n r\u1eeda s\u1ea1ch, sau \u0111\u00f3 cho v\u00e0o th\u1ed1 th\u00eam gia v\u1ecb g\u1ed3m m\u1eafm, \u0111\u01b0\u1eddng, b\u1ed9t ng\u1ecdt, ti\u00eau r\u1ed3i ch\u01b0ng tr\u00ean b\u1ebfp l\u1eeda nh\u1ecf \u0111\u1ec3 tr\u1ee9ng c\u00e1 th\u1ea5m th\u1eadt ngon.<\/span><\/li>\n<\/ul>\n<p><span style=\"font-size: 100%;\"><strong><img loading=\"lazy\" decoding=\"async\" class=\"aligncenter wp-image-706\" src=\"https:\/\/thucphamtienloi.com\/wp-content\/uploads\/2020\/06\/trung-ca-loc-kho-tieu-567x400.jpg\" alt=\"\" width=\"600\" height=\"423\" srcset=\"https:\/\/thucphamtienloi.com\/wp-content\/uploads\/2020\/06\/trung-ca-loc-kho-tieu-567x400.jpg 567w, https:\/\/thucphamtienloi.com\/wp-content\/uploads\/2020\/06\/trung-ca-loc-kho-tieu-510x360.jpg 510w, https:\/\/thucphamtienloi.com\/wp-content\/uploads\/2020\/06\/trung-ca-loc-kho-tieu-768x542.jpg 768w, https:\/\/thucphamtienloi.com\/wp-content\/uploads\/2020\/06\/trung-ca-loc-kho-tieu-600x423.jpg 600w, https:\/\/thucphamtienloi.com\/wp-content\/uploads\/2020\/06\/trung-ca-loc-kho-tieu.jpg 965w\" sizes=\"auto, (max-width: 600px) 100vw, 600px\" \/><\/strong><\/span><\/p>\n<ul>\n<li><span style=\"font-size: 100%;\">Tr\u1ee9ng c\u00e1 L\u00f3c\u00a0 n\u1ea5u l\u1ea9u: \u0110\u00e2y c\u0169ng l\u00e0 m\u1ed9t m\u00f3n \u0103n h\u1ea5p d\u1eabn b\u1ea1n kh\u00f4ng n\u00ean ch\u1ed1i t\u1eeb. Tr\u1ee9ng c\u00e1 t\u01b0\u01a1i, n\u1ea5u chung v\u1edbi n\u01b0\u1edbc l\u1ea9u s\u1ebd l\u00e0m ph\u1ea7n n\u01b0\u1edbc ng\u1ecdt th\u00eam r\u1ea5t nhi\u1ec1u.<\/span><\/li>\n<li><span style=\"font-size: 100%;\">Tr\u1ee9ng c\u00e1 L\u00f3c\u00a0 h\u1ea5p ch\u01b0ng t\u01b0\u01a1ng: M\u00f3n n\u00e0y \u0111\u01a1n gi\u1ea3n v\u00e0 d\u1ec5 l\u00e0m, r\u1ea5t d\u1ec5 th\u01b0\u1edfng th\u1ee9c. Cho tr\u1ee9ng c\u00e1 \u0111\u00e3 r\u1eeda s\u1ea1ch v\u00e0 n\u1ed3i h\u1ea5p c\u00f9ng n\u01b0\u1edbc t\u01b0\u01a1ng t\u1edbi khi ch\u00edn s\u1ebd c\u00f3 v\u1ecb th\u01a1m l\u1eebng.<\/span><\/li>\n<\/ul>\n<p class=\"p-content\"><span style=\"font-size: 100%;\">H\u00e3y nhanh tay \u0111\u1eb7t h\u00e0ng mua<strong>\u00a0tr\u1ee9ng c\u00e1 L\u00f3c b\u00f4ng<\/strong> t\u1ea1i <strong><a href=\"https:\/\/thucphamtienloi.com\/\" target=\"_blank\" rel=\"noopener noreferrer\">Th\u1ef1c Ph\u1ea9m Ti\u1ec7n L\u1ee3i<\/a><\/strong> \u0111\u1ec3 c\u00f3 \u0111\u01b0\u1ee3c nh\u1eefng s\u1ea3n ph\u1ea9m t\u1ed1t nh\u1ea5t. N\u1ebfu c\u00f3 th\u1eafc m\u1eafc g\u00ec th\u00eam, li\u00ean h\u1ec7 ngay v\u1edbi ch\u00fang t\u00f4i qua Hotline \u0111\u1ec3 \u0111\u01b0\u1ee3c gi\u1ea3i \u0111\u00e1p nhanh nh\u1ea5t.<\/span><\/p>\n<p><span style=\"font-size: 100%;\">M\u1ecdi chi ti\u1ebft vui l\u00f2ng li\u00ean h\u1ec7\u00a0<\/span><\/p>\n<p><span style=\"font-size: 100%;\"><strong>Hotline\/Zalo:<\/strong>\u00a0<strong class=\"uppercase\">0987.506.349<\/strong><\/span><br \/>\n<span style=\"font-size: 100%;\"><strong>T\u1ea1i S\u00e0i G\u00f2n:<\/strong> 184\/17 Nguy\u1ec5n Ph\u00fac Chu, P15, Q. T\u00e2n B\u00ecnh , TP HCM (vui l\u00f2ng g\u1ecdi tr\u01b0\u1edbc khi \u0111\u1ebfn)<\/span><br \/>\n<span style=\"font-size: 90%;\"><strong>Facebook: <a href=\"https:\/\/www.facebook.com\/thucphamtienloiFB\">TH\u1ef0C PH\u1ea8M TI\u1ec6N L\u1ee2I<\/a><\/strong><\/span><\/p>\n","protected":false},"excerpt":{"rendered":"<p><strong>Tr\u1ee9ng c\u00e1 l\u00f3c b\u00f4ng<\/strong> m\u00f3n \u0103n ngon \u0111\u01b0\u1ee3c nhi\u1ec1u ng\u01b0\u1eddi y\u00eau th\u00edch t\u1eeb tr\u1ebb nh\u1ecf \u0111\u1ebfn ng\u01b0\u1eddi l\u1edbn. B\u1ea1n c\u00f3 nhu c\u1ea7u mua lo\u1ea1i s\u1ea3n ph\u1ea9m th\u01a1m ngon n\u00e0y? H\u00e3y li\u00ean h\u1ec7 ngay v\u1edbi ch\u00fang t\u00f4i \u0111\u1ec3 \u0111\u01b0\u1ee3c ph\u1ee5c v\u1ee5 chu \u0111\u00e1o nh\u1ea5t. <strong>Hotline :<\/strong> <strong class=\"uppercase\">0987.506.349<\/strong><\/p>\n<p>&nbsp;<\/p>\n","protected":false},"featured_media":707,"comment_status":"closed","ping_status":"closed","template":"","meta":[],"product_brand":[],"product_cat":[70,71],"product_tag":[137,138,139,140,141],"class_list":{"0":"post-590","1":"product","2":"type-product","3":"status-publish","4":"has-post-thumbnail","6":"product_cat-dac-san-mien-nam","7":"product_cat-thuc-pham-tuoi-song","8":"product_tag-trung-ca-loc","9":"product_tag-trung-ca-loc-bong","10":"product_tag-mua-trung-ca-loc-tai-sai-gon","11":"product_tag-trung-ca-loc-tai-go-vap","12":"product_tag-trung-ca-loc-tai-tan-binh","14":"first","15":"instock","16":"shipping-taxable","17":"purchasable","18":"product-type-simple"},"yoast_head":"<!-- This site is optimized with the Yoast SEO plugin v27.4 - https:\/\/yoast.com\/product\/yoast-seo-wordpress\/ -->\n<title>Tr\u1ee9ng C\u00e1 L\u00f3c B\u00f4ng - 325k<\/title>\n<meta name=\"description\" content=\"Tr\u1ee9ng c\u00e1 l\u00f3c b\u00f4ng t\u1ea1i c\u1eeda h\u00e0ng th\u1ef1c ph\u1ea9m ti\u1ec7n l\u1ee3i \u0111\u01b0\u1ee3c \u0111\u00f3ng g\u00f3i h\u00fat ch\u00e2n kh\u00f4ng b\u1ea3o qu\u1ea3n l\u1ea1nh \u0111\u1ea3m b\u1ea3o t\u01b0\u01a1i ngon khi \u0111\u1ebfn tay qu\u00fd kh\u00e1ch h\u00e0ng.\" \/>\n<meta name=\"robots\" content=\"index, follow, max-snippet:-1, max-image-preview:large, max-video-preview:-1\" \/>\n<link rel=\"canonical\" href=\"https:\/\/thucphamtienloi.com\/?product=trung-ca-loc-bong\" \/>\n<meta property=\"og:locale\" content=\"vi_VN\" \/>\n<meta property=\"og:type\" content=\"article\" \/>\n<meta property=\"og:title\" content=\"Tr\u1ee9ng C\u00e1 L\u00f3c B\u00f4ng - 325k\" \/>\n<meta property=\"og:description\" content=\"Tr\u1ee9ng c\u00e1 l\u00f3c b\u00f4ng t\u1ea1i c\u1eeda h\u00e0ng th\u1ef1c ph\u1ea9m ti\u1ec7n l\u1ee3i \u0111\u01b0\u1ee3c \u0111\u00f3ng g\u00f3i h\u00fat ch\u00e2n kh\u00f4ng b\u1ea3o qu\u1ea3n l\u1ea1nh \u0111\u1ea3m b\u1ea3o t\u01b0\u01a1i ngon khi \u0111\u1ebfn tay qu\u00fd kh\u00e1ch h\u00e0ng.\" \/>\n<meta property=\"og:url\" content=\"https:\/\/thucphamtienloi.com\/?product=trung-ca-loc-bong\" \/>\n<meta property=\"og:site_name\" content=\"\u1ea8M TH\u1ef0C BA MI\u1ec0N\" \/>\n<meta property=\"article:modified_time\" content=\"2025-10-19T16:15:26+00:00\" \/>\n<meta property=\"og:image\" content=\"https:\/\/thucphamtienloi.com\/wp-content\/uploads\/2020\/06\/trung-ca-loc.jpg\" \/>\n\t<meta property=\"og:image:width\" content=\"800\" \/>\n\t<meta property=\"og:image:height\" content=\"824\" \/>\n\t<meta property=\"og:image:type\" content=\"image\/jpeg\" \/>\n<meta name=\"twitter:card\" content=\"summary_large_image\" \/>\n<meta name=\"twitter:label1\" content=\"\u01af\u1edbc t\u00ednh th\u1eddi gian \u0111\u1ecdc\" \/>\n\t<meta name=\"twitter:data1\" content=\"3 ph\u00fat\" \/>\n<script type=\"application\/ld+json\" class=\"yoast-schema-graph\">{\"@context\":\"https:\\\/\\\/schema.org\",\"@graph\":[{\"@type\":[\"WebPage\",\"ItemPage\"],\"@id\":\"https:\\\/\\\/thucphamtienloi.com\\\/?product=trung-ca-loc-bong\",\"url\":\"https:\\\/\\\/thucphamtienloi.com\\\/?product=trung-ca-loc-bong\",\"name\":\"Tr\u1ee9ng C\u00e1 L\u00f3c B\u00f4ng - 325k\",\"isPartOf\":{\"@id\":\"https:\\\/\\\/thucphamtienloi.com\\\/#website\"},\"primaryImageOfPage\":{\"@id\":\"https:\\\/\\\/thucphamtienloi.com\\\/?product=trung-ca-loc-bong#primaryimage\"},\"image\":{\"@id\":\"https:\\\/\\\/thucphamtienloi.com\\\/?product=trung-ca-loc-bong#primaryimage\"},\"thumbnailUrl\":\"https:\\\/\\\/thucphamtienloi.com\\\/wp-content\\\/uploads\\\/2020\\\/06\\\/trung-ca-loc.jpg\",\"datePublished\":\"2020-06-06T09:34:14+00:00\",\"dateModified\":\"2025-10-19T16:15:26+00:00\",\"description\":\"Tr\u1ee9ng c\u00e1 l\u00f3c b\u00f4ng t\u1ea1i c\u1eeda h\u00e0ng th\u1ef1c ph\u1ea9m ti\u1ec7n l\u1ee3i \u0111\u01b0\u1ee3c \u0111\u00f3ng g\u00f3i h\u00fat ch\u00e2n kh\u00f4ng b\u1ea3o qu\u1ea3n l\u1ea1nh \u0111\u1ea3m b\u1ea3o t\u01b0\u01a1i ngon khi \u0111\u1ebfn tay qu\u00fd kh\u00e1ch h\u00e0ng.\",\"breadcrumb\":{\"@id\":\"https:\\\/\\\/thucphamtienloi.com\\\/?product=trung-ca-loc-bong#breadcrumb\"},\"inLanguage\":\"vi\",\"potentialAction\":[{\"@type\":\"ReadAction\",\"target\":[\"https:\\\/\\\/thucphamtienloi.com\\\/?product=trung-ca-loc-bong\"]}]},{\"@type\":\"ImageObject\",\"inLanguage\":\"vi\",\"@id\":\"https:\\\/\\\/thucphamtienloi.com\\\/?product=trung-ca-loc-bong#primaryimage\",\"url\":\"https:\\\/\\\/thucphamtienloi.com\\\/wp-content\\\/uploads\\\/2020\\\/06\\\/trung-ca-loc.jpg\",\"contentUrl\":\"https:\\\/\\\/thucphamtienloi.com\\\/wp-content\\\/uploads\\\/2020\\\/06\\\/trung-ca-loc.jpg\",\"width\":800,\"height\":824,\"caption\":\"Tr\u1ee9ng c\u00e1 l\u00f3c b\u00f4ng\"},{\"@type\":\"BreadcrumbList\",\"@id\":\"https:\\\/\\\/thucphamtienloi.com\\\/?product=trung-ca-loc-bong#breadcrumb\",\"itemListElement\":[{\"@type\":\"ListItem\",\"position\":1,\"name\":\"Trang ch\u1ee7\",\"item\":\"https:\\\/\\\/thucphamtienloi.com\\\/\"},{\"@type\":\"ListItem\",\"position\":2,\"name\":\"C\u1eeda H\u00e0ng\",\"item\":\"https:\\\/\\\/thucphamtienloi.com\\\/?page_id=3334\"},{\"@type\":\"ListItem\",\"position\":3,\"name\":\"\u0110\u1eb7c S\u1ea3n Mi\u1ec1n Nam\",\"item\":\"https:\\\/\\\/thucphamtienloi.com\\\/danh-muc-san-pham\\\/dac-san-mien-nam\\\/\"},{\"@type\":\"ListItem\",\"position\":4,\"name\":\"Tr\u1ee9ng C\u00e1 L\u00f3c B\u00f4ng\"}]},{\"@type\":\"WebSite\",\"@id\":\"https:\\\/\\\/thucphamtienloi.com\\\/#website\",\"url\":\"https:\\\/\\\/thucphamtienloi.com\\\/\",\"name\":\"Th\u1ef1c ph\u1ea9m ti\u1ec7n l\u1ee3i\",\"description\":\"\u1ea8m Th\u1ef1c Qu\u00ea H\u01b0\u01a1ng\",\"publisher\":{\"@id\":\"https:\\\/\\\/thucphamtienloi.com\\\/#organization\"},\"potentialAction\":[{\"@type\":\"SearchAction\",\"target\":{\"@type\":\"EntryPoint\",\"urlTemplate\":\"https:\\\/\\\/thucphamtienloi.com\\\/?s={search_term_string}\"},\"query-input\":{\"@type\":\"PropertyValueSpecification\",\"valueRequired\":true,\"valueName\":\"search_term_string\"}}],\"inLanguage\":\"vi\"},{\"@type\":\"Organization\",\"@id\":\"https:\\\/\\\/thucphamtienloi.com\\\/#organization\",\"name\":\"Th\u1ef1c ph\u1ea9m ti\u1ec7n l\u1ee3i\",\"url\":\"https:\\\/\\\/thucphamtienloi.com\\\/\",\"logo\":{\"@type\":\"ImageObject\",\"inLanguage\":\"vi\",\"@id\":\"https:\\\/\\\/thucphamtienloi.com\\\/#\\\/schema\\\/logo\\\/image\\\/\",\"url\":\"https:\\\/\\\/thucphamtienloi.com\\\/wp-content\\\/uploads\\\/2022\\\/07\\\/THU\u031b\u0323C-PHA\u0302\u0309M-TIE\u0323\u0302N-LO\u031b\u0323I.png\",\"contentUrl\":\"https:\\\/\\\/thucphamtienloi.com\\\/wp-content\\\/uploads\\\/2022\\\/07\\\/THU\u031b\u0323C-PHA\u0302\u0309M-TIE\u0323\u0302N-LO\u031b\u0323I.png\",\"width\":1920,\"height\":1080,\"caption\":\"Th\u1ef1c ph\u1ea9m ti\u1ec7n l\u1ee3i\"},\"image\":{\"@id\":\"https:\\\/\\\/thucphamtienloi.com\\\/#\\\/schema\\\/logo\\\/image\\\/\"}}]}<\/script>\n<!-- \/ Yoast SEO plugin. -->","yoast_head_json":{"title":"Tr\u1ee9ng C\u00e1 L\u00f3c B\u00f4ng - 325k","description":"Tr\u1ee9ng c\u00e1 l\u00f3c b\u00f4ng t\u1ea1i c\u1eeda h\u00e0ng th\u1ef1c ph\u1ea9m ti\u1ec7n l\u1ee3i \u0111\u01b0\u1ee3c \u0111\u00f3ng g\u00f3i h\u00fat ch\u00e2n kh\u00f4ng b\u1ea3o qu\u1ea3n l\u1ea1nh \u0111\u1ea3m b\u1ea3o t\u01b0\u01a1i ngon khi \u0111\u1ebfn tay qu\u00fd kh\u00e1ch h\u00e0ng.","robots":{"index":"index","follow":"follow","max-snippet":"max-snippet:-1","max-image-preview":"max-image-preview:large","max-video-preview":"max-video-preview:-1"},"canonical":"https:\/\/thucphamtienloi.com\/?product=trung-ca-loc-bong","og_locale":"vi_VN","og_type":"article","og_title":"Tr\u1ee9ng C\u00e1 L\u00f3c B\u00f4ng - 325k","og_description":"Tr\u1ee9ng c\u00e1 l\u00f3c b\u00f4ng t\u1ea1i c\u1eeda h\u00e0ng th\u1ef1c ph\u1ea9m ti\u1ec7n l\u1ee3i \u0111\u01b0\u1ee3c \u0111\u00f3ng g\u00f3i h\u00fat ch\u00e2n kh\u00f4ng b\u1ea3o qu\u1ea3n l\u1ea1nh \u0111\u1ea3m b\u1ea3o t\u01b0\u01a1i ngon khi \u0111\u1ebfn tay qu\u00fd kh\u00e1ch h\u00e0ng.","og_url":"https:\/\/thucphamtienloi.com\/?product=trung-ca-loc-bong","og_site_name":"\u1ea8M TH\u1ef0C BA MI\u1ec0N","article_modified_time":"2025-10-19T16:15:26+00:00","og_image":[{"width":800,"height":824,"url":"https:\/\/thucphamtienloi.com\/wp-content\/uploads\/2020\/06\/trung-ca-loc.jpg","type":"image\/jpeg"}],"twitter_card":"summary_large_image","twitter_misc":{"\u01af\u1edbc t\u00ednh th\u1eddi gian \u0111\u1ecdc":"3 ph\u00fat"},"schema":{"@context":"https:\/\/schema.org","@graph":[{"@type":["WebPage","ItemPage"],"@id":"https:\/\/thucphamtienloi.com\/?product=trung-ca-loc-bong","url":"https:\/\/thucphamtienloi.com\/?product=trung-ca-loc-bong","name":"Tr\u1ee9ng C\u00e1 L\u00f3c B\u00f4ng - 325k","isPartOf":{"@id":"https:\/\/thucphamtienloi.com\/#website"},"primaryImageOfPage":{"@id":"https:\/\/thucphamtienloi.com\/?product=trung-ca-loc-bong#primaryimage"},"image":{"@id":"https:\/\/thucphamtienloi.com\/?product=trung-ca-loc-bong#primaryimage"},"thumbnailUrl":"https:\/\/thucphamtienloi.com\/wp-content\/uploads\/2020\/06\/trung-ca-loc.jpg","datePublished":"2020-06-06T09:34:14+00:00","dateModified":"2025-10-19T16:15:26+00:00","description":"Tr\u1ee9ng c\u00e1 l\u00f3c b\u00f4ng t\u1ea1i c\u1eeda h\u00e0ng th\u1ef1c ph\u1ea9m ti\u1ec7n l\u1ee3i \u0111\u01b0\u1ee3c \u0111\u00f3ng g\u00f3i h\u00fat ch\u00e2n kh\u00f4ng b\u1ea3o qu\u1ea3n l\u1ea1nh \u0111\u1ea3m b\u1ea3o t\u01b0\u01a1i ngon khi \u0111\u1ebfn tay qu\u00fd kh\u00e1ch h\u00e0ng.","breadcrumb":{"@id":"https:\/\/thucphamtienloi.com\/?product=trung-ca-loc-bong#breadcrumb"},"inLanguage":"vi","potentialAction":[{"@type":"ReadAction","target":["https:\/\/thucphamtienloi.com\/?product=trung-ca-loc-bong"]}]},{"@type":"ImageObject","inLanguage":"vi","@id":"https:\/\/thucphamtienloi.com\/?product=trung-ca-loc-bong#primaryimage","url":"https:\/\/thucphamtienloi.com\/wp-content\/uploads\/2020\/06\/trung-ca-loc.jpg","contentUrl":"https:\/\/thucphamtienloi.com\/wp-content\/uploads\/2020\/06\/trung-ca-loc.jpg","width":800,"height":824,"caption":"Tr\u1ee9ng c\u00e1 l\u00f3c b\u00f4ng"},{"@type":"BreadcrumbList","@id":"https:\/\/thucphamtienloi.com\/?product=trung-ca-loc-bong#breadcrumb","itemListElement":[{"@type":"ListItem","position":1,"name":"Trang ch\u1ee7","item":"https:\/\/thucphamtienloi.com\/"},{"@type":"ListItem","position":2,"name":"C\u1eeda H\u00e0ng","item":"https:\/\/thucphamtienloi.com\/?page_id=3334"},{"@type":"ListItem","position":3,"name":"\u0110\u1eb7c S\u1ea3n Mi\u1ec1n Nam","item":"https:\/\/thucphamtienloi.com\/danh-muc-san-pham\/dac-san-mien-nam\/"},{"@type":"ListItem","position":4,"name":"Tr\u1ee9ng C\u00e1 L\u00f3c B\u00f4ng"}]},{"@type":"WebSite","@id":"https:\/\/thucphamtienloi.com\/#website","url":"https:\/\/thucphamtienloi.com\/","name":"Th\u1ef1c ph\u1ea9m ti\u1ec7n l\u1ee3i","description":"\u1ea8m Th\u1ef1c Qu\u00ea H\u01b0\u01a1ng","publisher":{"@id":"https:\/\/thucphamtienloi.com\/#organization"},"potentialAction":[{"@type":"SearchAction","target":{"@type":"EntryPoint","urlTemplate":"https:\/\/thucphamtienloi.com\/?s={search_term_string}"},"query-input":{"@type":"PropertyValueSpecification","valueRequired":true,"valueName":"search_term_string"}}],"inLanguage":"vi"},{"@type":"Organization","@id":"https:\/\/thucphamtienloi.com\/#organization","name":"Th\u1ef1c ph\u1ea9m ti\u1ec7n l\u1ee3i","url":"https:\/\/thucphamtienloi.com\/","logo":{"@type":"ImageObject","inLanguage":"vi","@id":"https:\/\/thucphamtienloi.com\/#\/schema\/logo\/image\/","url":"https:\/\/thucphamtienloi.com\/wp-content\/uploads\/2022\/07\/THU\u031b\u0323C-PHA\u0302\u0309M-TIE\u0323\u0302N-LO\u031b\u0323I.png","contentUrl":"https:\/\/thucphamtienloi.com\/wp-content\/uploads\/2022\/07\/THU\u031b\u0323C-PHA\u0302\u0309M-TIE\u0323\u0302N-LO\u031b\u0323I.png","width":1920,"height":1080,"caption":"Th\u1ef1c ph\u1ea9m ti\u1ec7n l\u1ee3i"},"image":{"@id":"https:\/\/thucphamtienloi.com\/#\/schema\/logo\/image\/"}}]}},"_links":{"self":[{"href":"https:\/\/thucphamtienloi.com\/index.php?rest_route=\/wp\/v2\/product\/590","targetHints":{"allow":["GET"]}}],"collection":[{"href":"https:\/\/thucphamtienloi.com\/index.php?rest_route=\/wp\/v2\/product"}],"about":[{"href":"https:\/\/thucphamtienloi.com\/index.php?rest_route=\/wp\/v2\/types\/product"}],"replies":[{"embeddable":true,"href":"https:\/\/thucphamtienloi.com\/index.php?rest_route=%2Fwp%2Fv2%2Fcomments&post=590"}],"wp:featuredmedia":[{"embeddable":true,"href":"https:\/\/thucphamtienloi.com\/index.php?rest_route=\/wp\/v2\/media\/707"}],"wp:attachment":[{"href":"https:\/\/thucphamtienloi.com\/index.php?rest_route=%2Fwp%2Fv2%2Fmedia&parent=590"}],"wp:term":[{"taxonomy":"product_brand","embeddable":true,"href":"https:\/\/thucphamtienloi.com\/index.php?rest_route=%2Fwp%2Fv2%2Fproduct_brand&post=590"},{"taxonomy":"product_cat","embeddable":true,"href":"https:\/\/thucphamtienloi.com\/index.php?rest_route=%2Fwp%2Fv2%2Fproduct_cat&post=590"},{"taxonomy":"product_tag","embeddable":true,"href":"https:\/\/thucphamtienloi.com\/index.php?rest_route=%2Fwp%2Fv2%2Fproduct_tag&post=590"}],"curies":[{"name":"wp","href":"https:\/\/api.w.org\/{rel}","templated":true}]}}