{"id":764,"date":"2020-09-07T08:40:08","date_gmt":"2020-09-07T08:40:08","guid":{"rendered":"https:\/\/thucphamtienloi.com\/?post_type=product&#038;p=764"},"modified":"2026-04-15T05:33:59","modified_gmt":"2026-04-15T05:33:59","slug":"ga-ac","status":"publish","type":"product","link":"https:\/\/thucphamtienloi.com\/?product=ga-ac","title":{"rendered":"G\u00e0 \u00c1c L\u00e0m S\u1ea1ch Ship T\u1eadn Nh\u00e0"},"content":{"rendered":"<p><span style=\"font-size: 100%;\">G\u00e0 \u00e1c l\u00e0 lo\u1ea1i th\u1ef1c ph\u1ea9m \u0111\u1ed9c \u0111\u00e1o, b\u1ed5 d\u01b0\u1ee1ng v\u00e0 ngon mi\u1ec7ng. Lo\u1ea1i g\u00e0 n\u00e0y th\u01b0\u1eddng \u0111\u01b0\u1ee3c k\u1ebft h\u1ee3p v\u1edbi c\u00e1c v\u1ecb thu\u1ed1c d\u00f9ng \u0111\u1ec3 t\u1ea9m b\u1ed5 cho ph\u1ee5 n\u1eef mang thai v\u00e0 sau sinh. <a href=\"https:\/\/thucphamtienloi.com\/\" target=\"_blank\" rel=\"noopener noreferrer\"><strong>Th\u1ef1c Ph\u1ea9m Ti\u1ec7n L\u1ee3i<\/strong> <\/a>cung c\u1ea5p g\u00e0 \u00e1c \u0111\u00e3 l\u00e0m s\u1ea1ch . Qu\u00fd kh\u00e1ch ch\u1ec9 c\u1ea7n r\u1eeda l\u1ea1i v\u1edbi n\u01b0\u1edbc l\u00e0 c\u00f3 th\u1ec3 ch\u1ebf bi\u1ebfn ngay. R\u1ea5t ti\u1ec7n l\u1ee3i v\u00e0 ti\u1ebft ki\u1ec7m th\u1eddi gian.\u00a0<\/span><\/p>\n<p><span style=\"font-size: 100%; color: #ed1c24;\"><strong>Hotline \u0111\u1eb7t h\u00e0ng : 0987.506.349<\/strong><\/span><\/p>\n<p><strong>L\u01b0u \u00fd :<\/strong><\/p>\n<p>+ Do l\u00e0 h\u00e0ng t\u01b0\u01a1i s\u1ed1ng n\u00ean Qu\u00fd kh\u00e1ch vui l\u00f2ng \u0111\u1eb7t tr\u01b0\u1edbc 2 ti\u1ebfng.<\/p>\n<p>+ Qu\u00fd Kh\u00e1ch\u00a0<strong>Vui L\u00f2ng Kh\u00f4ng Hu\u1ef7 \u0110\u01a1n Sau Khi \u0110\u00e3 \u0110\u1eb7t H\u00e0ng<\/strong><\/p>\n<h2><strong>Gi\u1edbi thi\u1ec7u v\u1ec1 g\u00e0 \u00e1c<\/strong><\/h2>\n<p><strong>G\u00e0 \u00e1c<\/strong>\u00a0hay c\u00f2n g\u1ecdi l\u00e0 \u00f4 c\u1ed1t k\u00ea, \u00f4 k\u00ea hay c\u00f2n c\u00f3 t\u00ean kh\u00e1c l\u00e0 g\u00e0 \u0111en, g\u00e0 ch\u00e2n ch\u00ec, g\u00e0 ng\u0169 tr\u1ea3o..l\u00e0 m\u1ed9t gi\u1ed1ng g\u00e0 qu\u00fd thu\u1ed9c h\u1ecd tr\u0129 v\u1edbi nh\u1eefng \u0111\u1eb7c \u0111i\u1ec3m c\u01a1 b\u1ea3n \u0111\u1eb7c tr\u01b0ng nh\u01b0 to\u00e0n th\u00e2n v\u00e0 ch\u00e2n \u0111\u1ec1u m\u00e0u \u0111en v\u00e0 c\u00f3 th\u1ecbt b\u1ed5 d\u01b0\u1ee1ng, g\u00e0 th\u01b0\u1eddng \u0111\u01b0\u1ee3c ch\u1ebf bi\u1ebfn th\u00e0nh m\u00f3n \u0103n g\u00e0 \u00e1c t\u1ea7n b\u1ed5 d\u01b0\u1ee1ng. Ch\u00fang c\u00f3 n\u00e9t \u0111\u1eb7c tr\u01b0ng c\u1ee7a g\u00e0 \u00e1c l\u00e0 th\u1ecbt \u0111en x\u01b0\u01a1ng \u0111en v\u00e0 l\u00f4ng tr\u1eafng. \u0110\u1eb7c bi\u1ec7t, ch\u00e2n c\u1ee7a ch\u00fang c\u00f3 5 ng\u00f3n.\u00a0<\/p>\n<figure id=\"attachment_768\" aria-describedby=\"caption-attachment-768\" style=\"width: 600px\" class=\"wp-caption aligncenter\"><img loading=\"lazy\" decoding=\"async\" class=\"wp-image-768\" src=\"https:\/\/thucphamtienloi.com\/wp-content\/uploads\/2020\/09\/ga-ac.jpg\" alt=\"ga-ac\" width=\"600\" height=\"302\" srcset=\"https:\/\/thucphamtienloi.com\/wp-content\/uploads\/2020\/09\/ga-ac.jpg 768w, https:\/\/thucphamtienloi.com\/wp-content\/uploads\/2020\/09\/ga-ac-510x257.jpg 510w, https:\/\/thucphamtienloi.com\/wp-content\/uploads\/2020\/09\/ga-ac-600x302.jpg 600w\" sizes=\"auto, (max-width: 600px) 100vw, 600px\" \/><figcaption id=\"caption-attachment-768\" class=\"wp-caption-text\">\u0110\u1eb7c \u0111i\u1ec3m c\u1ee7a lo\u1ea1i g\u00e0 \u0111en<\/figcaption><\/figure>\n<h2><strong><span style=\"font-size: 100%;\">Th\u00e0nh ph\u1ea7n dinh d\u01b0\u1ee1ng trong g\u00e0 \u00e1c.<\/span><\/strong><\/h2>\n<p>Th\u1ecbt lo\u1ea1i g\u00e0 \u0111\u1eb7c bi\u1ec7t n\u00e0y c\u00f3 gi\u00e1 tr\u1ecb dinh d\u01b0\u1ee1ng cao v\u00e0 \u0111\u01b0\u1ee3c \u0111\u00e1nh gi\u00e1 l\u00e0 ngon nh\u1ea5t trong c\u00e1c lo\u1ea1i g\u00e0. C\u00e1c c\u00f4ng d\u1ee5ng c\u1ee7a \u00f4 k\u00ea \u0111\u1ed1i v\u1edbi s\u1ee9c kh\u1ecfe ph\u1ee5 thu\u1ed9c v\u00e0o th\u00e0nh ph\u1ea7n dinh d\u01b0\u1ee1ng c\u1ee7a th\u1ecbt.<\/p>\n<p>M\u1ed9t s\u1ed1 gi\u00e1 tr\u1ecb dinh d\u01b0\u1ee1ng c\u1ee7a g\u00e0 \u00f4 k\u00ea \u0111\u01b0\u1ee3c c\u00e1c nh\u00e0 khoa h\u1ecdc c\u00f4ng b\u1ed1 :<\/p>\n<ul>\n<li>Ch\u1ee9a c\u00e1c Axit Amin c\u1ea7n thi\u1ebft cho c\u01a1 th\u1ec3 nh\u01b0 Methionine, Lysine, Histidine,\u2026 c\u00f3 th\u1ec3 h\u1ed7 tr\u1ee3 h\u1ec7 th\u1ed1ng b\u00e0i ti\u1ebft c\u1ee7a c\u01a1 th\u1ec3 v\u00e0 l\u1ea1i qu\u00e1 tr\u00ecnh l\u00e3o h\u00f3a t\u1ef1 nhi\u00ean.<\/li>\n<li>Ch\u1ee9a r\u1ea5t \u00edt Lipid nh\u01b0ng gi\u00e0u h\u00e0m l\u01b0\u1ee3ng Protid, h\u00e0m l\u01b0\u1ee3ng dinh d\u01b0\u1ee1ng cao, ch\u1ea5t b\u00e9o v\u00e0 Cholesterol th\u1ea5p.<\/li>\n<li>H\u00e0m l\u01b0\u1ee3ng Protein t\u01b0\u01a1ng \u0111\u1ed1i cao, kho\u1ea3ng 21.9 \u2013 24.6%, h\u00e0m l\u01b0\u1ee3ng m\u1ee1 th\u1ea5p, kho\u1ea3ng 0.6 \u2013 2.0%.<\/li>\n<li>Ch\u1ee9a kho\u1ea3ng 18 lo\u1ea1i Axit Amin, \u0111\u1eb7c bi\u1ec7t l\u00e0 c\u00e1c lo\u1ea1i Axit Amin kh\u00f4ng th\u1ec3 thay th\u1ebf nh\u01b0 Isoleucine, Histidine, Phenylalanine, Lysine, Threonine, Arginine, Leucine.<\/li>\n<\/ul>\n<figure id=\"attachment_766\" aria-describedby=\"caption-attachment-766\" style=\"width: 600px\" class=\"wp-caption aligncenter\"><img loading=\"lazy\" decoding=\"async\" class=\"wp-image-766\" src=\"https:\/\/thucphamtienloi.com\/wp-content\/uploads\/2020\/09\/ga-ac-ham-thuoc-bac-711x400.jpg\" alt=\"ga-ac-ham-thuoc-bac\" width=\"600\" height=\"338\" srcset=\"https:\/\/thucphamtienloi.com\/wp-content\/uploads\/2020\/09\/ga-ac-ham-thuoc-bac-711x400.jpg 711w, https:\/\/thucphamtienloi.com\/wp-content\/uploads\/2020\/09\/ga-ac-ham-thuoc-bac-510x287.jpg 510w, https:\/\/thucphamtienloi.com\/wp-content\/uploads\/2020\/09\/ga-ac-ham-thuoc-bac-768x432.jpg 768w, https:\/\/thucphamtienloi.com\/wp-content\/uploads\/2020\/09\/ga-ac-ham-thuoc-bac-600x338.jpg 600w, https:\/\/thucphamtienloi.com\/wp-content\/uploads\/2020\/09\/ga-ac-ham-thuoc-bac.jpg 1280w\" sizes=\"auto, (max-width: 600px) 100vw, 600px\" \/><figcaption id=\"caption-attachment-766\" class=\"wp-caption-text\">g\u00e0 \u00e1c h\u1ea7m thu\u1ed1c b\u1eafc<\/figcaption><\/figure>\n<h3><strong>T\u00e1c d\u1ee5ng\u00a0<\/strong><\/h3>\n<p><strong>Th\u1ecbt g\u00e0 \u00e1c<\/strong> \u0103n th\u01a1m ngon v\u00e0 gi\u00e0u dinh d\u01b0\u1ee1ng h\u01a1n c\u00e1c lo\u1ea1i g\u00e0 kh\u00e1c: \u00edt lipid, r\u1ea5t gi\u00e0u protid, c\u00e1c vitamin A, B1, B2,B6, E, PP\u2026 v\u00e0 c\u00e1c nguy\u00ean t\u1ed1 vi l\u01b0\u1ee3ng nh\u01b0 K, Na, Ca, Mg, Mn, Cu&#8230; \u0110\u00e2y\u00a0 c\u0169ng m\u1ed9t v\u1ecb thu\u1ed1c qu\u00ed cho ph\u1ee5 n\u1eef \u0111ang mang thai ho\u1eb7c sau khi sinh, c\u00f3 th\u1ec3 d\u00f9ng ri\u00eang th\u1ecbt g\u00e0 ho\u1eb7c d\u00f9ng ph\u1ed1i h\u1ee3p v\u1edbi c\u00e1c v\u1ecb thu\u1ed1c kh\u00e1c.<\/p>\n<h2><strong><span style=\"font-size: 100%;\">\u0110\u1ecba ch\u1ec9 mua g\u00e0 \u00e1c t\u1ea1i H\u00e0 N\u1ed9i v\u00e0 Tp HCM?<\/span><\/strong><\/h2>\n<p>M\u1ecdi th\u00f4ng tin chi ti\u1ebft v\u1ec1 s\u1ea3n ph\u1ea9m G\u00e0 \u00c1c\u00a0 vui l\u00f2ng li\u00ean h\u1ec7 :\u00a0<\/p>\n<p><strong>Hotline\/Zalo:<\/strong>\u00a0<strong>0987.506.349<\/strong><\/p>\n<p><strong>\u0110\u1ecba ch\u1ec9 c\u1eeda h\u00e0ng :\u00a0<\/strong><\/p>\n<p><strong>T\u1ea1i S\u00e0i G\u00f2n:<\/strong>\u00a0184\/17 Nguy\u1ec5n Ph\u00fac Chu, P15, Q. T\u00e2n B\u00ecnh , TP HCM (vui l\u00f2ng g\u1ecdi tr\u01b0\u1edbc khi \u0111\u1ebfn)<br \/>\n<strong>T\u1ea1i H\u00e0 N\u1ed9i : <\/strong>Chung c\u01b0 349, V\u0169 T\u00f4ng Phan, Thanh Xu\u00e2n, H\u00e0 N\u1ed9i (vui l\u00f2ng g\u1ecdi tr\u01b0\u1edbc khi \u0111\u1ebfn)<\/p>\n<p><strong>Facebook:\u00a0<a href=\"https:\/\/www.facebook.com\/thucphamtienloiFB\">TH\u1ef0C PH\u1ea8M TI\u1ec6N L\u1ee2I<\/a><\/strong><\/p>\n","protected":false},"excerpt":{"rendered":"<p><span style=\"font-size: 100%;\">G\u00e0 \u00e1c l\u00e0 lo\u1ea1i th\u1ef1c ph\u1ea9m \u0111\u1ed9c \u0111\u00e1o, b\u1ed5 d\u01b0\u1ee1ng v\u00e0 ngon mi\u1ec7ng. Lo\u1ea1i g\u00e0 n\u00e0y th\u01b0\u1eddng \u0111\u01b0\u1ee3c k\u1ebft h\u1ee3p v\u1edbi c\u00e1c v\u1ecb thu\u1ed1c d\u00f9ng \u0111\u1ec3 t\u1ea9m b\u1ed5 cho ph\u1ee5 n\u1eef mang thai v\u00e0 sau sinh. <a href=\"https:\/\/thucphamtienloi.com\/\" target=\"_blank\" rel=\"noopener noreferrer\"><strong>Th\u1ef1c Ph\u1ea9m Ti\u1ec7n L\u1ee3i<\/strong> <\/a>cung c\u1ea5p g\u00e0 \u00e1c \u0111\u00e3 l\u00e0m s\u1ea1ch . Qu\u00fd kh\u00e1ch ch\u1ec9 c\u1ea7n r\u1eeda l\u1ea1i v\u1edbi n\u01b0\u1edbc l\u00e0 c\u00f3 th\u1ec3 ch\u1ebf bi\u1ebfn ngay. R\u1ea5t ti\u1ec7n l\u1ee3i v\u00e0 ti\u1ebft ki\u1ec7m th\u1eddi gian.\u00a0<\/span><\/p>\n","protected":false},"featured_media":767,"comment_status":"closed","ping_status":"closed","template":"","meta":[],"product_brand":[],"product_cat":[70,71],"product_tag":[204,205,206,207,200,201,202,203],"class_list":{"0":"post-764","1":"product","2":"type-product","3":"status-publish","4":"has-post-thumbnail","6":"product_cat-dac-san-mien-nam","7":"product_cat-thuc-pham-tuoi-song","8":"product_tag-ga-ac-tai-tphcm","9":"product_tag-ga-ac-tai-go-vap","10":"product_tag-gac-ac-tai-tan-binh","11":"product_tag-mua-ga-ac-o-dau","12":"product_tag-ga-ac-lam-sach","13":"product_tag-ga-den-lam-sach","14":"product_tag-ga-o-ke","15":"product_tag-ga-ac-tai-sai-gon","17":"first","18":"instock","19":"featured","20":"shipping-taxable","21":"purchasable","22":"product-type-simple"},"yoast_head":"<!-- This site is optimized with the Yoast SEO plugin v27.4 - https:\/\/yoast.com\/product\/yoast-seo-wordpress\/ -->\n<title>G\u00e0 \u00c1c L\u00e0m S\u1ea1ch Ship T\u1eadn Nh\u00e0 - 65k<\/title>\n<meta name=\"description\" content=\"Th\u1ef1c Ph\u1ea9m Ti\u1ec7n L\u1ee3i cung c\u1ea5p g\u00e0 \u00e1c l\u00e0m s\u1ea1ch . Qu\u00fd kh\u00e1ch ch\u1ec9 c\u1ea7n r\u1eeda l\u1ea1i v\u1edbi n\u01b0\u1edbc l\u00e0 c\u00f3 th\u1ec3 ch\u1ebf bi\u1ebfn ngay. R\u1ea5t ti\u1ec7n l\u1ee3i v\u00e0 ti\u1ebft ki\u1ec7m\" \/>\n<meta name=\"robots\" content=\"index, follow, max-snippet:-1, max-image-preview:large, max-video-preview:-1\" \/>\n<link rel=\"canonical\" href=\"https:\/\/thucphamtienloi.com\/?product=ga-ac\" \/>\n<meta property=\"og:locale\" content=\"vi_VN\" \/>\n<meta property=\"og:type\" content=\"article\" \/>\n<meta property=\"og:title\" content=\"G\u00e0 \u00c1c L\u00e0m S\u1ea1ch Ship T\u1eadn Nh\u00e0 - 65k\" \/>\n<meta property=\"og:description\" content=\"Th\u1ef1c Ph\u1ea9m Ti\u1ec7n L\u1ee3i cung c\u1ea5p g\u00e0 \u00e1c l\u00e0m s\u1ea1ch . Qu\u00fd kh\u00e1ch ch\u1ec9 c\u1ea7n r\u1eeda l\u1ea1i v\u1edbi n\u01b0\u1edbc l\u00e0 c\u00f3 th\u1ec3 ch\u1ebf bi\u1ebfn ngay. R\u1ea5t ti\u1ec7n l\u1ee3i v\u00e0 ti\u1ebft ki\u1ec7m\" \/>\n<meta property=\"og:url\" content=\"https:\/\/thucphamtienloi.com\/?product=ga-ac\" \/>\n<meta property=\"og:site_name\" content=\"\u1ea8M TH\u1ef0C BA MI\u1ec0N\" \/>\n<meta property=\"article:modified_time\" content=\"2026-04-15T05:33:59+00:00\" \/>\n<meta property=\"og:image\" content=\"https:\/\/thucphamtienloi.com\/wp-content\/uploads\/2020\/09\/ga-ac-lam-sach-min.jpg\" \/>\n\t<meta property=\"og:image:width\" content=\"1280\" \/>\n\t<meta property=\"og:image:height\" content=\"1280\" \/>\n\t<meta property=\"og:image:type\" content=\"image\/jpeg\" \/>\n<meta name=\"twitter:card\" content=\"summary_large_image\" \/>\n<meta name=\"twitter:label1\" content=\"\u01af\u1edbc t\u00ednh th\u1eddi gian \u0111\u1ecdc\" \/>\n\t<meta name=\"twitter:data1\" content=\"4 ph\u00fat\" \/>\n<script type=\"application\/ld+json\" class=\"yoast-schema-graph\">{\"@context\":\"https:\\\/\\\/schema.org\",\"@graph\":[{\"@type\":[\"WebPage\",\"ItemPage\"],\"@id\":\"https:\\\/\\\/thucphamtienloi.com\\\/?product=ga-ac\",\"url\":\"https:\\\/\\\/thucphamtienloi.com\\\/?product=ga-ac\",\"name\":\"G\u00e0 \u00c1c L\u00e0m S\u1ea1ch Ship T\u1eadn Nh\u00e0 - 65k\",\"isPartOf\":{\"@id\":\"https:\\\/\\\/thucphamtienloi.com\\\/#website\"},\"primaryImageOfPage\":{\"@id\":\"https:\\\/\\\/thucphamtienloi.com\\\/?product=ga-ac#primaryimage\"},\"image\":{\"@id\":\"https:\\\/\\\/thucphamtienloi.com\\\/?product=ga-ac#primaryimage\"},\"thumbnailUrl\":\"https:\\\/\\\/thucphamtienloi.com\\\/wp-content\\\/uploads\\\/2020\\\/09\\\/ga-ac-lam-sach-min.jpg\",\"datePublished\":\"2020-09-07T08:40:08+00:00\",\"dateModified\":\"2026-04-15T05:33:59+00:00\",\"description\":\"Th\u1ef1c Ph\u1ea9m Ti\u1ec7n L\u1ee3i cung c\u1ea5p g\u00e0 \u00e1c l\u00e0m s\u1ea1ch . Qu\u00fd kh\u00e1ch ch\u1ec9 c\u1ea7n r\u1eeda l\u1ea1i v\u1edbi n\u01b0\u1edbc l\u00e0 c\u00f3 th\u1ec3 ch\u1ebf bi\u1ebfn ngay. R\u1ea5t ti\u1ec7n l\u1ee3i v\u00e0 ti\u1ebft ki\u1ec7m\",\"breadcrumb\":{\"@id\":\"https:\\\/\\\/thucphamtienloi.com\\\/?product=ga-ac#breadcrumb\"},\"inLanguage\":\"vi\",\"potentialAction\":[{\"@type\":\"ReadAction\",\"target\":[\"https:\\\/\\\/thucphamtienloi.com\\\/?product=ga-ac\"]}]},{\"@type\":\"ImageObject\",\"inLanguage\":\"vi\",\"@id\":\"https:\\\/\\\/thucphamtienloi.com\\\/?product=ga-ac#primaryimage\",\"url\":\"https:\\\/\\\/thucphamtienloi.com\\\/wp-content\\\/uploads\\\/2020\\\/09\\\/ga-ac-lam-sach-min.jpg\",\"contentUrl\":\"https:\\\/\\\/thucphamtienloi.com\\\/wp-content\\\/uploads\\\/2020\\\/09\\\/ga-ac-lam-sach-min.jpg\",\"width\":1280,\"height\":1280,\"caption\":\"G\u00e0 \u00e1c l\u00e0m s\u1ea1ch ship t\u1eadn nh\u00e0\"},{\"@type\":\"BreadcrumbList\",\"@id\":\"https:\\\/\\\/thucphamtienloi.com\\\/?product=ga-ac#breadcrumb\",\"itemListElement\":[{\"@type\":\"ListItem\",\"position\":1,\"name\":\"Trang ch\u1ee7\",\"item\":\"https:\\\/\\\/thucphamtienloi.com\\\/\"},{\"@type\":\"ListItem\",\"position\":2,\"name\":\"C\u1eeda H\u00e0ng\",\"item\":\"https:\\\/\\\/thucphamtienloi.com\\\/?page_id=3334\"},{\"@type\":\"ListItem\",\"position\":3,\"name\":\"Th\u1ef1c Ph\u1ea9m T\u01b0\u01a1i S\u1ed1ng\",\"item\":\"https:\\\/\\\/thucphamtienloi.com\\\/danh-muc-san-pham\\\/thuc-pham-tuoi-song\\\/\"},{\"@type\":\"ListItem\",\"position\":4,\"name\":\"G\u00e0 \u00c1c L\u00e0m S\u1ea1ch Ship T\u1eadn Nh\u00e0\"}]},{\"@type\":\"WebSite\",\"@id\":\"https:\\\/\\\/thucphamtienloi.com\\\/#website\",\"url\":\"https:\\\/\\\/thucphamtienloi.com\\\/\",\"name\":\"Th\u1ef1c ph\u1ea9m ti\u1ec7n l\u1ee3i\",\"description\":\"\u1ea8m Th\u1ef1c Qu\u00ea H\u01b0\u01a1ng\",\"publisher\":{\"@id\":\"https:\\\/\\\/thucphamtienloi.com\\\/#organization\"},\"potentialAction\":[{\"@type\":\"SearchAction\",\"target\":{\"@type\":\"EntryPoint\",\"urlTemplate\":\"https:\\\/\\\/thucphamtienloi.com\\\/?s={search_term_string}\"},\"query-input\":{\"@type\":\"PropertyValueSpecification\",\"valueRequired\":true,\"valueName\":\"search_term_string\"}}],\"inLanguage\":\"vi\"},{\"@type\":\"Organization\",\"@id\":\"https:\\\/\\\/thucphamtienloi.com\\\/#organization\",\"name\":\"Th\u1ef1c ph\u1ea9m ti\u1ec7n l\u1ee3i\",\"url\":\"https:\\\/\\\/thucphamtienloi.com\\\/\",\"logo\":{\"@type\":\"ImageObject\",\"inLanguage\":\"vi\",\"@id\":\"https:\\\/\\\/thucphamtienloi.com\\\/#\\\/schema\\\/logo\\\/image\\\/\",\"url\":\"https:\\\/\\\/thucphamtienloi.com\\\/wp-content\\\/uploads\\\/2022\\\/07\\\/THU\u031b\u0323C-PHA\u0302\u0309M-TIE\u0323\u0302N-LO\u031b\u0323I.png\",\"contentUrl\":\"https:\\\/\\\/thucphamtienloi.com\\\/wp-content\\\/uploads\\\/2022\\\/07\\\/THU\u031b\u0323C-PHA\u0302\u0309M-TIE\u0323\u0302N-LO\u031b\u0323I.png\",\"width\":1920,\"height\":1080,\"caption\":\"Th\u1ef1c ph\u1ea9m ti\u1ec7n l\u1ee3i\"},\"image\":{\"@id\":\"https:\\\/\\\/thucphamtienloi.com\\\/#\\\/schema\\\/logo\\\/image\\\/\"}}]}<\/script>\n<!-- \/ Yoast SEO plugin. -->","yoast_head_json":{"title":"G\u00e0 \u00c1c L\u00e0m S\u1ea1ch Ship T\u1eadn Nh\u00e0 - 65k","description":"Th\u1ef1c Ph\u1ea9m Ti\u1ec7n L\u1ee3i cung c\u1ea5p g\u00e0 \u00e1c l\u00e0m s\u1ea1ch . Qu\u00fd kh\u00e1ch ch\u1ec9 c\u1ea7n r\u1eeda l\u1ea1i v\u1edbi n\u01b0\u1edbc l\u00e0 c\u00f3 th\u1ec3 ch\u1ebf bi\u1ebfn ngay. R\u1ea5t ti\u1ec7n l\u1ee3i v\u00e0 ti\u1ebft ki\u1ec7m","robots":{"index":"index","follow":"follow","max-snippet":"max-snippet:-1","max-image-preview":"max-image-preview:large","max-video-preview":"max-video-preview:-1"},"canonical":"https:\/\/thucphamtienloi.com\/?product=ga-ac","og_locale":"vi_VN","og_type":"article","og_title":"G\u00e0 \u00c1c L\u00e0m S\u1ea1ch Ship T\u1eadn Nh\u00e0 - 65k","og_description":"Th\u1ef1c Ph\u1ea9m Ti\u1ec7n L\u1ee3i cung c\u1ea5p g\u00e0 \u00e1c l\u00e0m s\u1ea1ch . Qu\u00fd kh\u00e1ch ch\u1ec9 c\u1ea7n r\u1eeda l\u1ea1i v\u1edbi n\u01b0\u1edbc l\u00e0 c\u00f3 th\u1ec3 ch\u1ebf bi\u1ebfn ngay. R\u1ea5t ti\u1ec7n l\u1ee3i v\u00e0 ti\u1ebft ki\u1ec7m","og_url":"https:\/\/thucphamtienloi.com\/?product=ga-ac","og_site_name":"\u1ea8M TH\u1ef0C BA MI\u1ec0N","article_modified_time":"2026-04-15T05:33:59+00:00","og_image":[{"width":1280,"height":1280,"url":"https:\/\/thucphamtienloi.com\/wp-content\/uploads\/2020\/09\/ga-ac-lam-sach-min.jpg","type":"image\/jpeg"}],"twitter_card":"summary_large_image","twitter_misc":{"\u01af\u1edbc t\u00ednh th\u1eddi gian \u0111\u1ecdc":"4 ph\u00fat"},"schema":{"@context":"https:\/\/schema.org","@graph":[{"@type":["WebPage","ItemPage"],"@id":"https:\/\/thucphamtienloi.com\/?product=ga-ac","url":"https:\/\/thucphamtienloi.com\/?product=ga-ac","name":"G\u00e0 \u00c1c L\u00e0m S\u1ea1ch Ship T\u1eadn Nh\u00e0 - 65k","isPartOf":{"@id":"https:\/\/thucphamtienloi.com\/#website"},"primaryImageOfPage":{"@id":"https:\/\/thucphamtienloi.com\/?product=ga-ac#primaryimage"},"image":{"@id":"https:\/\/thucphamtienloi.com\/?product=ga-ac#primaryimage"},"thumbnailUrl":"https:\/\/thucphamtienloi.com\/wp-content\/uploads\/2020\/09\/ga-ac-lam-sach-min.jpg","datePublished":"2020-09-07T08:40:08+00:00","dateModified":"2026-04-15T05:33:59+00:00","description":"Th\u1ef1c Ph\u1ea9m Ti\u1ec7n L\u1ee3i cung c\u1ea5p g\u00e0 \u00e1c l\u00e0m s\u1ea1ch . Qu\u00fd kh\u00e1ch ch\u1ec9 c\u1ea7n r\u1eeda l\u1ea1i v\u1edbi n\u01b0\u1edbc l\u00e0 c\u00f3 th\u1ec3 ch\u1ebf bi\u1ebfn ngay. R\u1ea5t ti\u1ec7n l\u1ee3i v\u00e0 ti\u1ebft ki\u1ec7m","breadcrumb":{"@id":"https:\/\/thucphamtienloi.com\/?product=ga-ac#breadcrumb"},"inLanguage":"vi","potentialAction":[{"@type":"ReadAction","target":["https:\/\/thucphamtienloi.com\/?product=ga-ac"]}]},{"@type":"ImageObject","inLanguage":"vi","@id":"https:\/\/thucphamtienloi.com\/?product=ga-ac#primaryimage","url":"https:\/\/thucphamtienloi.com\/wp-content\/uploads\/2020\/09\/ga-ac-lam-sach-min.jpg","contentUrl":"https:\/\/thucphamtienloi.com\/wp-content\/uploads\/2020\/09\/ga-ac-lam-sach-min.jpg","width":1280,"height":1280,"caption":"G\u00e0 \u00e1c l\u00e0m s\u1ea1ch ship t\u1eadn nh\u00e0"},{"@type":"BreadcrumbList","@id":"https:\/\/thucphamtienloi.com\/?product=ga-ac#breadcrumb","itemListElement":[{"@type":"ListItem","position":1,"name":"Trang ch\u1ee7","item":"https:\/\/thucphamtienloi.com\/"},{"@type":"ListItem","position":2,"name":"C\u1eeda H\u00e0ng","item":"https:\/\/thucphamtienloi.com\/?page_id=3334"},{"@type":"ListItem","position":3,"name":"Th\u1ef1c Ph\u1ea9m T\u01b0\u01a1i S\u1ed1ng","item":"https:\/\/thucphamtienloi.com\/danh-muc-san-pham\/thuc-pham-tuoi-song\/"},{"@type":"ListItem","position":4,"name":"G\u00e0 \u00c1c L\u00e0m S\u1ea1ch Ship T\u1eadn Nh\u00e0"}]},{"@type":"WebSite","@id":"https:\/\/thucphamtienloi.com\/#website","url":"https:\/\/thucphamtienloi.com\/","name":"Th\u1ef1c ph\u1ea9m ti\u1ec7n l\u1ee3i","description":"\u1ea8m Th\u1ef1c Qu\u00ea H\u01b0\u01a1ng","publisher":{"@id":"https:\/\/thucphamtienloi.com\/#organization"},"potentialAction":[{"@type":"SearchAction","target":{"@type":"EntryPoint","urlTemplate":"https:\/\/thucphamtienloi.com\/?s={search_term_string}"},"query-input":{"@type":"PropertyValueSpecification","valueRequired":true,"valueName":"search_term_string"}}],"inLanguage":"vi"},{"@type":"Organization","@id":"https:\/\/thucphamtienloi.com\/#organization","name":"Th\u1ef1c ph\u1ea9m ti\u1ec7n l\u1ee3i","url":"https:\/\/thucphamtienloi.com\/","logo":{"@type":"ImageObject","inLanguage":"vi","@id":"https:\/\/thucphamtienloi.com\/#\/schema\/logo\/image\/","url":"https:\/\/thucphamtienloi.com\/wp-content\/uploads\/2022\/07\/THU\u031b\u0323C-PHA\u0302\u0309M-TIE\u0323\u0302N-LO\u031b\u0323I.png","contentUrl":"https:\/\/thucphamtienloi.com\/wp-content\/uploads\/2022\/07\/THU\u031b\u0323C-PHA\u0302\u0309M-TIE\u0323\u0302N-LO\u031b\u0323I.png","width":1920,"height":1080,"caption":"Th\u1ef1c ph\u1ea9m ti\u1ec7n l\u1ee3i"},"image":{"@id":"https:\/\/thucphamtienloi.com\/#\/schema\/logo\/image\/"}}]}},"_links":{"self":[{"href":"https:\/\/thucphamtienloi.com\/index.php?rest_route=\/wp\/v2\/product\/764","targetHints":{"allow":["GET"]}}],"collection":[{"href":"https:\/\/thucphamtienloi.com\/index.php?rest_route=\/wp\/v2\/product"}],"about":[{"href":"https:\/\/thucphamtienloi.com\/index.php?rest_route=\/wp\/v2\/types\/product"}],"replies":[{"embeddable":true,"href":"https:\/\/thucphamtienloi.com\/index.php?rest_route=%2Fwp%2Fv2%2Fcomments&post=764"}],"wp:featuredmedia":[{"embeddable":true,"href":"https:\/\/thucphamtienloi.com\/index.php?rest_route=\/wp\/v2\/media\/767"}],"wp:attachment":[{"href":"https:\/\/thucphamtienloi.com\/index.php?rest_route=%2Fwp%2Fv2%2Fmedia&parent=764"}],"wp:term":[{"taxonomy":"product_brand","embeddable":true,"href":"https:\/\/thucphamtienloi.com\/index.php?rest_route=%2Fwp%2Fv2%2Fproduct_brand&post=764"},{"taxonomy":"product_cat","embeddable":true,"href":"https:\/\/thucphamtienloi.com\/index.php?rest_route=%2Fwp%2Fv2%2Fproduct_cat&post=764"},{"taxonomy":"product_tag","embeddable":true,"href":"https:\/\/thucphamtienloi.com\/index.php?rest_route=%2Fwp%2Fv2%2Fproduct_tag&post=764"}],"curies":[{"name":"wp","href":"https:\/\/api.w.org\/{rel}","templated":true}]}}